{"version":"1.0","provider_name":"MinutoSantaFe.ar","provider_url":"https:\/\/minutosantafe.ar","author_name":"Editor","author_url":"https:\/\/minutosantafe.ar\/author\/editor\/","title":"Nuevo arresto civil en el centro de Rosario: el delincuente fue detenido - MinutoSantaFe.ar","type":"rich","width":600,"height":338,"html":"<blockquote class=\"wp-embedded-content\" data-secret=\"0E0oiCzcjy\"><a href=\"https:\/\/minutosantafe.ar\/__trashed-3\/\">Nuevo arresto civil en el centro de Rosario: el delincuente fue detenido<\/a><\/blockquote><iframe sandbox=\"allow-scripts\" security=\"restricted\" src=\"https:\/\/minutosantafe.ar\/__trashed-3\/embed\/#?secret=0E0oiCzcjy\" width=\"600\" height=\"338\" title=\"\u00abNuevo arresto civil en el centro de Rosario: el delincuente fue detenido\u00bb \u2014 MinutoSantaFe.ar\" data-secret=\"0E0oiCzcjy\" frameborder=\"0\" marginwidth=\"0\" marginheight=\"0\" scrolling=\"no\" class=\"wp-embedded-content\"><\/iframe><script type=\"text\/javascript\">\n\/* <![CDATA[ *\/\n\/*! This file is auto-generated *\/\n!function(d,l){\"use strict\";l.querySelector&&d.addEventListener&&\"undefined\"!=typeof URL&&(d.wp=d.wp||{},d.wp.receiveEmbedMessage||(d.wp.receiveEmbedMessage=function(e){var t=e.data;if((t||t.secret||t.message||t.value)&&!\/[^a-zA-Z0-9]\/.test(t.secret)){for(var s,r,n,a=l.querySelectorAll('iframe[data-secret=\"'+t.secret+'\"]'),o=l.querySelectorAll('blockquote[data-secret=\"'+t.secret+'\"]'),c=new RegExp(\"^https?:$\",\"i\"),i=0;i<o.length;i++)o[i].style.display=\"none\";for(i=0;i<a.length;i++)s=a[i],e.source===s.contentWindow&&(s.removeAttribute(\"style\"),\"height\"===t.message?(1e3<(r=parseInt(t.value,10))?r=1e3:~~r<200&&(r=200),s.height=r):\"link\"===t.message&&(r=new URL(s.getAttribute(\"src\")),n=new URL(t.value),c.test(n.protocol))&&n.host===r.host&&l.activeElement===s&&(d.top.location.href=t.value))}},d.addEventListener(\"message\",d.wp.receiveEmbedMessage,!1),l.addEventListener(\"DOMContentLoaded\",function(){for(var e,t,s=l.querySelectorAll(\"iframe.wp-embedded-content\"),r=0;r<s.length;r++)(t=(e=s[r]).getAttribute(\"data-secret\"))||(t=Math.random().toString(36).substring(2,12),e.src+=\"#?secret=\"+t,e.setAttribute(\"data-secret\",t)),e.contentWindow.postMessage({message:\"ready\",secret:t},\"*\")},!1)))}(window,document);\n\/\/# sourceURL=https:\/\/minutosantafe.ar\/%77%70%2d%69%6e%63%6c%75%64%65%73\/js\/wp-embed.min.js\n\/* ]]> *\/\n<\/script>\n","thumbnail_url":"https:\/\/i0.wp.com\/minutosantafe.ar\/wp-content\/uploads\/2022\/01\/maxi.jpg_1756841869.jpg?fit=800%2C450&ssl=1","thumbnail_width":800,"thumbnail_height":450,"description":"Un joven intent\u00f3 robar una bicicleta, pero fue interceptado por un vendedor ambulante que reaccion\u00f3 a los gritos de la due\u00f1a del rodado. Seg\u00fan testigos, dos d\u00edas antes se registr\u00f3 otro robo en la misma zona Play Video Un nuevo episodio de\u00a0arresto civil\u00a0se registr\u00f3 este jueves en el centro de..."}

Un joven intentó robar una bicicleta, pero fue interceptado por un vendedor ambulante que reaccionó a los gritos de la dueña del rodado. Según testigos, dos días antes se registró otro robo en la misma zona Play Video Un nuevo episodio de arresto civil se registró este jueves en el centro de...
