{"version":"1.0","provider_name":"MinutoSantaFe.ar","provider_url":"https:\/\/minutosantafe.ar","author_name":"Editor","author_url":"https:\/\/minutosantafe.ar\/author\/editor\/","title":"A LA PLAZA - MinutoSantaFe.ar","type":"rich","width":600,"height":338,"html":"<blockquote class=\"wp-embedded-content\" data-secret=\"1t9kwYUrqk\"><a href=\"https:\/\/minutosantafe.ar\/a-la-plaza\/\">A LA PLAZA<\/a><\/blockquote><iframe sandbox=\"allow-scripts\" security=\"restricted\" src=\"https:\/\/minutosantafe.ar\/a-la-plaza\/embed\/#?secret=1t9kwYUrqk\" width=\"600\" height=\"338\" title=\"\u00abA LA PLAZA\u00bb \u2014 MinutoSantaFe.ar\" data-secret=\"1t9kwYUrqk\" frameborder=\"0\" marginwidth=\"0\" marginheight=\"0\" scrolling=\"no\" class=\"wp-embedded-content\"><\/iframe><script>\n\/*! This file is auto-generated *\/\n!function(d,l){\"use strict\";l.querySelector&&d.addEventListener&&\"undefined\"!=typeof URL&&(d.wp=d.wp||{},d.wp.receiveEmbedMessage||(d.wp.receiveEmbedMessage=function(e){var t=e.data;if((t||t.secret||t.message||t.value)&&!\/[^a-zA-Z0-9]\/.test(t.secret)){for(var s,r,n,a=l.querySelectorAll('iframe[data-secret=\"'+t.secret+'\"]'),o=l.querySelectorAll('blockquote[data-secret=\"'+t.secret+'\"]'),c=new RegExp(\"^https?:$\",\"i\"),i=0;i<o.length;i++)o[i].style.display=\"none\";for(i=0;i<a.length;i++)s=a[i],e.source===s.contentWindow&&(s.removeAttribute(\"style\"),\"height\"===t.message?(1e3<(r=parseInt(t.value,10))?r=1e3:~~r<200&&(r=200),s.height=r):\"link\"===t.message&&(r=new URL(s.getAttribute(\"src\")),n=new URL(t.value),c.test(n.protocol))&&n.host===r.host&&l.activeElement===s&&(d.top.location.href=t.value))}},d.addEventListener(\"message\",d.wp.receiveEmbedMessage,!1),l.addEventListener(\"DOMContentLoaded\",function(){for(var e,t,s=l.querySelectorAll(\"iframe.wp-embedded-content\"),r=0;r<s.length;r++)(t=(e=s[r]).getAttribute(\"data-secret\"))||(t=Math.random().toString(36).substring(2,12),e.src+=\"#?secret=\"+t,e.setAttribute(\"data-secret\",t)),e.contentWindow.postMessage({message:\"ready\",secret:t},\"*\")},!1)))}(window,document);\n\/\/# sourceURL=https:\/\/minutosantafe.ar\/%77%70%2d%69%6e%63%6c%75%64%65%73\/js\/wp-embed.min.js\n<\/script>\n","thumbnail_url":"https:\/\/minutosantafe.ar\/wp-content\/uploads\/2024\/04\/360-1-2.webp","thumbnail_width":540,"thumbnail_height":360,"description":"Marcha Federal Universitaria: c\u00f3mo ser\u00e1 la movida en Rosario En el marco de la Marcha Federal Universitaria\u00a0\u201cen defensa de la educaci\u00f3n p\u00fablica\u201d\u00a0que tendr\u00e1 su epicentro este martes por la tarde en la Ciudad de Buenos Aires &#8211; y se prev\u00e9 que sea masiva-, en Rosario se realizar\u00e1 una jornada de..."}

Marcha Federal Universitaria: cómo será la movida en Rosario En el marco de la Marcha Federal Universitaria “en defensa de la educación pública” que tendrá su epicentro este martes por la tarde en la Ciudad de Buenos Aires &#8211; y se prevé que sea masiva-, en Rosario se realizará una jornada de...
