{"version":"1.0","provider_name":"MinutoSantaFe.ar","provider_url":"https:\/\/minutosantafe.ar","author_name":"Editor","author_url":"https:\/\/minutosantafe.ar\/author\/editor\/","title":"Adorni prepara su show en Diputados - MinutoSantaFe.ar","type":"rich","width":600,"height":338,"html":"<blockquote class=\"wp-embedded-content\" data-secret=\"VzRV3qI0st\"><a href=\"https:\/\/minutosantafe.ar\/adorni-prepara-su-show-en-diputados\/\">Adorni prepara su show en Diputados<\/a><\/blockquote><iframe sandbox=\"allow-scripts\" security=\"restricted\" src=\"https:\/\/minutosantafe.ar\/adorni-prepara-su-show-en-diputados\/embed\/#?secret=VzRV3qI0st\" width=\"600\" height=\"338\" title=\"\u00abAdorni prepara su show en Diputados\u00bb \u2014 MinutoSantaFe.ar\" data-secret=\"VzRV3qI0st\" frameborder=\"0\" marginwidth=\"0\" marginheight=\"0\" scrolling=\"no\" class=\"wp-embedded-content\"><\/iframe><script type=\"text\/javascript\">\n\/* <![CDATA[ *\/\n\/*! This file is auto-generated *\/\n!function(d,l){\"use strict\";l.querySelector&&d.addEventListener&&\"undefined\"!=typeof URL&&(d.wp=d.wp||{},d.wp.receiveEmbedMessage||(d.wp.receiveEmbedMessage=function(e){var t=e.data;if((t||t.secret||t.message||t.value)&&!\/[^a-zA-Z0-9]\/.test(t.secret)){for(var s,r,n,a=l.querySelectorAll('iframe[data-secret=\"'+t.secret+'\"]'),o=l.querySelectorAll('blockquote[data-secret=\"'+t.secret+'\"]'),c=new RegExp(\"^https?:$\",\"i\"),i=0;i<o.length;i++)o[i].style.display=\"none\";for(i=0;i<a.length;i++)s=a[i],e.source===s.contentWindow&&(s.removeAttribute(\"style\"),\"height\"===t.message?(1e3<(r=parseInt(t.value,10))?r=1e3:~~r<200&&(r=200),s.height=r):\"link\"===t.message&&(r=new URL(s.getAttribute(\"src\")),n=new URL(t.value),c.test(n.protocol))&&n.host===r.host&&l.activeElement===s&&(d.top.location.href=t.value))}},d.addEventListener(\"message\",d.wp.receiveEmbedMessage,!1),l.addEventListener(\"DOMContentLoaded\",function(){for(var e,t,s=l.querySelectorAll(\"iframe.wp-embedded-content\"),r=0;r<s.length;r++)(t=(e=s[r]).getAttribute(\"data-secret\"))||(t=Math.random().toString(36).substring(2,12),e.src+=\"#?secret=\"+t,e.setAttribute(\"data-secret\",t)),e.contentWindow.postMessage({message:\"ready\",secret:t},\"*\")},!1)))}(window,document);\n\/\/# sourceURL=https:\/\/minutosantafe.ar\/%77%70%2d%69%6e%63%6c%75%64%65%73\/js\/wp-embed.min.js\n\/* ]]> *\/\n<\/script>\n","thumbnail_url":"https:\/\/minutosantafe.ar\/wp-content\/uploads\/2026\/04\/El-mayor-farsante-adorni.jpg","thumbnail_width":472,"thumbnail_height":313,"description":"\u00bfQu\u00e9 hay detr\u00e1s de la comedia de este mi\u00e9rcoles? El Gobierno avis\u00f3 que el informe de gesti\u00f3n ser\u00e1 para \u201calquilar balcones\u201d. Hay garant\u00eda de esc\u00e1ndalo, aunque el recurso de revolear carpetazos y chicanas ya se prob\u00f3 in\u00fatil. El plan B del c\u00edrculo rojo y el fiasco de Gebel. Por\u00a0Eduardo Aliverti..."}

¿Qué hay detrás de la comedia de este miércoles? El Gobierno avisó que el informe de gestión será para “alquilar balcones”. Hay garantía de escándalo, aunque el recurso de revolear carpetazos y chicanas ya se probó inútil. El plan B del círculo rojo y el fiasco de Gebel. Por Eduardo Aliverti...
