{"version":"1.0","provider_name":"MinutoSantaFe.ar","provider_url":"https:\/\/minutosantafe.ar","author_name":"Editor","author_url":"https:\/\/minutosantafe.ar\/author\/editor\/","title":"Agosto ser\u00e1 el mes de las segundas dosis - MinutoSantaFe.ar","type":"rich","width":600,"height":338,"html":"<blockquote class=\"wp-embedded-content\" data-secret=\"EVfgA9mVWU\"><a href=\"https:\/\/minutosantafe.ar\/agosto-sera-el-mes-de-las-segundas-dosis\/\">Agosto ser\u00e1 el mes de las segundas dosis<\/a><\/blockquote><iframe sandbox=\"allow-scripts\" security=\"restricted\" src=\"https:\/\/minutosantafe.ar\/agosto-sera-el-mes-de-las-segundas-dosis\/embed\/#?secret=EVfgA9mVWU\" width=\"600\" height=\"338\" title=\"\u00abAgosto ser\u00e1 el mes de las segundas dosis\u00bb \u2014 MinutoSantaFe.ar\" data-secret=\"EVfgA9mVWU\" frameborder=\"0\" marginwidth=\"0\" marginheight=\"0\" scrolling=\"no\" class=\"wp-embedded-content\"><\/iframe><script>\n\/*! This file is auto-generated *\/\n!function(d,l){\"use strict\";l.querySelector&&d.addEventListener&&\"undefined\"!=typeof URL&&(d.wp=d.wp||{},d.wp.receiveEmbedMessage||(d.wp.receiveEmbedMessage=function(e){var t=e.data;if((t||t.secret||t.message||t.value)&&!\/[^a-zA-Z0-9]\/.test(t.secret)){for(var s,r,n,a=l.querySelectorAll('iframe[data-secret=\"'+t.secret+'\"]'),o=l.querySelectorAll('blockquote[data-secret=\"'+t.secret+'\"]'),c=new RegExp(\"^https?:$\",\"i\"),i=0;i<o.length;i++)o[i].style.display=\"none\";for(i=0;i<a.length;i++)s=a[i],e.source===s.contentWindow&&(s.removeAttribute(\"style\"),\"height\"===t.message?(1e3<(r=parseInt(t.value,10))?r=1e3:~~r<200&&(r=200),s.height=r):\"link\"===t.message&&(r=new URL(s.getAttribute(\"src\")),n=new URL(t.value),c.test(n.protocol))&&n.host===r.host&&l.activeElement===s&&(d.top.location.href=t.value))}},d.addEventListener(\"message\",d.wp.receiveEmbedMessage,!1),l.addEventListener(\"DOMContentLoaded\",function(){for(var e,t,s=l.querySelectorAll(\"iframe.wp-embedded-content\"),r=0;r<s.length;r++)(t=(e=s[r]).getAttribute(\"data-secret\"))||(t=Math.random().toString(36).substring(2,12),e.src+=\"#?secret=\"+t,e.setAttribute(\"data-secret\",t)),e.contentWindow.postMessage({message:\"ready\",secret:t},\"*\")},!1)))}(window,document);\n\/\/# sourceURL=https:\/\/minutosantafe.ar\/%77%70%2d%69%6e%63%6c%75%64%65%73\/js\/wp-embed.min.js\n<\/script>\n","thumbnail_url":"https:\/\/i0.wp.com\/minutosantafe.ar\/wp-content\/uploads\/2021\/07\/SM-vacuna-1972021.jpg?fit=696%2C463&ssl=1","thumbnail_width":696,"thumbnail_height":463,"description":"La ministra de Salud adelant\u00f3 que se fij\u00f3 el objetivo de alcanzar al 60 por ciento de la poblaci\u00f3n mayor de 50 a\u00f1os vacunada con las dos dosis en el transcurso del pr\u00f3ximo mes. La ministra de Salud, Carla Vizzotti, anunci\u00f3 que agosto \u00abser\u00e1 el mes de las segundas dosis\u00bb..."}

Agosto será el mes de las segundas dosis - MinutoSantaFe.ar

<blockquote class="wp-embedded-content" data-secret="EVfgA9mVWU"><a href="https://minutosantafe.ar/agosto-sera-el-mes-de-las-segundas-dosis/">Agosto será el mes de las segundas dosis</a></blockquote><iframe sandbox="allow-scripts" security="restricted" src="https://minutosantafe.ar/agosto-sera-el-mes-de-las-segundas-dosis/embed/#?secret=EVfgA9mVWU" width="600" height="338" title="«Agosto será el mes de las segundas dosis» — MinutoSantaFe.ar" data-secret="EVfgA9mVWU" frameborder="0" marginwidth="0" marginheight="0" scrolling="no" class="wp-embedded-content"></iframe><script>
/*! This file is auto-generated */
!function(d,l){"use strict";l.querySelector&&d.addEventListener&&"undefined"!=typeof URL&&(d.wp=d.wp||{},d.wp.receiveEmbedMessage||(d.wp.receiveEmbedMessage=function(e){var t=e.data;if((t||t.secret||t.message||t.value)&&!/[^a-zA-Z0-9]/.test(t.secret)){for(var s,r,n,a=l.querySelectorAll('iframe[data-secret="'+t.secret+'"]'),o=l.querySelectorAll('blockquote[data-secret="'+t.secret+'"]'),c=new RegExp("^https?:$","i"),i=0;i<o.length;i++)o[i].style.display="none";for(i=0;i<a.length;i++)s=a[i],e.source===s.contentWindow&&(s.removeAttribute("style"),"height"===t.message?(1e3<(r=parseInt(t.value,10))?r=1e3:~~r<200&&(r=200),s.height=r):"link"===t.message&&(r=new URL(s.getAttribute("src")),n=new URL(t.value),c.test(n.protocol))&&n.host===r.host&&l.activeElement===s&&(d.top.location.href=t.value))}},d.addEventListener("message",d.wp.receiveEmbedMessage,!1),l.addEventListener("DOMContentLoaded",function(){for(var e,t,s=l.querySelectorAll("iframe.wp-embedded-content"),r=0;r<s.length;r++)(t=(e=s[r]).getAttribute("data-secret"))||(t=Math.random().toString(36).substring(2,12),e.src+="#?secret="+t,e.setAttribute("data-secret",t)),e.contentWindow.postMessage({message:"ready",secret:t},"*")},!1)))}(window,document);
//# sourceURL=https://minutosantafe.ar/%77%70%2d%69%6e%63%6c%75%64%65%73/js/wp-embed.min.js
</script>

La ministra de Salud adelantó que se fijó el objetivo de alcanzar al 60 por ciento de la población mayor de 50 años vacunada con las dos dosis en el transcurso del próximo mes. La ministra de Salud, Carla Vizzotti, anunció que agosto «será el mes de las segundas dosis»...
