{"version":"1.0","provider_name":"MinutoSantaFe.ar","provider_url":"https:\/\/minutosantafe.ar","author_name":"Editor","author_url":"https:\/\/minutosantafe.ar\/author\/editor\/","title":"As\u00eds cont\u00f3 como Macri fulmin\u00f3 la \u201ctransparencia\u201d de Vidal - MinutoSantaFe.ar","type":"rich","width":600,"height":338,"html":"<blockquote class=\"wp-embedded-content\" data-secret=\"bOl25tjSlW\"><a href=\"https:\/\/minutosantafe.ar\/ais-conto-como-macri-fulmino-la-transparencia-de-vidal\/\">As\u00eds cont\u00f3 como Macri fulmin\u00f3 la \u201ctransparencia\u201d de Vidal<\/a><\/blockquote><iframe sandbox=\"allow-scripts\" security=\"restricted\" src=\"https:\/\/minutosantafe.ar\/ais-conto-como-macri-fulmino-la-transparencia-de-vidal\/embed\/#?secret=bOl25tjSlW\" width=\"600\" height=\"338\" title=\"\u00abAs\u00eds cont\u00f3 como Macri fulmin\u00f3 la \u201ctransparencia\u201d de Vidal\u00bb \u2014 MinutoSantaFe.ar\" data-secret=\"bOl25tjSlW\" frameborder=\"0\" marginwidth=\"0\" marginheight=\"0\" scrolling=\"no\" class=\"wp-embedded-content\"><\/iframe><script>\n\/*! This file is auto-generated *\/\n!function(d,l){\"use strict\";l.querySelector&&d.addEventListener&&\"undefined\"!=typeof URL&&(d.wp=d.wp||{},d.wp.receiveEmbedMessage||(d.wp.receiveEmbedMessage=function(e){var t=e.data;if((t||t.secret||t.message||t.value)&&!\/[^a-zA-Z0-9]\/.test(t.secret)){for(var s,r,n,a=l.querySelectorAll('iframe[data-secret=\"'+t.secret+'\"]'),o=l.querySelectorAll('blockquote[data-secret=\"'+t.secret+'\"]'),c=new RegExp(\"^https?:$\",\"i\"),i=0;i<o.length;i++)o[i].style.display=\"none\";for(i=0;i<a.length;i++)s=a[i],e.source===s.contentWindow&&(s.removeAttribute(\"style\"),\"height\"===t.message?(1e3<(r=parseInt(t.value,10))?r=1e3:~~r<200&&(r=200),s.height=r):\"link\"===t.message&&(r=new URL(s.getAttribute(\"src\")),n=new URL(t.value),c.test(n.protocol))&&n.host===r.host&&l.activeElement===s&&(d.top.location.href=t.value))}},d.addEventListener(\"message\",d.wp.receiveEmbedMessage,!1),l.addEventListener(\"DOMContentLoaded\",function(){for(var e,t,s=l.querySelectorAll(\"iframe.wp-embedded-content\"),r=0;r<s.length;r++)(t=(e=s[r]).getAttribute(\"data-secret\"))||(t=Math.random().toString(36).substring(2,12),e.src+=\"#?secret=\"+t,e.setAttribute(\"data-secret\",t)),e.contentWindow.postMessage({message:\"ready\",secret:t},\"*\")},!1)))}(window,document);\n\/\/# sourceURL=https:\/\/minutosantafe.ar\/%77%70%2d%69%6e%63%6c%75%64%65%73\/js\/wp-embed.min.js\n<\/script>\n","thumbnail_url":"https:\/\/minutosantafe.ar\/%77%70%2d%63%6f%6e%74%65%6e%74\/uploads\/2020\/08\/minutologuin.png","thumbnail_width":514,"thumbnail_height":429,"description":"El periodista Jorge As\u00eds\u00a0\u00a0se suma a la versi\u00f3n, cada d\u00eda m\u00e1s fuerte, que el presidente Mauricio Macri y su jefe de Gabinete Marcos Pe\u00f1a filtraron el esc\u00e1ndalo de los aportes truchos para que alg\u00fan medio investigara. Esta versi\u00f3n no quita en nada el m\u00e9rito de la investigaci\u00f3n de Juan Amor\u00edn..."}

Asís contó como Macri fulminó la “transparencia” de Vidal - MinutoSantaFe.ar

<blockquote class="wp-embedded-content" data-secret="bOl25tjSlW"><a href="https://minutosantafe.ar/ais-conto-como-macri-fulmino-la-transparencia-de-vidal/">Asís contó como Macri fulminó la “transparencia” de Vidal</a></blockquote><iframe sandbox="allow-scripts" security="restricted" src="https://minutosantafe.ar/ais-conto-como-macri-fulmino-la-transparencia-de-vidal/embed/#?secret=bOl25tjSlW" width="600" height="338" title="«Asís contó como Macri fulminó la “transparencia” de Vidal» — MinutoSantaFe.ar" data-secret="bOl25tjSlW" frameborder="0" marginwidth="0" marginheight="0" scrolling="no" class="wp-embedded-content"></iframe><script>
/*! This file is auto-generated */
!function(d,l){"use strict";l.querySelector&&d.addEventListener&&"undefined"!=typeof URL&&(d.wp=d.wp||{},d.wp.receiveEmbedMessage||(d.wp.receiveEmbedMessage=function(e){var t=e.data;if((t||t.secret||t.message||t.value)&&!/[^a-zA-Z0-9]/.test(t.secret)){for(var s,r,n,a=l.querySelectorAll('iframe[data-secret="'+t.secret+'"]'),o=l.querySelectorAll('blockquote[data-secret="'+t.secret+'"]'),c=new RegExp("^https?:$","i"),i=0;i<o.length;i++)o[i].style.display="none";for(i=0;i<a.length;i++)s=a[i],e.source===s.contentWindow&&(s.removeAttribute("style"),"height"===t.message?(1e3<(r=parseInt(t.value,10))?r=1e3:~~r<200&&(r=200),s.height=r):"link"===t.message&&(r=new URL(s.getAttribute("src")),n=new URL(t.value),c.test(n.protocol))&&n.host===r.host&&l.activeElement===s&&(d.top.location.href=t.value))}},d.addEventListener("message",d.wp.receiveEmbedMessage,!1),l.addEventListener("DOMContentLoaded",function(){for(var e,t,s=l.querySelectorAll("iframe.wp-embedded-content"),r=0;r<s.length;r++)(t=(e=s[r]).getAttribute("data-secret"))||(t=Math.random().toString(36).substring(2,12),e.src+="#?secret="+t,e.setAttribute("data-secret",t)),e.contentWindow.postMessage({message:"ready",secret:t},"*")},!1)))}(window,document);
//# sourceURL=https://minutosantafe.ar/%77%70%2d%69%6e%63%6c%75%64%65%73/js/wp-embed.min.js
</script>

El periodista Jorge Asís  se suma a la versión, cada día más fuerte, que el presidente Mauricio Macri y su jefe de Gabinete Marcos Peña filtraron el escándalo de los aportes truchos para que algún medio investigara. Esta versión no quita en nada el mérito de la investigación de Juan Amorín...
