{"version":"1.0","provider_name":"MinutoSantaFe.ar","provider_url":"https:\/\/minutosantafe.ar","author_name":"Editor","author_url":"https:\/\/minutosantafe.ar\/author\/editor\/","title":"Algo huele a podrido en Santa Fe - MinutoSantaFe.ar","type":"rich","width":600,"height":338,"html":"<blockquote class=\"wp-embedded-content\" data-secret=\"cxGoB4fU8f\"><a href=\"https:\/\/minutosantafe.ar\/algo-huele-a-podrido-en-santa-fe\/\">Algo huele a podrido en Santa Fe<\/a><\/blockquote><iframe sandbox=\"allow-scripts\" security=\"restricted\" src=\"https:\/\/minutosantafe.ar\/algo-huele-a-podrido-en-santa-fe\/embed\/#?secret=cxGoB4fU8f\" width=\"600\" height=\"338\" title=\"\u00abAlgo huele a podrido en Santa Fe\u00bb \u2014 MinutoSantaFe.ar\" data-secret=\"cxGoB4fU8f\" frameborder=\"0\" marginwidth=\"0\" marginheight=\"0\" scrolling=\"no\" class=\"wp-embedded-content\"><\/iframe><script type=\"text\/javascript\">\n\/* <![CDATA[ *\/\n\/*! This file is auto-generated *\/\n!function(d,l){\"use strict\";l.querySelector&&d.addEventListener&&\"undefined\"!=typeof URL&&(d.wp=d.wp||{},d.wp.receiveEmbedMessage||(d.wp.receiveEmbedMessage=function(e){var t=e.data;if((t||t.secret||t.message||t.value)&&!\/[^a-zA-Z0-9]\/.test(t.secret)){for(var s,r,n,a=l.querySelectorAll('iframe[data-secret=\"'+t.secret+'\"]'),o=l.querySelectorAll('blockquote[data-secret=\"'+t.secret+'\"]'),c=new RegExp(\"^https?:$\",\"i\"),i=0;i<o.length;i++)o[i].style.display=\"none\";for(i=0;i<a.length;i++)s=a[i],e.source===s.contentWindow&&(s.removeAttribute(\"style\"),\"height\"===t.message?(1e3<(r=parseInt(t.value,10))?r=1e3:~~r<200&&(r=200),s.height=r):\"link\"===t.message&&(r=new URL(s.getAttribute(\"src\")),n=new URL(t.value),c.test(n.protocol))&&n.host===r.host&&l.activeElement===s&&(d.top.location.href=t.value))}},d.addEventListener(\"message\",d.wp.receiveEmbedMessage,!1),l.addEventListener(\"DOMContentLoaded\",function(){for(var e,t,s=l.querySelectorAll(\"iframe.wp-embedded-content\"),r=0;r<s.length;r++)(t=(e=s[r]).getAttribute(\"data-secret\"))||(t=Math.random().toString(36).substring(2,12),e.src+=\"#?secret=\"+t,e.setAttribute(\"data-secret\",t)),e.contentWindow.postMessage({message:\"ready\",secret:t},\"*\")},!1)))}(window,document);\n\/\/# sourceURL=https:\/\/minutosantafe.ar\/%77%70%2d%69%6e%63%6c%75%64%65%73\/js\/wp-embed.min.js\n\/* ]]> *\/\n<\/script>\n","thumbnail_url":"https:\/\/i0.wp.com\/minutosantafe.ar\/wp-content\/uploads\/2020\/12\/otros-tiempos-traferri-y-perotti-jugaron-tandem-la-campana-que-finalmente-consagro-al-rafaelino.jpg?fit=642%2C361&ssl=1","thumbnail_width":642,"thumbnail_height":361,"description":"Claves. La pol\u00edtica provincial vive su peor fin de semana en d\u00e9cadas. Sospechas, denuncias, rumores de videos incriminadores y allanamientos por doquier. Preocupaci\u00f3n en casi todos los poderes Santa Fe atraviesa uno de los fines de semana m\u00e1s escandalosos de su historia pol\u00edtica.\u00a0Todo puede suceder. \u2008\u2002\u2002No quieran creer, no le..."}

Claves. La política provincial vive su peor fin de semana en décadas. Sospechas, denuncias, rumores de videos incriminadores y allanamientos por doquier. Preocupación en casi todos los poderes Santa Fe atraviesa uno de los fines de semana más escandalosos de su historia política. Todo puede suceder.    No quieran creer, no le...
