{"version":"1.0","provider_name":"MinutoSantaFe.ar","provider_url":"https:\/\/minutosantafe.ar","author_name":"Editor","author_url":"https:\/\/minutosantafe.ar\/author\/editor\/","title":"Ampliaron la imputaci\u00f3n contra Macri por las centrales t\u00e9rmicas - MinutoSantaFe.ar","type":"rich","width":600,"height":338,"html":"<blockquote class=\"wp-embedded-content\" data-secret=\"8cLHV3z9ei\"><a href=\"https:\/\/minutosantafe.ar\/ampliaron-la-imputacion-contra-macri-por-las-centrales-termicas\/\">Ampliaron la imputaci\u00f3n contra Macri por las centrales t\u00e9rmicas<\/a><\/blockquote><iframe sandbox=\"allow-scripts\" security=\"restricted\" src=\"https:\/\/minutosantafe.ar\/ampliaron-la-imputacion-contra-macri-por-las-centrales-termicas\/embed\/#?secret=8cLHV3z9ei\" width=\"600\" height=\"338\" title=\"\u00abAmpliaron la imputaci\u00f3n contra Macri por las centrales t\u00e9rmicas\u00bb \u2014 MinutoSantaFe.ar\" data-secret=\"8cLHV3z9ei\" frameborder=\"0\" marginwidth=\"0\" marginheight=\"0\" scrolling=\"no\" class=\"wp-embedded-content\"><\/iframe><script>\n\/*! This file is auto-generated *\/\n!function(d,l){\"use strict\";l.querySelector&&d.addEventListener&&\"undefined\"!=typeof URL&&(d.wp=d.wp||{},d.wp.receiveEmbedMessage||(d.wp.receiveEmbedMessage=function(e){var t=e.data;if((t||t.secret||t.message||t.value)&&!\/[^a-zA-Z0-9]\/.test(t.secret)){for(var s,r,n,a=l.querySelectorAll('iframe[data-secret=\"'+t.secret+'\"]'),o=l.querySelectorAll('blockquote[data-secret=\"'+t.secret+'\"]'),c=new RegExp(\"^https?:$\",\"i\"),i=0;i<o.length;i++)o[i].style.display=\"none\";for(i=0;i<a.length;i++)s=a[i],e.source===s.contentWindow&&(s.removeAttribute(\"style\"),\"height\"===t.message?(1e3<(r=parseInt(t.value,10))?r=1e3:~~r<200&&(r=200),s.height=r):\"link\"===t.message&&(r=new URL(s.getAttribute(\"src\")),n=new URL(t.value),c.test(n.protocol))&&n.host===r.host&&l.activeElement===s&&(d.top.location.href=t.value))}},d.addEventListener(\"message\",d.wp.receiveEmbedMessage,!1),l.addEventListener(\"DOMContentLoaded\",function(){for(var e,t,s=l.querySelectorAll(\"iframe.wp-embedded-content\"),r=0;r<s.length;r++)(t=(e=s[r]).getAttribute(\"data-secret\"))||(t=Math.random().toString(36).substring(2,12),e.src+=\"#?secret=\"+t,e.setAttribute(\"data-secret\",t)),e.contentWindow.postMessage({message:\"ready\",secret:t},\"*\")},!1)))}(window,document);\n\/\/# sourceURL=https:\/\/minutosantafe.ar\/%77%70%2d%69%6e%63%6c%75%64%65%73\/js\/wp-embed.min.js\n<\/script>\n","thumbnail_url":"https:\/\/i0.wp.com\/minutosantafe.ar\/wp-content\/uploads\/2020\/09\/1597779950603.png?fit=770%2C440&ssl=1","thumbnail_width":770,"thumbnail_height":440,"description":"El fiscal Ramiro Gonz\u00e1lez pidi\u00f3 nuevas medidas de prueba contra exfuncionarios de Cambiemos por vender a precio vil las termoel\u00e9ctricas Brigadier L\u00f3pez y Ensenada Barrag\u00e1n. El fiscal Ramiro Gonz\u00e1lez\u00a0ampli\u00f3 la imputaci\u00f3n contra el expresidente Mauricio Macri\u00a0por la venta a precio vil de dos centrales t\u00e9rmicas, lo que hab\u00eda beneficiado a\u00a0\u00c1ngelo..."}

Ampliaron la imputación contra Macri por las centrales térmicas - MinutoSantaFe.ar

<blockquote class="wp-embedded-content" data-secret="8cLHV3z9ei"><a href="https://minutosantafe.ar/ampliaron-la-imputacion-contra-macri-por-las-centrales-termicas/">Ampliaron la imputación contra Macri por las centrales térmicas</a></blockquote><iframe sandbox="allow-scripts" security="restricted" src="https://minutosantafe.ar/ampliaron-la-imputacion-contra-macri-por-las-centrales-termicas/embed/#?secret=8cLHV3z9ei" width="600" height="338" title="«Ampliaron la imputación contra Macri por las centrales térmicas» — MinutoSantaFe.ar" data-secret="8cLHV3z9ei" frameborder="0" marginwidth="0" marginheight="0" scrolling="no" class="wp-embedded-content"></iframe><script>
/*! This file is auto-generated */
!function(d,l){"use strict";l.querySelector&&d.addEventListener&&"undefined"!=typeof URL&&(d.wp=d.wp||{},d.wp.receiveEmbedMessage||(d.wp.receiveEmbedMessage=function(e){var t=e.data;if((t||t.secret||t.message||t.value)&&!/[^a-zA-Z0-9]/.test(t.secret)){for(var s,r,n,a=l.querySelectorAll('iframe[data-secret="'+t.secret+'"]'),o=l.querySelectorAll('blockquote[data-secret="'+t.secret+'"]'),c=new RegExp("^https?:$","i"),i=0;i<o.length;i++)o[i].style.display="none";for(i=0;i<a.length;i++)s=a[i],e.source===s.contentWindow&&(s.removeAttribute("style"),"height"===t.message?(1e3<(r=parseInt(t.value,10))?r=1e3:~~r<200&&(r=200),s.height=r):"link"===t.message&&(r=new URL(s.getAttribute("src")),n=new URL(t.value),c.test(n.protocol))&&n.host===r.host&&l.activeElement===s&&(d.top.location.href=t.value))}},d.addEventListener("message",d.wp.receiveEmbedMessage,!1),l.addEventListener("DOMContentLoaded",function(){for(var e,t,s=l.querySelectorAll("iframe.wp-embedded-content"),r=0;r<s.length;r++)(t=(e=s[r]).getAttribute("data-secret"))||(t=Math.random().toString(36).substring(2,12),e.src+="#?secret="+t,e.setAttribute("data-secret",t)),e.contentWindow.postMessage({message:"ready",secret:t},"*")},!1)))}(window,document);
//# sourceURL=https://minutosantafe.ar/%77%70%2d%69%6e%63%6c%75%64%65%73/js/wp-embed.min.js
</script>

El fiscal Ramiro González pidió nuevas medidas de prueba contra exfuncionarios de Cambiemos por vender a precio vil las termoeléctricas Brigadier López y Ensenada Barragán. El fiscal Ramiro González amplió la imputación contra el expresidente Mauricio Macri por la venta a precio vil de dos centrales térmicas, lo que había beneficiado a Ángelo...
