{"version":"1.0","provider_name":"MinutoSantaFe.ar","provider_url":"https:\/\/minutosantafe.ar","author_name":"Editor","author_url":"https:\/\/minutosantafe.ar\/author\/editor\/","title":"Ante ola de calor - MinutoSantaFe.ar","type":"rich","width":600,"height":338,"html":"<blockquote class=\"wp-embedded-content\" data-secret=\"LKQ0lItybb\"><a href=\"https:\/\/minutosantafe.ar\/ante-ola-de-calor\/\">Ante ola de calor<\/a><\/blockquote><iframe sandbox=\"allow-scripts\" security=\"restricted\" src=\"https:\/\/minutosantafe.ar\/ante-ola-de-calor\/embed\/#?secret=LKQ0lItybb\" width=\"600\" height=\"338\" title=\"\u00abAnte ola de calor\u00bb \u2014 MinutoSantaFe.ar\" data-secret=\"LKQ0lItybb\" frameborder=\"0\" marginwidth=\"0\" marginheight=\"0\" scrolling=\"no\" class=\"wp-embedded-content\"><\/iframe><script>\n\/*! This file is auto-generated *\/\n!function(d,l){\"use strict\";l.querySelector&&d.addEventListener&&\"undefined\"!=typeof URL&&(d.wp=d.wp||{},d.wp.receiveEmbedMessage||(d.wp.receiveEmbedMessage=function(e){var t=e.data;if((t||t.secret||t.message||t.value)&&!\/[^a-zA-Z0-9]\/.test(t.secret)){for(var s,r,n,a=l.querySelectorAll('iframe[data-secret=\"'+t.secret+'\"]'),o=l.querySelectorAll('blockquote[data-secret=\"'+t.secret+'\"]'),c=new RegExp(\"^https?:$\",\"i\"),i=0;i<o.length;i++)o[i].style.display=\"none\";for(i=0;i<a.length;i++)s=a[i],e.source===s.contentWindow&&(s.removeAttribute(\"style\"),\"height\"===t.message?(1e3<(r=parseInt(t.value,10))?r=1e3:~~r<200&&(r=200),s.height=r):\"link\"===t.message&&(r=new URL(s.getAttribute(\"src\")),n=new URL(t.value),c.test(n.protocol))&&n.host===r.host&&l.activeElement===s&&(d.top.location.href=t.value))}},d.addEventListener(\"message\",d.wp.receiveEmbedMessage,!1),l.addEventListener(\"DOMContentLoaded\",function(){for(var e,t,s=l.querySelectorAll(\"iframe.wp-embedded-content\"),r=0;r<s.length;r++)(t=(e=s[r]).getAttribute(\"data-secret\"))||(t=Math.random().toString(36).substring(2,12),e.src+=\"#?secret=\"+t,e.setAttribute(\"data-secret\",t)),e.contentWindow.postMessage({message:\"ready\",secret:t},\"*\")},!1)))}(window,document);\n\/\/# sourceURL=https:\/\/minutosantafe.ar\/%77%70%2d%69%6e%63%6c%75%64%65%73\/js\/wp-embed.min.js\n<\/script>\n","thumbnail_url":"https:\/\/i0.wp.com\/minutosantafe.ar\/wp-content\/uploads\/2022\/01\/1abfce92-b253-4cc6-b577-56f19d4ec61e.jpg?fit=1280%2C958&ssl=1","thumbnail_width":1280,"thumbnail_height":958,"description":"La Epe inform\u00f3 sobre la situaci\u00f3n del servicio el\u00e9ctrico en la ciudad: ayer el pico fue de 565 MW La Empresa Provincial de la Energ\u00eda que el fuerte consumo del suministro el\u00e9ctrico ante las altas temperaturas gener\u00f3 un mayor n\u00famero de reclamos en el sistema de baja tensi\u00f3n. Y teniendo..."}

La Epe informó sobre la situación del servicio eléctrico en la ciudad: ayer el pico fue de 565 MW La Empresa Provincial de la Energía que el fuerte consumo del suministro eléctrico ante las altas temperaturas generó un mayor número de reclamos en el sistema de baja tensión. Y teniendo...
