{"version":"1.0","provider_name":"MinutoSantaFe.ar","provider_url":"https:\/\/minutosantafe.ar","author_name":"Editor","author_url":"https:\/\/minutosantafe.ar\/author\/editor\/","title":"Antivacunas atacaron por redes a una concejala - MinutoSantaFe.ar","type":"rich","width":600,"height":338,"html":"<blockquote class=\"wp-embedded-content\" data-secret=\"TVgQVGem2V\"><a href=\"https:\/\/minutosantafe.ar\/antivacunas-atacaron-por-redes-a-una-concejala\/\">Antivacunas atacaron por redes a una concejala<\/a><\/blockquote><iframe sandbox=\"allow-scripts\" security=\"restricted\" src=\"https:\/\/minutosantafe.ar\/antivacunas-atacaron-por-redes-a-una-concejala\/embed\/#?secret=TVgQVGem2V\" width=\"600\" height=\"338\" title=\"\u00abAntivacunas atacaron por redes a una concejala\u00bb \u2014 MinutoSantaFe.ar\" data-secret=\"TVgQVGem2V\" frameborder=\"0\" marginwidth=\"0\" marginheight=\"0\" scrolling=\"no\" class=\"wp-embedded-content\"><\/iframe><script>\n\/*! This file is auto-generated *\/\n!function(d,l){\"use strict\";l.querySelector&&d.addEventListener&&\"undefined\"!=typeof URL&&(d.wp=d.wp||{},d.wp.receiveEmbedMessage||(d.wp.receiveEmbedMessage=function(e){var t=e.data;if((t||t.secret||t.message||t.value)&&!\/[^a-zA-Z0-9]\/.test(t.secret)){for(var s,r,n,a=l.querySelectorAll('iframe[data-secret=\"'+t.secret+'\"]'),o=l.querySelectorAll('blockquote[data-secret=\"'+t.secret+'\"]'),c=new RegExp(\"^https?:$\",\"i\"),i=0;i<o.length;i++)o[i].style.display=\"none\";for(i=0;i<a.length;i++)s=a[i],e.source===s.contentWindow&&(s.removeAttribute(\"style\"),\"height\"===t.message?(1e3<(r=parseInt(t.value,10))?r=1e3:~~r<200&&(r=200),s.height=r):\"link\"===t.message&&(r=new URL(s.getAttribute(\"src\")),n=new URL(t.value),c.test(n.protocol))&&n.host===r.host&&l.activeElement===s&&(d.top.location.href=t.value))}},d.addEventListener(\"message\",d.wp.receiveEmbedMessage,!1),l.addEventListener(\"DOMContentLoaded\",function(){for(var e,t,s=l.querySelectorAll(\"iframe.wp-embedded-content\"),r=0;r<s.length;r++)(t=(e=s[r]).getAttribute(\"data-secret\"))||(t=Math.random().toString(36).substring(2,12),e.src+=\"#?secret=\"+t,e.setAttribute(\"data-secret\",t)),e.contentWindow.postMessage({message:\"ready\",secret:t},\"*\")},!1)))}(window,document);\n\/\/# sourceURL=https:\/\/minutosantafe.ar\/%77%70%2d%69%6e%63%6c%75%64%65%73\/js\/wp-embed.min.js\n<\/script>\n","thumbnail_url":"https:\/\/i0.wp.com\/minutosantafe.ar\/wp-content\/uploads\/2021\/09\/1569075282827.jpg?fit=1500%2C999&ssl=1","thumbnail_width":1500,"thumbnail_height":999,"description":"La reacci\u00f3n sobrevino luego de que el Concejo aprobara una iniciativa de difundir el certificado de vacunaci\u00f3n digital en la app Mi Argentina. Lluvia de agresiones por parte de grupos an\u00f3nimos anti vacunas. Luego de la sesi\u00f3n del Concejo Municipal donde se aprob\u00f3 una iniciativa para la difusi\u00f3n del certificado..."}

La reacción sobrevino luego de que el Concejo aprobara una iniciativa de difundir el certificado de vacunación digital en la app Mi Argentina. Lluvia de agresiones por parte de grupos anónimos anti vacunas. Luego de la sesión del Concejo Municipal donde se aprobó una iniciativa para la difusión del certificado...
