{"version":"1.0","provider_name":"MinutoSantaFe.ar","provider_url":"https:\/\/minutosantafe.ar","author_name":"Editor","author_url":"https:\/\/minutosantafe.ar\/author\/editor\/","title":"Asaltaron en vivo a la 'Locomotora' Oliveras - MinutoSantaFe.ar","type":"rich","width":600,"height":338,"html":"<blockquote class=\"wp-embedded-content\" data-secret=\"buUzW48vFf\"><a href=\"https:\/\/minutosantafe.ar\/asaltaron-en-vivo-a-la-locomotora-oliveras\/\">Asaltaron en vivo a la &#8216;Locomotora&#8217; Oliveras<\/a><\/blockquote><iframe sandbox=\"allow-scripts\" security=\"restricted\" src=\"https:\/\/minutosantafe.ar\/asaltaron-en-vivo-a-la-locomotora-oliveras\/embed\/#?secret=buUzW48vFf\" width=\"600\" height=\"338\" title=\"\u00abAsaltaron en vivo a la &#8216;Locomotora&#8217; Oliveras\u00bb \u2014 MinutoSantaFe.ar\" data-secret=\"buUzW48vFf\" frameborder=\"0\" marginwidth=\"0\" marginheight=\"0\" scrolling=\"no\" class=\"wp-embedded-content\"><\/iframe><script type=\"text\/javascript\">\n\/* <![CDATA[ *\/\n\/*! This file is auto-generated *\/\n!function(d,l){\"use strict\";l.querySelector&&d.addEventListener&&\"undefined\"!=typeof URL&&(d.wp=d.wp||{},d.wp.receiveEmbedMessage||(d.wp.receiveEmbedMessage=function(e){var t=e.data;if((t||t.secret||t.message||t.value)&&!\/[^a-zA-Z0-9]\/.test(t.secret)){for(var s,r,n,a=l.querySelectorAll('iframe[data-secret=\"'+t.secret+'\"]'),o=l.querySelectorAll('blockquote[data-secret=\"'+t.secret+'\"]'),c=new RegExp(\"^https?:$\",\"i\"),i=0;i<o.length;i++)o[i].style.display=\"none\";for(i=0;i<a.length;i++)s=a[i],e.source===s.contentWindow&&(s.removeAttribute(\"style\"),\"height\"===t.message?(1e3<(r=parseInt(t.value,10))?r=1e3:~~r<200&&(r=200),s.height=r):\"link\"===t.message&&(r=new URL(s.getAttribute(\"src\")),n=new URL(t.value),c.test(n.protocol))&&n.host===r.host&&l.activeElement===s&&(d.top.location.href=t.value))}},d.addEventListener(\"message\",d.wp.receiveEmbedMessage,!1),l.addEventListener(\"DOMContentLoaded\",function(){for(var e,t,s=l.querySelectorAll(\"iframe.wp-embedded-content\"),r=0;r<s.length;r++)(t=(e=s[r]).getAttribute(\"data-secret\"))||(t=Math.random().toString(36).substring(2,12),e.src+=\"#?secret=\"+t,e.setAttribute(\"data-secret\",t)),e.contentWindow.postMessage({message:\"ready\",secret:t},\"*\")},!1)))}(window,document);\n\/\/# sourceURL=https:\/\/minutosantafe.ar\/%77%70%2d%69%6e%63%6c%75%64%65%73\/js\/wp-embed.min.js\n\/* ]]> *\/\n<\/script>\n","thumbnail_url":"https:\/\/i0.wp.com\/minutosantafe.ar\/wp-content\/uploads\/2021\/08\/sm-oliveras-florito-210821-e1629575372394.jpeg?fit=696%2C430&ssl=1","thumbnail_width":696,"thumbnail_height":430,"description":"La campeona mundial de boxeo estaba haciendo un recorrido en el \u00abtrueque\u00bb de la Estaci\u00f3n Mitre, en la ciudad de Santa Fe, cuando se top\u00f3 con un ladr\u00f3n que rompi\u00f3 el vidri\u00f3 de su camioneta. Este s\u00e1bado, mientras visitaba la Estaci\u00f3n Mitre en Santa Fe y realizaba una transmisi\u00f3n en..."}

La campeona mundial de boxeo estaba haciendo un recorrido en el «trueque» de la Estación Mitre, en la ciudad de Santa Fe, cuando se topó con un ladrón que rompió el vidrió de su camioneta. Este sábado, mientras visitaba la Estación Mitre en Santa Fe y realizaba una transmisión en...
