{"version":"1.0","provider_name":"MinutoSantaFe.ar","provider_url":"https:\/\/minutosantafe.ar","author_name":"Editor","author_url":"https:\/\/minutosantafe.ar\/author\/editor\/","title":"ASIS; DOBLE COMANDO DE LOS MILEI - MinutoSantaFe.ar","type":"rich","width":600,"height":338,"html":"<blockquote class=\"wp-embedded-content\" data-secret=\"pMknck8xVi\"><a href=\"https:\/\/minutosantafe.ar\/asis-doble-comando-de-los-milei\/\">ASIS; DOBLE COMANDO DE LOS MILEI<\/a><\/blockquote><iframe sandbox=\"allow-scripts\" security=\"restricted\" src=\"https:\/\/minutosantafe.ar\/asis-doble-comando-de-los-milei\/embed\/#?secret=pMknck8xVi\" width=\"600\" height=\"338\" title=\"\u00abASIS; DOBLE COMANDO DE LOS MILEI\u00bb \u2014 MinutoSantaFe.ar\" data-secret=\"pMknck8xVi\" frameborder=\"0\" marginwidth=\"0\" marginheight=\"0\" scrolling=\"no\" class=\"wp-embedded-content\"><\/iframe><script type=\"text\/javascript\">\n\/* <![CDATA[ *\/\n\/*! This file is auto-generated *\/\n!function(d,l){\"use strict\";l.querySelector&&d.addEventListener&&\"undefined\"!=typeof URL&&(d.wp=d.wp||{},d.wp.receiveEmbedMessage||(d.wp.receiveEmbedMessage=function(e){var t=e.data;if((t||t.secret||t.message||t.value)&&!\/[^a-zA-Z0-9]\/.test(t.secret)){for(var s,r,n,a=l.querySelectorAll('iframe[data-secret=\"'+t.secret+'\"]'),o=l.querySelectorAll('blockquote[data-secret=\"'+t.secret+'\"]'),c=new RegExp(\"^https?:$\",\"i\"),i=0;i<o.length;i++)o[i].style.display=\"none\";for(i=0;i<a.length;i++)s=a[i],e.source===s.contentWindow&&(s.removeAttribute(\"style\"),\"height\"===t.message?(1e3<(r=parseInt(t.value,10))?r=1e3:~~r<200&&(r=200),s.height=r):\"link\"===t.message&&(r=new URL(s.getAttribute(\"src\")),n=new URL(t.value),c.test(n.protocol))&&n.host===r.host&&l.activeElement===s&&(d.top.location.href=t.value))}},d.addEventListener(\"message\",d.wp.receiveEmbedMessage,!1),l.addEventListener(\"DOMContentLoaded\",function(){for(var e,t,s=l.querySelectorAll(\"iframe.wp-embedded-content\"),r=0;r<s.length;r++)(t=(e=s[r]).getAttribute(\"data-secret\"))||(t=Math.random().toString(36).substring(2,12),e.src+=\"#?secret=\"+t,e.setAttribute(\"data-secret\",t)),e.contentWindow.postMessage({message:\"ready\",secret:t},\"*\")},!1)))}(window,document);\n\/\/# sourceURL=https:\/\/minutosantafe.ar\/%77%70%2d%69%6e%63%6c%75%64%65%73\/js\/wp-embed.min.js\n\/* ]]> *\/\n<\/script>\n","thumbnail_url":"https:\/\/minutosantafe.ar\/wp-content\/uploads\/2024\/05\/jorge-asisjpg.webp","thumbnail_width":1200,"thumbnail_height":675,"description":"\u00abEl Presidente no es un estadista pero suple sus carencias con el estruendo internacional\u00bb \u201cJavier Milei\u00a0est\u00e1 supliendo su carencia de gesti\u00f3n interna con un show externo. Como fen\u00f3meno es una maravilla, como presidente es un espanto\u201d dijo\u00a0Jorge As\u00eds. \u201cEl menemismo estaba pendiente de alg\u00fan tipo de reivindicaci\u00f3n para el ex..."}

«El Presidente no es un estadista pero suple sus carencias con el estruendo internacional» “Javier Milei está supliendo su carencia de gestión interna con un show externo. Como fenómeno es una maravilla, como presidente es un espanto” dijo Jorge Asís. “El menemismo estaba pendiente de algún tipo de reivindicación para el ex...
