{"version":"1.0","provider_name":"MinutoSantaFe.ar","provider_url":"https:\/\/minutosantafe.ar","author_name":"Editor","author_url":"https:\/\/minutosantafe.ar\/author\/editor\/","title":"Asumi\u00f3 Bengoechea, el nuevo jefe de la Unidad Regional II - MinutoSantaFe.ar","type":"rich","width":600,"height":338,"html":"<blockquote class=\"wp-embedded-content\" data-secret=\"F8qNglq6AK\"><a href=\"https:\/\/minutosantafe.ar\/asumio-bengoechea-nuevo-jefe-la-unidad-regional-ii\/\">Asumi\u00f3 Bengoechea, el nuevo jefe de la Unidad Regional II<\/a><\/blockquote><iframe sandbox=\"allow-scripts\" security=\"restricted\" src=\"https:\/\/minutosantafe.ar\/asumio-bengoechea-nuevo-jefe-la-unidad-regional-ii\/embed\/#?secret=F8qNglq6AK\" width=\"600\" height=\"338\" title=\"\u00abAsumi\u00f3 Bengoechea, el nuevo jefe de la Unidad Regional II\u00bb \u2014 MinutoSantaFe.ar\" data-secret=\"F8qNglq6AK\" frameborder=\"0\" marginwidth=\"0\" marginheight=\"0\" scrolling=\"no\" class=\"wp-embedded-content\"><\/iframe><script>\n\/*! This file is auto-generated *\/\n!function(d,l){\"use strict\";l.querySelector&&d.addEventListener&&\"undefined\"!=typeof URL&&(d.wp=d.wp||{},d.wp.receiveEmbedMessage||(d.wp.receiveEmbedMessage=function(e){var t=e.data;if((t||t.secret||t.message||t.value)&&!\/[^a-zA-Z0-9]\/.test(t.secret)){for(var s,r,n,a=l.querySelectorAll('iframe[data-secret=\"'+t.secret+'\"]'),o=l.querySelectorAll('blockquote[data-secret=\"'+t.secret+'\"]'),c=new RegExp(\"^https?:$\",\"i\"),i=0;i<o.length;i++)o[i].style.display=\"none\";for(i=0;i<a.length;i++)s=a[i],e.source===s.contentWindow&&(s.removeAttribute(\"style\"),\"height\"===t.message?(1e3<(r=parseInt(t.value,10))?r=1e3:~~r<200&&(r=200),s.height=r):\"link\"===t.message&&(r=new URL(s.getAttribute(\"src\")),n=new URL(t.value),c.test(n.protocol))&&n.host===r.host&&l.activeElement===s&&(d.top.location.href=t.value))}},d.addEventListener(\"message\",d.wp.receiveEmbedMessage,!1),l.addEventListener(\"DOMContentLoaded\",function(){for(var e,t,s=l.querySelectorAll(\"iframe.wp-embedded-content\"),r=0;r<s.length;r++)(t=(e=s[r]).getAttribute(\"data-secret\"))||(t=Math.random().toString(36).substring(2,12),e.src+=\"#?secret=\"+t,e.setAttribute(\"data-secret\",t)),e.contentWindow.postMessage({message:\"ready\",secret:t},\"*\")},!1)))}(window,document);\n\/\/# sourceURL=https:\/\/minutosantafe.ar\/%77%70%2d%69%6e%63%6c%75%64%65%73\/js\/wp-embed.min.js\n<\/script>\n","thumbnail_url":"https:\/\/i0.wp.com\/minutosantafe.ar\/wp-content\/uploads\/2018\/02\/0022787075.jpg?fit=642%2C428&ssl=1","thumbnail_width":642,"thumbnail_height":428,"description":"El ministro Pullaro presidi\u00f3 el acto realizado en la sede de la fuerza. Los detalles de su presentaci\u00f3n. &nbsp; Juan Pablo Bengoechea asumi\u00f3 esta tarde el cargo de jefe de la Unidad Regional II luego de prestar servicio en distintas \u00e1reas de la Polic\u00eda. El ministro de Seguridad provincial, Maximiliano..."}

Asumió Bengoechea, el nuevo jefe de la Unidad Regional II - MinutoSantaFe.ar

<blockquote class="wp-embedded-content" data-secret="F8qNglq6AK"><a href="https://minutosantafe.ar/asumio-bengoechea-nuevo-jefe-la-unidad-regional-ii/">Asumió Bengoechea, el nuevo jefe de la Unidad Regional II</a></blockquote><iframe sandbox="allow-scripts" security="restricted" src="https://minutosantafe.ar/asumio-bengoechea-nuevo-jefe-la-unidad-regional-ii/embed/#?secret=F8qNglq6AK" width="600" height="338" title="«Asumió Bengoechea, el nuevo jefe de la Unidad Regional II» — MinutoSantaFe.ar" data-secret="F8qNglq6AK" frameborder="0" marginwidth="0" marginheight="0" scrolling="no" class="wp-embedded-content"></iframe><script>
/*! This file is auto-generated */
!function(d,l){"use strict";l.querySelector&&d.addEventListener&&"undefined"!=typeof URL&&(d.wp=d.wp||{},d.wp.receiveEmbedMessage||(d.wp.receiveEmbedMessage=function(e){var t=e.data;if((t||t.secret||t.message||t.value)&&!/[^a-zA-Z0-9]/.test(t.secret)){for(var s,r,n,a=l.querySelectorAll('iframe[data-secret="'+t.secret+'"]'),o=l.querySelectorAll('blockquote[data-secret="'+t.secret+'"]'),c=new RegExp("^https?:$","i"),i=0;i<o.length;i++)o[i].style.display="none";for(i=0;i<a.length;i++)s=a[i],e.source===s.contentWindow&&(s.removeAttribute("style"),"height"===t.message?(1e3<(r=parseInt(t.value,10))?r=1e3:~~r<200&&(r=200),s.height=r):"link"===t.message&&(r=new URL(s.getAttribute("src")),n=new URL(t.value),c.test(n.protocol))&&n.host===r.host&&l.activeElement===s&&(d.top.location.href=t.value))}},d.addEventListener("message",d.wp.receiveEmbedMessage,!1),l.addEventListener("DOMContentLoaded",function(){for(var e,t,s=l.querySelectorAll("iframe.wp-embedded-content"),r=0;r<s.length;r++)(t=(e=s[r]).getAttribute("data-secret"))||(t=Math.random().toString(36).substring(2,12),e.src+="#?secret="+t,e.setAttribute("data-secret",t)),e.contentWindow.postMessage({message:"ready",secret:t},"*")},!1)))}(window,document);
//# sourceURL=https://minutosantafe.ar/%77%70%2d%69%6e%63%6c%75%64%65%73/js/wp-embed.min.js
</script>

El ministro Pullaro presidió el acto realizado en la sede de la fuerza. Los detalles de su presentación. &nbsp; Juan Pablo Bengoechea asumió esta tarde el cargo de jefe de la Unidad Regional II luego de prestar servicio en distintas áreas de la Policía. El ministro de Seguridad provincial, Maximiliano...
