{"version":"1.0","provider_name":"MinutoSantaFe.ar","provider_url":"https:\/\/minutosantafe.ar","author_name":"Editor","author_url":"https:\/\/minutosantafe.ar\/author\/editor\/","title":"Bajante: Assa pide responsabilidad con el uso del agua - MinutoSantaFe.ar","type":"rich","width":600,"height":338,"html":"<blockquote class=\"wp-embedded-content\" data-secret=\"6F6mZA8btZ\"><a href=\"https:\/\/minutosantafe.ar\/bajante-assa-pide-responsabilidad-con-el-uso-del-agua\/\">Bajante: Assa pide responsabilidad con el uso del agua<\/a><\/blockquote><iframe sandbox=\"allow-scripts\" security=\"restricted\" src=\"https:\/\/minutosantafe.ar\/bajante-assa-pide-responsabilidad-con-el-uso-del-agua\/embed\/#?secret=6F6mZA8btZ\" width=\"600\" height=\"338\" title=\"\u00abBajante: Assa pide responsabilidad con el uso del agua\u00bb \u2014 MinutoSantaFe.ar\" data-secret=\"6F6mZA8btZ\" frameborder=\"0\" marginwidth=\"0\" marginheight=\"0\" scrolling=\"no\" class=\"wp-embedded-content\"><\/iframe><script>\n\/*! This file is auto-generated *\/\n!function(d,l){\"use strict\";l.querySelector&&d.addEventListener&&\"undefined\"!=typeof URL&&(d.wp=d.wp||{},d.wp.receiveEmbedMessage||(d.wp.receiveEmbedMessage=function(e){var t=e.data;if((t||t.secret||t.message||t.value)&&!\/[^a-zA-Z0-9]\/.test(t.secret)){for(var s,r,n,a=l.querySelectorAll('iframe[data-secret=\"'+t.secret+'\"]'),o=l.querySelectorAll('blockquote[data-secret=\"'+t.secret+'\"]'),c=new RegExp(\"^https?:$\",\"i\"),i=0;i<o.length;i++)o[i].style.display=\"none\";for(i=0;i<a.length;i++)s=a[i],e.source===s.contentWindow&&(s.removeAttribute(\"style\"),\"height\"===t.message?(1e3<(r=parseInt(t.value,10))?r=1e3:~~r<200&&(r=200),s.height=r):\"link\"===t.message&&(r=new URL(s.getAttribute(\"src\")),n=new URL(t.value),c.test(n.protocol))&&n.host===r.host&&l.activeElement===s&&(d.top.location.href=t.value))}},d.addEventListener(\"message\",d.wp.receiveEmbedMessage,!1),l.addEventListener(\"DOMContentLoaded\",function(){for(var e,t,s=l.querySelectorAll(\"iframe.wp-embedded-content\"),r=0;r<s.length;r++)(t=(e=s[r]).getAttribute(\"data-secret\"))||(t=Math.random().toString(36).substring(2,12),e.src+=\"#?secret=\"+t,e.setAttribute(\"data-secret\",t)),e.contentWindow.postMessage({message:\"ready\",secret:t},\"*\")},!1)))}(window,document);\n\/\/# sourceURL=https:\/\/minutosantafe.ar\/%77%70%2d%69%6e%63%6c%75%64%65%73\/js\/wp-embed.min.js\n<\/script>\n","thumbnail_url":"https:\/\/i0.wp.com\/minutosantafe.ar\/wp-content\/uploads\/2021\/06\/Bajante-Rio-Parana.png?fit=1000%2C570&ssl=1","thumbnail_width":1000,"thumbnail_height":570,"description":"La proveedora del servicio apel\u00f3 al uso responsable del agua potable, en momentos en que el caudal m\u00ednimo del r\u00edo pone en aprietos la extracci\u00f3n del recurso Aguas Santafesinas sali\u00f3 esta vez a se\u00f1alar que la disponibilidad del r\u00edo Paran\u00e1 como fuente de abastecimiento est\u00e1 en zona cr\u00edtica y pide..."}

La proveedora del servicio apeló al uso responsable del agua potable, en momentos en que el caudal mínimo del río pone en aprietos la extracción del recurso Aguas Santafesinas salió esta vez a señalar que la disponibilidad del río Paraná como fuente de abastecimiento está en zona crítica y pide...
