{"version":"1.0","provider_name":"MinutoSantaFe.ar","provider_url":"https:\/\/minutosantafe.ar","author_name":"Editor","author_url":"https:\/\/minutosantafe.ar\/author\/editor\/","title":"Balance, pandemia y futuro - MinutoSantaFe.ar","type":"rich","width":600,"height":338,"html":"<blockquote class=\"wp-embedded-content\" data-secret=\"aF8N7j08MO\"><a href=\"https:\/\/minutosantafe.ar\/balance-pandemia-y-futuro\/\">Balance, pandemia y futuro<\/a><\/blockquote><iframe sandbox=\"allow-scripts\" security=\"restricted\" src=\"https:\/\/minutosantafe.ar\/balance-pandemia-y-futuro\/embed\/#?secret=aF8N7j08MO\" width=\"600\" height=\"338\" title=\"\u00abBalance, pandemia y futuro\u00bb \u2014 MinutoSantaFe.ar\" data-secret=\"aF8N7j08MO\" frameborder=\"0\" marginwidth=\"0\" marginheight=\"0\" scrolling=\"no\" class=\"wp-embedded-content\"><\/iframe><script>\n\/*! This file is auto-generated *\/\n!function(d,l){\"use strict\";l.querySelector&&d.addEventListener&&\"undefined\"!=typeof URL&&(d.wp=d.wp||{},d.wp.receiveEmbedMessage||(d.wp.receiveEmbedMessage=function(e){var t=e.data;if((t||t.secret||t.message||t.value)&&!\/[^a-zA-Z0-9]\/.test(t.secret)){for(var s,r,n,a=l.querySelectorAll('iframe[data-secret=\"'+t.secret+'\"]'),o=l.querySelectorAll('blockquote[data-secret=\"'+t.secret+'\"]'),c=new RegExp(\"^https?:$\",\"i\"),i=0;i<o.length;i++)o[i].style.display=\"none\";for(i=0;i<a.length;i++)s=a[i],e.source===s.contentWindow&&(s.removeAttribute(\"style\"),\"height\"===t.message?(1e3<(r=parseInt(t.value,10))?r=1e3:~~r<200&&(r=200),s.height=r):\"link\"===t.message&&(r=new URL(s.getAttribute(\"src\")),n=new URL(t.value),c.test(n.protocol))&&n.host===r.host&&l.activeElement===s&&(d.top.location.href=t.value))}},d.addEventListener(\"message\",d.wp.receiveEmbedMessage,!1),l.addEventListener(\"DOMContentLoaded\",function(){for(var e,t,s=l.querySelectorAll(\"iframe.wp-embedded-content\"),r=0;r<s.length;r++)(t=(e=s[r]).getAttribute(\"data-secret\"))||(t=Math.random().toString(36).substring(2,12),e.src+=\"#?secret=\"+t,e.setAttribute(\"data-secret\",t)),e.contentWindow.postMessage({message:\"ready\",secret:t},\"*\")},!1)))}(window,document);\n\/\/# sourceURL=https:\/\/minutosantafe.ar\/%77%70%2d%69%6e%63%6c%75%64%65%73\/js\/wp-embed.min.js\n<\/script>\n","thumbnail_url":"https:\/\/i0.wp.com\/minutosantafe.ar\/wp-content\/uploads\/2022\/11\/botto-768x433-1.jpg?fit=768%2C433&ssl=1","thumbnail_width":768,"thumbnail_height":433,"description":"Alberto Botto: \u201cLas empresas p\u00fablicas de energ\u00eda son una herramienta de desarrollo\u201d Botto tambi\u00e9n resalt\u00f3 la importancia de la empresa p\u00fablica de energ\u00eda. \u201cEstas empresas son una herramienta de desarrollo para cualquier regi\u00f3n. El Estado tiene una mirada social y se busca la igualdad a un servicio b\u00e1sico, en los..."}

Alberto Botto: “Las empresas públicas de energía son una herramienta de desarrollo” Botto también resaltó la importancia de la empresa pública de energía. “Estas empresas son una herramienta de desarrollo para cualquier región. El Estado tiene una mirada social y se busca la igualdad a un servicio básico, en los...
