{"version":"1.0","provider_name":"MinutoSantaFe.ar","provider_url":"https:\/\/minutosantafe.ar","author_name":"Editor","author_url":"https:\/\/minutosantafe.ar\/author\/editor\/","title":"Bernarda mejora en su recuperaci\u00f3n y comparti\u00f3 una foto - MinutoSantaFe.ar","type":"rich","width":600,"height":338,"html":"<blockquote class=\"wp-embedded-content\" data-secret=\"n5XtAK1jyS\"><a href=\"https:\/\/minutosantafe.ar\/bernarda-mejora-en-su-recuperacion-y-compartio-una-foto\/\">Bernarda mejora en su recuperaci\u00f3n y comparti\u00f3 una foto<\/a><\/blockquote><iframe sandbox=\"allow-scripts\" security=\"restricted\" src=\"https:\/\/minutosantafe.ar\/bernarda-mejora-en-su-recuperacion-y-compartio-una-foto\/embed\/#?secret=n5XtAK1jyS\" width=\"600\" height=\"338\" title=\"\u00abBernarda mejora en su recuperaci\u00f3n y comparti\u00f3 una foto\u00bb \u2014 MinutoSantaFe.ar\" data-secret=\"n5XtAK1jyS\" frameborder=\"0\" marginwidth=\"0\" marginheight=\"0\" scrolling=\"no\" class=\"wp-embedded-content\"><\/iframe><script>\n\/*! This file is auto-generated *\/\n!function(d,l){\"use strict\";l.querySelector&&d.addEventListener&&\"undefined\"!=typeof URL&&(d.wp=d.wp||{},d.wp.receiveEmbedMessage||(d.wp.receiveEmbedMessage=function(e){var t=e.data;if((t||t.secret||t.message||t.value)&&!\/[^a-zA-Z0-9]\/.test(t.secret)){for(var s,r,n,a=l.querySelectorAll('iframe[data-secret=\"'+t.secret+'\"]'),o=l.querySelectorAll('blockquote[data-secret=\"'+t.secret+'\"]'),c=new RegExp(\"^https?:$\",\"i\"),i=0;i<o.length;i++)o[i].style.display=\"none\";for(i=0;i<a.length;i++)s=a[i],e.source===s.contentWindow&&(s.removeAttribute(\"style\"),\"height\"===t.message?(1e3<(r=parseInt(t.value,10))?r=1e3:~~r<200&&(r=200),s.height=r):\"link\"===t.message&&(r=new URL(s.getAttribute(\"src\")),n=new URL(t.value),c.test(n.protocol))&&n.host===r.host&&l.activeElement===s&&(d.top.location.href=t.value))}},d.addEventListener(\"message\",d.wp.receiveEmbedMessage,!1),l.addEventListener(\"DOMContentLoaded\",function(){for(var e,t,s=l.querySelectorAll(\"iframe.wp-embedded-content\"),r=0;r<s.length;r++)(t=(e=s[r]).getAttribute(\"data-secret\"))||(t=Math.random().toString(36).substring(2,12),e.src+=\"#?secret=\"+t,e.setAttribute(\"data-secret\",t)),e.contentWindow.postMessage({message:\"ready\",secret:t},\"*\")},!1)))}(window,document);\n\/\/# sourceURL=https:\/\/minutosantafe.ar\/%77%70%2d%69%6e%63%6c%75%64%65%73\/js\/wp-embed.min.js\n<\/script>\n","thumbnail_url":"https:\/\/i0.wp.com\/minutosantafe.ar\/wp-content\/uploads\/2018\/12\/BERNARDA-MASSOLO-933x517.jpg?fit=933%2C517&ssl=1","thumbnail_width":933,"thumbnail_height":517,"description":"Su madre comparti\u00f3 la imagen de su internaci\u00f3n con el permiso de la joven La joven\u00a0Bernarda Massolo contin\u00faa su recuperaci\u00f3n\u00a0en el hospital Cullen de las quemaduras en el 60 por ciento de su cuerpo. Su familia relat\u00f3que ya se comunica con su voz y a trav\u00e9s del tel\u00e9fono celular. Al..."}

Bernarda mejora en su recuperación y compartió una foto - MinutoSantaFe.ar

<blockquote class="wp-embedded-content" data-secret="n5XtAK1jyS"><a href="https://minutosantafe.ar/bernarda-mejora-en-su-recuperacion-y-compartio-una-foto/">Bernarda mejora en su recuperación y compartió una foto</a></blockquote><iframe sandbox="allow-scripts" security="restricted" src="https://minutosantafe.ar/bernarda-mejora-en-su-recuperacion-y-compartio-una-foto/embed/#?secret=n5XtAK1jyS" width="600" height="338" title="«Bernarda mejora en su recuperación y compartió una foto» — MinutoSantaFe.ar" data-secret="n5XtAK1jyS" frameborder="0" marginwidth="0" marginheight="0" scrolling="no" class="wp-embedded-content"></iframe><script>
/*! This file is auto-generated */
!function(d,l){"use strict";l.querySelector&&d.addEventListener&&"undefined"!=typeof URL&&(d.wp=d.wp||{},d.wp.receiveEmbedMessage||(d.wp.receiveEmbedMessage=function(e){var t=e.data;if((t||t.secret||t.message||t.value)&&!/[^a-zA-Z0-9]/.test(t.secret)){for(var s,r,n,a=l.querySelectorAll('iframe[data-secret="'+t.secret+'"]'),o=l.querySelectorAll('blockquote[data-secret="'+t.secret+'"]'),c=new RegExp("^https?:$","i"),i=0;i<o.length;i++)o[i].style.display="none";for(i=0;i<a.length;i++)s=a[i],e.source===s.contentWindow&&(s.removeAttribute("style"),"height"===t.message?(1e3<(r=parseInt(t.value,10))?r=1e3:~~r<200&&(r=200),s.height=r):"link"===t.message&&(r=new URL(s.getAttribute("src")),n=new URL(t.value),c.test(n.protocol))&&n.host===r.host&&l.activeElement===s&&(d.top.location.href=t.value))}},d.addEventListener("message",d.wp.receiveEmbedMessage,!1),l.addEventListener("DOMContentLoaded",function(){for(var e,t,s=l.querySelectorAll("iframe.wp-embedded-content"),r=0;r<s.length;r++)(t=(e=s[r]).getAttribute("data-secret"))||(t=Math.random().toString(36).substring(2,12),e.src+="#?secret="+t,e.setAttribute("data-secret",t)),e.contentWindow.postMessage({message:"ready",secret:t},"*")},!1)))}(window,document);
//# sourceURL=https://minutosantafe.ar/%77%70%2d%69%6e%63%6c%75%64%65%73/js/wp-embed.min.js
</script>

Su madre compartió la imagen de su internación con el permiso de la joven La joven Bernarda Massolo continúa su recuperación en el hospital Cullen de las quemaduras en el 60 por ciento de su cuerpo. Su familia relatóque ya se comunica con su voz y a través del teléfono celular. Al...
