{"version":"1.0","provider_name":"MinutoSantaFe.ar","provider_url":"https:\/\/minutosantafe.ar","author_name":"Editor","author_url":"https:\/\/minutosantafe.ar\/author\/editor\/","title":"Claudia Balagu\u00e9, candidata a Constituyente por el FAS - MinutoSantaFe.ar","type":"rich","width":600,"height":338,"html":"<blockquote class=\"wp-embedded-content\" data-secret=\"9TbIJBXXw4\"><a href=\"https:\/\/minutosantafe.ar\/claudia-balague-candidata-a-constituyente-por-el-fas\/\">Claudia Balagu\u00e9, candidata a Constituyente por el FAS<\/a><\/blockquote><iframe sandbox=\"allow-scripts\" security=\"restricted\" src=\"https:\/\/minutosantafe.ar\/claudia-balague-candidata-a-constituyente-por-el-fas\/embed\/#?secret=9TbIJBXXw4\" width=\"600\" height=\"338\" title=\"\u00abClaudia Balagu\u00e9, candidata a Constituyente por el FAS\u00bb \u2014 MinutoSantaFe.ar\" data-secret=\"9TbIJBXXw4\" frameborder=\"0\" marginwidth=\"0\" marginheight=\"0\" scrolling=\"no\" class=\"wp-embedded-content\"><\/iframe><script>\n\/*! This file is auto-generated *\/\n!function(d,l){\"use strict\";l.querySelector&&d.addEventListener&&\"undefined\"!=typeof URL&&(d.wp=d.wp||{},d.wp.receiveEmbedMessage||(d.wp.receiveEmbedMessage=function(e){var t=e.data;if((t||t.secret||t.message||t.value)&&!\/[^a-zA-Z0-9]\/.test(t.secret)){for(var s,r,n,a=l.querySelectorAll('iframe[data-secret=\"'+t.secret+'\"]'),o=l.querySelectorAll('blockquote[data-secret=\"'+t.secret+'\"]'),c=new RegExp(\"^https?:$\",\"i\"),i=0;i<o.length;i++)o[i].style.display=\"none\";for(i=0;i<a.length;i++)s=a[i],e.source===s.contentWindow&&(s.removeAttribute(\"style\"),\"height\"===t.message?(1e3<(r=parseInt(t.value,10))?r=1e3:~~r<200&&(r=200),s.height=r):\"link\"===t.message&&(r=new URL(s.getAttribute(\"src\")),n=new URL(t.value),c.test(n.protocol))&&n.host===r.host&&l.activeElement===s&&(d.top.location.href=t.value))}},d.addEventListener(\"message\",d.wp.receiveEmbedMessage,!1),l.addEventListener(\"DOMContentLoaded\",function(){for(var e,t,s=l.querySelectorAll(\"iframe.wp-embedded-content\"),r=0;r<s.length;r++)(t=(e=s[r]).getAttribute(\"data-secret\"))||(t=Math.random().toString(36).substring(2,12),e.src+=\"#?secret=\"+t,e.setAttribute(\"data-secret\",t)),e.contentWindow.postMessage({message:\"ready\",secret:t},\"*\")},!1)))}(window,document);\n\/\/# sourceURL=https:\/\/minutosantafe.ar\/%77%70%2d%69%6e%63%6c%75%64%65%73\/js\/wp-embed.min.js\n<\/script>\n","thumbnail_url":"https:\/\/minutosantafe.ar\/wp-content\/uploads\/2025\/01\/907926-ro04fo0127.jpg","thumbnail_width":700,"thumbnail_height":467,"description":"Para construir una alternativa La diputada provincial cree que hay ampliar la centroizquierda, pero \u201clos tiempos apremian\u201d para este turno electoral. Por\u00a0Luciano Couso Claudia Balagu\u00e9 encabezar\u00e1 la lista del FAS para reformar la Constituci\u00f3n provincial.\u00a0. Imagen: Gentileza La diputada provincial del Frente Amplio por la Soberan\u00eda (FAS) y candidata a..."}

Claudia Balagué, candidata a Constituyente por el FAS - MinutoSantaFe.ar

<blockquote class="wp-embedded-content" data-secret="9TbIJBXXw4"><a href="https://minutosantafe.ar/claudia-balague-candidata-a-constituyente-por-el-fas/">Claudia Balagué, candidata a Constituyente por el FAS</a></blockquote><iframe sandbox="allow-scripts" security="restricted" src="https://minutosantafe.ar/claudia-balague-candidata-a-constituyente-por-el-fas/embed/#?secret=9TbIJBXXw4" width="600" height="338" title="«Claudia Balagué, candidata a Constituyente por el FAS» — MinutoSantaFe.ar" data-secret="9TbIJBXXw4" frameborder="0" marginwidth="0" marginheight="0" scrolling="no" class="wp-embedded-content"></iframe><script>
/*! This file is auto-generated */
!function(d,l){"use strict";l.querySelector&&d.addEventListener&&"undefined"!=typeof URL&&(d.wp=d.wp||{},d.wp.receiveEmbedMessage||(d.wp.receiveEmbedMessage=function(e){var t=e.data;if((t||t.secret||t.message||t.value)&&!/[^a-zA-Z0-9]/.test(t.secret)){for(var s,r,n,a=l.querySelectorAll('iframe[data-secret="'+t.secret+'"]'),o=l.querySelectorAll('blockquote[data-secret="'+t.secret+'"]'),c=new RegExp("^https?:$","i"),i=0;i<o.length;i++)o[i].style.display="none";for(i=0;i<a.length;i++)s=a[i],e.source===s.contentWindow&&(s.removeAttribute("style"),"height"===t.message?(1e3<(r=parseInt(t.value,10))?r=1e3:~~r<200&&(r=200),s.height=r):"link"===t.message&&(r=new URL(s.getAttribute("src")),n=new URL(t.value),c.test(n.protocol))&&n.host===r.host&&l.activeElement===s&&(d.top.location.href=t.value))}},d.addEventListener("message",d.wp.receiveEmbedMessage,!1),l.addEventListener("DOMContentLoaded",function(){for(var e,t,s=l.querySelectorAll("iframe.wp-embedded-content"),r=0;r<s.length;r++)(t=(e=s[r]).getAttribute("data-secret"))||(t=Math.random().toString(36).substring(2,12),e.src+="#?secret="+t,e.setAttribute("data-secret",t)),e.contentWindow.postMessage({message:"ready",secret:t},"*")},!1)))}(window,document);
//# sourceURL=https://minutosantafe.ar/%77%70%2d%69%6e%63%6c%75%64%65%73/js/wp-embed.min.js
</script>

Para construir una alternativa La diputada provincial cree que hay ampliar la centroizquierda, pero “los tiempos apremian” para este turno electoral. Por Luciano Couso Claudia Balagué encabezará la lista del FAS para reformar la Constitución provincial. . Imagen: Gentileza La diputada provincial del Frente Amplio por la Soberanía (FAS) y candidata a...
