{"version":"1.0","provider_name":"MinutoSantaFe.ar","provider_url":"https:\/\/minutosantafe.ar","author_name":"Editor","author_url":"https:\/\/minutosantafe.ar\/author\/editor\/","title":"COMO CUIDARNOS DE LOS QUE NOS CUIDAN - MinutoSantaFe.ar","type":"rich","width":600,"height":338,"html":"<blockquote class=\"wp-embedded-content\" data-secret=\"hKENUnftBl\"><a href=\"https:\/\/minutosantafe.ar\/como-cuidarnos-de-los-que-nos-cuidan\/\">COMO CUIDARNOS DE LOS QUE NOS CUIDAN<\/a><\/blockquote><iframe sandbox=\"allow-scripts\" security=\"restricted\" src=\"https:\/\/minutosantafe.ar\/como-cuidarnos-de-los-que-nos-cuidan\/embed\/#?secret=hKENUnftBl\" width=\"600\" height=\"338\" title=\"\u00abCOMO CUIDARNOS DE LOS QUE NOS CUIDAN\u00bb \u2014 MinutoSantaFe.ar\" data-secret=\"hKENUnftBl\" frameborder=\"0\" marginwidth=\"0\" marginheight=\"0\" scrolling=\"no\" class=\"wp-embedded-content\"><\/iframe><script type=\"text\/javascript\">\n\/* <![CDATA[ *\/\n\/*! This file is auto-generated *\/\n!function(d,l){\"use strict\";l.querySelector&&d.addEventListener&&\"undefined\"!=typeof URL&&(d.wp=d.wp||{},d.wp.receiveEmbedMessage||(d.wp.receiveEmbedMessage=function(e){var t=e.data;if((t||t.secret||t.message||t.value)&&!\/[^a-zA-Z0-9]\/.test(t.secret)){for(var s,r,n,a=l.querySelectorAll('iframe[data-secret=\"'+t.secret+'\"]'),o=l.querySelectorAll('blockquote[data-secret=\"'+t.secret+'\"]'),c=new RegExp(\"^https?:$\",\"i\"),i=0;i<o.length;i++)o[i].style.display=\"none\";for(i=0;i<a.length;i++)s=a[i],e.source===s.contentWindow&&(s.removeAttribute(\"style\"),\"height\"===t.message?(1e3<(r=parseInt(t.value,10))?r=1e3:~~r<200&&(r=200),s.height=r):\"link\"===t.message&&(r=new URL(s.getAttribute(\"src\")),n=new URL(t.value),c.test(n.protocol))&&n.host===r.host&&l.activeElement===s&&(d.top.location.href=t.value))}},d.addEventListener(\"message\",d.wp.receiveEmbedMessage,!1),l.addEventListener(\"DOMContentLoaded\",function(){for(var e,t,s=l.querySelectorAll(\"iframe.wp-embedded-content\"),r=0;r<s.length;r++)(t=(e=s[r]).getAttribute(\"data-secret\"))||(t=Math.random().toString(36).substring(2,12),e.src+=\"#?secret=\"+t,e.setAttribute(\"data-secret\",t)),e.contentWindow.postMessage({message:\"ready\",secret:t},\"*\")},!1)))}(window,document);\n\/\/# sourceURL=https:\/\/minutosantafe.ar\/%77%70%2d%69%6e%63%6c%75%64%65%73\/js\/wp-embed.min.js\n\/* ]]> *\/\n<\/script>\n","thumbnail_url":"https:\/\/i0.wp.com\/minutosantafe.ar\/wp-content\/uploads\/2019\/02\/Vidal-Ritondo.jpg?fit=465%2C392&ssl=1","thumbnail_width":465,"thumbnail_height":392,"description":"Que sea lo que Dios quiera &nbsp; Hace 35 a\u00f1os, con la finalizaci\u00f3n de la dictadura, uno de los permanentes temas de discusi\u00f3n era los contenidos de los programas de estudio de los cadetes de las fuerzas armadas y de seguridad, fuerzas plagadas de miembros que hab\u00edan participado del reciente..."}

Que sea lo que Dios quiera &nbsp; Hace 35 años, con la finalización de la dictadura, uno de los permanentes temas de discusión era los contenidos de los programas de estudio de los cadetes de las fuerzas armadas y de seguridad, fuerzas plagadas de miembros que habían participado del reciente...
