{"version":"1.0","provider_name":"MinutoSantaFe.ar","provider_url":"https:\/\/minutosantafe.ar","author_name":"Editor","author_url":"https:\/\/minutosantafe.ar\/author\/editor\/","title":"Comunicado y condena por la utilizaci\u00f3n del reclamo - MinutoSantaFe.ar","type":"rich","width":600,"height":338,"html":"<blockquote class=\"wp-embedded-content\" data-secret=\"38lBuYurVF\"><a href=\"https:\/\/minutosantafe.ar\/comunicado-y-condena-por-la-utilizacion-del-reclamo\/\">Comunicado y condena por la utilizaci\u00f3n del reclamo<\/a><\/blockquote><iframe sandbox=\"allow-scripts\" security=\"restricted\" src=\"https:\/\/minutosantafe.ar\/comunicado-y-condena-por-la-utilizacion-del-reclamo\/embed\/#?secret=38lBuYurVF\" width=\"600\" height=\"338\" title=\"\u00abComunicado y condena por la utilizaci\u00f3n del reclamo\u00bb \u2014 MinutoSantaFe.ar\" data-secret=\"38lBuYurVF\" frameborder=\"0\" marginwidth=\"0\" marginheight=\"0\" scrolling=\"no\" class=\"wp-embedded-content\"><\/iframe><script>\n\/*! This file is auto-generated *\/\n!function(d,l){\"use strict\";l.querySelector&&d.addEventListener&&\"undefined\"!=typeof URL&&(d.wp=d.wp||{},d.wp.receiveEmbedMessage||(d.wp.receiveEmbedMessage=function(e){var t=e.data;if((t||t.secret||t.message||t.value)&&!\/[^a-zA-Z0-9]\/.test(t.secret)){for(var s,r,n,a=l.querySelectorAll('iframe[data-secret=\"'+t.secret+'\"]'),o=l.querySelectorAll('blockquote[data-secret=\"'+t.secret+'\"]'),c=new RegExp(\"^https?:$\",\"i\"),i=0;i<o.length;i++)o[i].style.display=\"none\";for(i=0;i<a.length;i++)s=a[i],e.source===s.contentWindow&&(s.removeAttribute(\"style\"),\"height\"===t.message?(1e3<(r=parseInt(t.value,10))?r=1e3:~~r<200&&(r=200),s.height=r):\"link\"===t.message&&(r=new URL(s.getAttribute(\"src\")),n=new URL(t.value),c.test(n.protocol))&&n.host===r.host&&l.activeElement===s&&(d.top.location.href=t.value))}},d.addEventListener(\"message\",d.wp.receiveEmbedMessage,!1),l.addEventListener(\"DOMContentLoaded\",function(){for(var e,t,s=l.querySelectorAll(\"iframe.wp-embedded-content\"),r=0;r<s.length;r++)(t=(e=s[r]).getAttribute(\"data-secret\"))||(t=Math.random().toString(36).substring(2,12),e.src+=\"#?secret=\"+t,e.setAttribute(\"data-secret\",t)),e.contentWindow.postMessage({message:\"ready\",secret:t},\"*\")},!1)))}(window,document);\n\/\/# sourceURL=https:\/\/minutosantafe.ar\/%77%70%2d%69%6e%63%6c%75%64%65%73\/js\/wp-embed.min.js\n<\/script>\n","thumbnail_url":"https:\/\/minutosantafe.ar\/wp-content\/uploads\/2026\/09\/mileitelefono.webp","thumbnail_width":728,"thumbnail_height":500,"description":"\u201cManotazo de ahogado\u201d: excombatientes rechazan los anuncios de Milei sobre Malvinas En Radio 750, el integrante de la organizaci\u00f3n Mart\u00edn Raninqueo explic\u00f3 la postura del Centro de Ex Combatientes Islas Malvinas (CECIM) La Plata. Milei celular telefono\u00a0AFP &#8211; El\u00a0Centro Ex Combatientes Islas Malvinas\u00a0(CECIM) La Plata public\u00f3 un comunicado tras la..."}

Comunicado y condena por la utilización del reclamo - MinutoSantaFe.ar

<blockquote class="wp-embedded-content" data-secret="38lBuYurVF"><a href="https://minutosantafe.ar/comunicado-y-condena-por-la-utilizacion-del-reclamo/">Comunicado y condena por la utilización del reclamo</a></blockquote><iframe sandbox="allow-scripts" security="restricted" src="https://minutosantafe.ar/comunicado-y-condena-por-la-utilizacion-del-reclamo/embed/#?secret=38lBuYurVF" width="600" height="338" title="«Comunicado y condena por la utilización del reclamo» — MinutoSantaFe.ar" data-secret="38lBuYurVF" frameborder="0" marginwidth="0" marginheight="0" scrolling="no" class="wp-embedded-content"></iframe><script>
/*! This file is auto-generated */
!function(d,l){"use strict";l.querySelector&&d.addEventListener&&"undefined"!=typeof URL&&(d.wp=d.wp||{},d.wp.receiveEmbedMessage||(d.wp.receiveEmbedMessage=function(e){var t=e.data;if((t||t.secret||t.message||t.value)&&!/[^a-zA-Z0-9]/.test(t.secret)){for(var s,r,n,a=l.querySelectorAll('iframe[data-secret="'+t.secret+'"]'),o=l.querySelectorAll('blockquote[data-secret="'+t.secret+'"]'),c=new RegExp("^https?:$","i"),i=0;i<o.length;i++)o[i].style.display="none";for(i=0;i<a.length;i++)s=a[i],e.source===s.contentWindow&&(s.removeAttribute("style"),"height"===t.message?(1e3<(r=parseInt(t.value,10))?r=1e3:~~r<200&&(r=200),s.height=r):"link"===t.message&&(r=new URL(s.getAttribute("src")),n=new URL(t.value),c.test(n.protocol))&&n.host===r.host&&l.activeElement===s&&(d.top.location.href=t.value))}},d.addEventListener("message",d.wp.receiveEmbedMessage,!1),l.addEventListener("DOMContentLoaded",function(){for(var e,t,s=l.querySelectorAll("iframe.wp-embedded-content"),r=0;r<s.length;r++)(t=(e=s[r]).getAttribute("data-secret"))||(t=Math.random().toString(36).substring(2,12),e.src+="#?secret="+t,e.setAttribute("data-secret",t)),e.contentWindow.postMessage({message:"ready",secret:t},"*")},!1)))}(window,document);
//# sourceURL=https://minutosantafe.ar/%77%70%2d%69%6e%63%6c%75%64%65%73/js/wp-embed.min.js
</script>

“Manotazo de ahogado”: excombatientes rechazan los anuncios de Milei sobre Malvinas En Radio 750, el integrante de la organización Martín Raninqueo explicó la postura del Centro de Ex Combatientes Islas Malvinas (CECIM) La Plata. Milei celular telefono AFP &#8211; El Centro Ex Combatientes Islas Malvinas (CECIM) La Plata publicó un comunicado tras la...
