{"version":"1.0","provider_name":"MinutoSantaFe.ar","provider_url":"https:\/\/minutosantafe.ar","author_name":"Editor","author_url":"https:\/\/minutosantafe.ar\/author\/editor\/","title":"Concejo Municipal - MinutoSantaFe.ar","type":"rich","width":600,"height":338,"html":"<blockquote class=\"wp-embedded-content\" data-secret=\"yPBEYSnkrM\"><a href=\"https:\/\/minutosantafe.ar\/concejo-municipal\/\">Concejo Municipal<\/a><\/blockquote><iframe sandbox=\"allow-scripts\" security=\"restricted\" src=\"https:\/\/minutosantafe.ar\/concejo-municipal\/embed\/#?secret=yPBEYSnkrM\" width=\"600\" height=\"338\" title=\"\u00abConcejo Municipal\u00bb \u2014 MinutoSantaFe.ar\" data-secret=\"yPBEYSnkrM\" frameborder=\"0\" marginwidth=\"0\" marginheight=\"0\" scrolling=\"no\" class=\"wp-embedded-content\"><\/iframe><script type=\"text\/javascript\">\n\/* <![CDATA[ *\/\n\/*! This file is auto-generated *\/\n!function(d,l){\"use strict\";l.querySelector&&d.addEventListener&&\"undefined\"!=typeof URL&&(d.wp=d.wp||{},d.wp.receiveEmbedMessage||(d.wp.receiveEmbedMessage=function(e){var t=e.data;if((t||t.secret||t.message||t.value)&&!\/[^a-zA-Z0-9]\/.test(t.secret)){for(var s,r,n,a=l.querySelectorAll('iframe[data-secret=\"'+t.secret+'\"]'),o=l.querySelectorAll('blockquote[data-secret=\"'+t.secret+'\"]'),c=new RegExp(\"^https?:$\",\"i\"),i=0;i<o.length;i++)o[i].style.display=\"none\";for(i=0;i<a.length;i++)s=a[i],e.source===s.contentWindow&&(s.removeAttribute(\"style\"),\"height\"===t.message?(1e3<(r=parseInt(t.value,10))?r=1e3:~~r<200&&(r=200),s.height=r):\"link\"===t.message&&(r=new URL(s.getAttribute(\"src\")),n=new URL(t.value),c.test(n.protocol))&&n.host===r.host&&l.activeElement===s&&(d.top.location.href=t.value))}},d.addEventListener(\"message\",d.wp.receiveEmbedMessage,!1),l.addEventListener(\"DOMContentLoaded\",function(){for(var e,t,s=l.querySelectorAll(\"iframe.wp-embedded-content\"),r=0;r<s.length;r++)(t=(e=s[r]).getAttribute(\"data-secret\"))||(t=Math.random().toString(36).substring(2,12),e.src+=\"#?secret=\"+t,e.setAttribute(\"data-secret\",t)),e.contentWindow.postMessage({message:\"ready\",secret:t},\"*\")},!1)))}(window,document);\n\/\/# sourceURL=https:\/\/minutosantafe.ar\/%77%70%2d%69%6e%63%6c%75%64%65%73\/js\/wp-embed.min.js\n\/* ]]> *\/\n<\/script>\n","thumbnail_url":"https:\/\/i0.wp.com\/minutosantafe.ar\/wp-content\/uploads\/2020\/10\/04-Carafa-Concejo-para-RR-850x491-1.jpg?fit=850%2C491&ssl=1","thumbnail_width":850,"thumbnail_height":491,"description":"La agenda ad hoc &nbsp; \u201cUno de los indicadores b\u00e1sicos para medir el grado de inclusi\u00f3n financiera de un pa\u00eds, es el porcentaje de adultos que poseen al menos un tipo de cuenta de dep\u00f3sito\u201d, enunci\u00f3 la concejala Mar\u00eda Fernanda Gigliani (Iniciativa Popular), al reiterar en mayo un proyecto de..."}

La agenda ad hoc &nbsp; “Uno de los indicadores básicos para medir el grado de inclusión financiera de un país, es el porcentaje de adultos que poseen al menos un tipo de cuenta de depósito”, enunció la concejala María Fernanda Gigliani (Iniciativa Popular), al reiterar en mayo un proyecto de...
