{"version":"1.0","provider_name":"MinutoSantaFe.ar","provider_url":"https:\/\/minutosantafe.ar","author_name":"Editor","author_url":"https:\/\/minutosantafe.ar\/author\/editor\/","title":"Confirmaron cu\u00e1ndo volver\u00e1n las clases en Santa Fe - MinutoSantaFe.ar","type":"rich","width":600,"height":338,"html":"<blockquote class=\"wp-embedded-content\" data-secret=\"JzhULGpprM\"><a href=\"https:\/\/minutosantafe.ar\/confirmaron-cuando-volveran-las-clases-en-santa-fe\/\">Confirmaron cu\u00e1ndo volver\u00e1n las clases en Santa Fe<\/a><\/blockquote><iframe sandbox=\"allow-scripts\" security=\"restricted\" src=\"https:\/\/minutosantafe.ar\/confirmaron-cuando-volveran-las-clases-en-santa-fe\/embed\/#?secret=JzhULGpprM\" width=\"600\" height=\"338\" title=\"\u00abConfirmaron cu\u00e1ndo volver\u00e1n las clases en Santa Fe\u00bb \u2014 MinutoSantaFe.ar\" data-secret=\"JzhULGpprM\" frameborder=\"0\" marginwidth=\"0\" marginheight=\"0\" scrolling=\"no\" class=\"wp-embedded-content\"><\/iframe><script>\n\/*! This file is auto-generated *\/\n!function(d,l){\"use strict\";l.querySelector&&d.addEventListener&&\"undefined\"!=typeof URL&&(d.wp=d.wp||{},d.wp.receiveEmbedMessage||(d.wp.receiveEmbedMessage=function(e){var t=e.data;if((t||t.secret||t.message||t.value)&&!\/[^a-zA-Z0-9]\/.test(t.secret)){for(var s,r,n,a=l.querySelectorAll('iframe[data-secret=\"'+t.secret+'\"]'),o=l.querySelectorAll('blockquote[data-secret=\"'+t.secret+'\"]'),c=new RegExp(\"^https?:$\",\"i\"),i=0;i<o.length;i++)o[i].style.display=\"none\";for(i=0;i<a.length;i++)s=a[i],e.source===s.contentWindow&&(s.removeAttribute(\"style\"),\"height\"===t.message?(1e3<(r=parseInt(t.value,10))?r=1e3:~~r<200&&(r=200),s.height=r):\"link\"===t.message&&(r=new URL(s.getAttribute(\"src\")),n=new URL(t.value),c.test(n.protocol))&&n.host===r.host&&l.activeElement===s&&(d.top.location.href=t.value))}},d.addEventListener(\"message\",d.wp.receiveEmbedMessage,!1),l.addEventListener(\"DOMContentLoaded\",function(){for(var e,t,s=l.querySelectorAll(\"iframe.wp-embedded-content\"),r=0;r<s.length;r++)(t=(e=s[r]).getAttribute(\"data-secret\"))||(t=Math.random().toString(36).substring(2,12),e.src+=\"#?secret=\"+t,e.setAttribute(\"data-secret\",t)),e.contentWindow.postMessage({message:\"ready\",secret:t},\"*\")},!1)))}(window,document);\n\/\/# sourceURL=https:\/\/minutosantafe.ar\/%77%70%2d%69%6e%63%6c%75%64%65%73\/js\/wp-embed.min.js\n<\/script>\n","thumbnail_url":"https:\/\/i0.wp.com\/minutosantafe.ar\/wp-content\/uploads\/2020\/07\/vueltaaclasessantafe-741x486-1.jpg?fit=741%2C486&ssl=1","thumbnail_width":741,"thumbnail_height":486,"description":"El anuncio lo realiz\u00f3 el titular de la cartera Educativa nacional, Nicolas Trotta. El ministro de Educaci\u00f3n, Nicol\u00e1s Trotta, asegur\u00f3 que\u00a0las provincias que est\u00e9n en fase cinco con un nivel bajo de circulaci\u00f3n de COVID-19 son las primeras que empezar\u00e1n\u00a0a alternar las clases presenciales con las virtuales a partir del..."}

Confirmaron cuándo volverán las clases en Santa Fe - MinutoSantaFe.ar

<blockquote class="wp-embedded-content" data-secret="JzhULGpprM"><a href="https://minutosantafe.ar/confirmaron-cuando-volveran-las-clases-en-santa-fe/">Confirmaron cuándo volverán las clases en Santa Fe</a></blockquote><iframe sandbox="allow-scripts" security="restricted" src="https://minutosantafe.ar/confirmaron-cuando-volveran-las-clases-en-santa-fe/embed/#?secret=JzhULGpprM" width="600" height="338" title="«Confirmaron cuándo volverán las clases en Santa Fe» — MinutoSantaFe.ar" data-secret="JzhULGpprM" frameborder="0" marginwidth="0" marginheight="0" scrolling="no" class="wp-embedded-content"></iframe><script>
/*! This file is auto-generated */
!function(d,l){"use strict";l.querySelector&&d.addEventListener&&"undefined"!=typeof URL&&(d.wp=d.wp||{},d.wp.receiveEmbedMessage||(d.wp.receiveEmbedMessage=function(e){var t=e.data;if((t||t.secret||t.message||t.value)&&!/[^a-zA-Z0-9]/.test(t.secret)){for(var s,r,n,a=l.querySelectorAll('iframe[data-secret="'+t.secret+'"]'),o=l.querySelectorAll('blockquote[data-secret="'+t.secret+'"]'),c=new RegExp("^https?:$","i"),i=0;i<o.length;i++)o[i].style.display="none";for(i=0;i<a.length;i++)s=a[i],e.source===s.contentWindow&&(s.removeAttribute("style"),"height"===t.message?(1e3<(r=parseInt(t.value,10))?r=1e3:~~r<200&&(r=200),s.height=r):"link"===t.message&&(r=new URL(s.getAttribute("src")),n=new URL(t.value),c.test(n.protocol))&&n.host===r.host&&l.activeElement===s&&(d.top.location.href=t.value))}},d.addEventListener("message",d.wp.receiveEmbedMessage,!1),l.addEventListener("DOMContentLoaded",function(){for(var e,t,s=l.querySelectorAll("iframe.wp-embedded-content"),r=0;r<s.length;r++)(t=(e=s[r]).getAttribute("data-secret"))||(t=Math.random().toString(36).substring(2,12),e.src+="#?secret="+t,e.setAttribute("data-secret",t)),e.contentWindow.postMessage({message:"ready",secret:t},"*")},!1)))}(window,document);
//# sourceURL=https://minutosantafe.ar/%77%70%2d%69%6e%63%6c%75%64%65%73/js/wp-embed.min.js
</script>

El anuncio lo realizó el titular de la cartera Educativa nacional, Nicolas Trotta. El ministro de Educación, Nicolás Trotta, aseguró que las provincias que estén en fase cinco con un nivel bajo de circulación de COVID-19 son las primeras que empezarán a alternar las clases presenciales con las virtuales a partir del...
