{"version":"1.0","provider_name":"MinutoSantaFe.ar","provider_url":"https:\/\/minutosantafe.ar","author_name":"Editor","author_url":"https:\/\/minutosantafe.ar\/author\/editor\/","title":"Confirmaron las condenas por el crimen de Trasante - MinutoSantaFe.ar","type":"rich","width":600,"height":338,"html":"<blockquote class=\"wp-embedded-content\" data-secret=\"s16IoX7yIp\"><a href=\"https:\/\/minutosantafe.ar\/confirmaron-las-condenas-por-el-crimen-de-trasante\/\">Confirmaron las condenas por el crimen de Trasante<\/a><\/blockquote><iframe sandbox=\"allow-scripts\" security=\"restricted\" src=\"https:\/\/minutosantafe.ar\/confirmaron-las-condenas-por-el-crimen-de-trasante\/embed\/#?secret=s16IoX7yIp\" width=\"600\" height=\"338\" title=\"\u00abConfirmaron las condenas por el crimen de Trasante\u00bb \u2014 MinutoSantaFe.ar\" data-secret=\"s16IoX7yIp\" frameborder=\"0\" marginwidth=\"0\" marginheight=\"0\" scrolling=\"no\" class=\"wp-embedded-content\"><\/iframe><script>\n\/*! This file is auto-generated *\/\n!function(d,l){\"use strict\";l.querySelector&&d.addEventListener&&\"undefined\"!=typeof URL&&(d.wp=d.wp||{},d.wp.receiveEmbedMessage||(d.wp.receiveEmbedMessage=function(e){var t=e.data;if((t||t.secret||t.message||t.value)&&!\/[^a-zA-Z0-9]\/.test(t.secret)){for(var s,r,n,a=l.querySelectorAll('iframe[data-secret=\"'+t.secret+'\"]'),o=l.querySelectorAll('blockquote[data-secret=\"'+t.secret+'\"]'),c=new RegExp(\"^https?:$\",\"i\"),i=0;i<o.length;i++)o[i].style.display=\"none\";for(i=0;i<a.length;i++)s=a[i],e.source===s.contentWindow&&(s.removeAttribute(\"style\"),\"height\"===t.message?(1e3<(r=parseInt(t.value,10))?r=1e3:~~r<200&&(r=200),s.height=r):\"link\"===t.message&&(r=new URL(s.getAttribute(\"src\")),n=new URL(t.value),c.test(n.protocol))&&n.host===r.host&&l.activeElement===s&&(d.top.location.href=t.value))}},d.addEventListener(\"message\",d.wp.receiveEmbedMessage,!1),l.addEventListener(\"DOMContentLoaded\",function(){for(var e,t,s=l.querySelectorAll(\"iframe.wp-embedded-content\"),r=0;r<s.length;r++)(t=(e=s[r]).getAttribute(\"data-secret\"))||(t=Math.random().toString(36).substring(2,12),e.src+=\"#?secret=\"+t,e.setAttribute(\"data-secret\",t)),e.contentWindow.postMessage({message:\"ready\",secret:t},\"*\")},!1)))}(window,document);\n\/\/# sourceURL=https:\/\/minutosantafe.ar\/%77%70%2d%69%6e%63%6c%75%64%65%73\/js\/wp-embed.min.js\n<\/script>\n","thumbnail_url":"https:\/\/minutosantafe.ar\/wp-content\/uploads\/2025\/03\/eduardo-trasante-20200714-986382.jpg","thumbnail_width":987,"thumbnail_height":555,"description":"Los cuatro estuvieron en el plan La C\u00e1mara Penal confirm\u00f3 las condenas a prisi\u00f3n perpetua para los cuatro acusados como coautores del crimen del exconcejal Eduardo Trasante, cometido en julio de 2020. Se trata de las personas sentenciadas el a\u00f1o pasado por haber formado parte del plan criminal. \u00abEs lo..."}

Los cuatro estuvieron en el plan La Cámara Penal confirmó las condenas a prisión perpetua para los cuatro acusados como coautores del crimen del exconcejal Eduardo Trasante, cometido en julio de 2020. Se trata de las personas sentenciadas el año pasado por haber formado parte del plan criminal. «Es lo...
