{"version":"1.0","provider_name":"MinutoSantaFe.ar","provider_url":"https:\/\/minutosantafe.ar","author_name":"Editor","author_url":"https:\/\/minutosantafe.ar\/author\/editor\/","title":"Cristina Kirchner sum\u00f3 a H\u00e9ctor Recalde a su equipo t\u00e9cnico - MinutoSantaFe.ar","type":"rich","width":600,"height":338,"html":"<blockquote class=\"wp-embedded-content\" data-secret=\"D86BJ80s3j\"><a href=\"https:\/\/minutosantafe.ar\/cristina-kirchner-sumo-hector-recalde-equipo-tecnico\/\">Cristina Kirchner sum\u00f3 a H\u00e9ctor Recalde a su equipo t\u00e9cnico<\/a><\/blockquote><iframe sandbox=\"allow-scripts\" security=\"restricted\" src=\"https:\/\/minutosantafe.ar\/cristina-kirchner-sumo-hector-recalde-equipo-tecnico\/embed\/#?secret=D86BJ80s3j\" width=\"600\" height=\"338\" title=\"\u00abCristina Kirchner sum\u00f3 a H\u00e9ctor Recalde a su equipo t\u00e9cnico\u00bb \u2014 MinutoSantaFe.ar\" data-secret=\"D86BJ80s3j\" frameborder=\"0\" marginwidth=\"0\" marginheight=\"0\" scrolling=\"no\" class=\"wp-embedded-content\"><\/iframe><script>\n\/*! This file is auto-generated *\/\n!function(d,l){\"use strict\";l.querySelector&&d.addEventListener&&\"undefined\"!=typeof URL&&(d.wp=d.wp||{},d.wp.receiveEmbedMessage||(d.wp.receiveEmbedMessage=function(e){var t=e.data;if((t||t.secret||t.message||t.value)&&!\/[^a-zA-Z0-9]\/.test(t.secret)){for(var s,r,n,a=l.querySelectorAll('iframe[data-secret=\"'+t.secret+'\"]'),o=l.querySelectorAll('blockquote[data-secret=\"'+t.secret+'\"]'),c=new RegExp(\"^https?:$\",\"i\"),i=0;i<o.length;i++)o[i].style.display=\"none\";for(i=0;i<a.length;i++)s=a[i],e.source===s.contentWindow&&(s.removeAttribute(\"style\"),\"height\"===t.message?(1e3<(r=parseInt(t.value,10))?r=1e3:~~r<200&&(r=200),s.height=r):\"link\"===t.message&&(r=new URL(s.getAttribute(\"src\")),n=new URL(t.value),c.test(n.protocol))&&n.host===r.host&&l.activeElement===s&&(d.top.location.href=t.value))}},d.addEventListener(\"message\",d.wp.receiveEmbedMessage,!1),l.addEventListener(\"DOMContentLoaded\",function(){for(var e,t,s=l.querySelectorAll(\"iframe.wp-embedded-content\"),r=0;r<s.length;r++)(t=(e=s[r]).getAttribute(\"data-secret\"))||(t=Math.random().toString(36).substring(2,12),e.src+=\"#?secret=\"+t,e.setAttribute(\"data-secret\",t)),e.contentWindow.postMessage({message:\"ready\",secret:t},\"*\")},!1)))}(window,document);\n\/\/# sourceURL=https:\/\/minutosantafe.ar\/%77%70%2d%69%6e%63%6c%75%64%65%73\/js\/wp-embed.min.js\n<\/script>\n","thumbnail_url":"https:\/\/minutosantafe.ar\/%77%70%2d%63%6f%6e%74%65%6e%74\/uploads\/2020\/08\/minutologuin.png","thumbnail_width":514,"thumbnail_height":429,"description":"Un importante dirigente peronista se suma al grupo de asesores de la senadora nacional. Luego de dejar su banca en la\u00a0C\u00e1mara de Diputados, el abogado laboralista\u00a0H\u00e9ctor Recalde\u00a0se tom\u00f3 un tiempo de descanso para renovar las energ\u00edas y confirm\u00f3 que se integrar\u00e1 al grupo de asesores ad honorem de la senadora..."}

Cristina Kirchner sumó a Héctor Recalde a su equipo técnico - MinutoSantaFe.ar

<blockquote class="wp-embedded-content" data-secret="D86BJ80s3j"><a href="https://minutosantafe.ar/cristina-kirchner-sumo-hector-recalde-equipo-tecnico/">Cristina Kirchner sumó a Héctor Recalde a su equipo técnico</a></blockquote><iframe sandbox="allow-scripts" security="restricted" src="https://minutosantafe.ar/cristina-kirchner-sumo-hector-recalde-equipo-tecnico/embed/#?secret=D86BJ80s3j" width="600" height="338" title="«Cristina Kirchner sumó a Héctor Recalde a su equipo técnico» — MinutoSantaFe.ar" data-secret="D86BJ80s3j" frameborder="0" marginwidth="0" marginheight="0" scrolling="no" class="wp-embedded-content"></iframe><script>
/*! This file is auto-generated */
!function(d,l){"use strict";l.querySelector&&d.addEventListener&&"undefined"!=typeof URL&&(d.wp=d.wp||{},d.wp.receiveEmbedMessage||(d.wp.receiveEmbedMessage=function(e){var t=e.data;if((t||t.secret||t.message||t.value)&&!/[^a-zA-Z0-9]/.test(t.secret)){for(var s,r,n,a=l.querySelectorAll('iframe[data-secret="'+t.secret+'"]'),o=l.querySelectorAll('blockquote[data-secret="'+t.secret+'"]'),c=new RegExp("^https?:$","i"),i=0;i<o.length;i++)o[i].style.display="none";for(i=0;i<a.length;i++)s=a[i],e.source===s.contentWindow&&(s.removeAttribute("style"),"height"===t.message?(1e3<(r=parseInt(t.value,10))?r=1e3:~~r<200&&(r=200),s.height=r):"link"===t.message&&(r=new URL(s.getAttribute("src")),n=new URL(t.value),c.test(n.protocol))&&n.host===r.host&&l.activeElement===s&&(d.top.location.href=t.value))}},d.addEventListener("message",d.wp.receiveEmbedMessage,!1),l.addEventListener("DOMContentLoaded",function(){for(var e,t,s=l.querySelectorAll("iframe.wp-embedded-content"),r=0;r<s.length;r++)(t=(e=s[r]).getAttribute("data-secret"))||(t=Math.random().toString(36).substring(2,12),e.src+="#?secret="+t,e.setAttribute("data-secret",t)),e.contentWindow.postMessage({message:"ready",secret:t},"*")},!1)))}(window,document);
//# sourceURL=https://minutosantafe.ar/%77%70%2d%69%6e%63%6c%75%64%65%73/js/wp-embed.min.js
</script>

Un importante dirigente peronista se suma al grupo de asesores de la senadora nacional. Luego de dejar su banca en la Cámara de Diputados, el abogado laboralista Héctor Recalde se tomó un tiempo de descanso para renovar las energías y confirmó que se integrará al grupo de asesores ad honorem de la senadora...
