{"version":"1.0","provider_name":"MinutoSantaFe.ar","provider_url":"https:\/\/minutosantafe.ar","author_name":"Editor","author_url":"https:\/\/minutosantafe.ar\/author\/editor\/","title":"Cuarentena incumplida: repart\u00edan pantuflas en una ambulancia - MinutoSantaFe.ar","type":"rich","width":600,"height":338,"html":"<blockquote class=\"wp-embedded-content\" data-secret=\"j8gpeVEIj2\"><a href=\"https:\/\/minutosantafe.ar\/cuarentena-incumplida-repartian-pantuflas-en-una-ambulancia\/\">Cuarentena incumplida: repart\u00edan pantuflas en una ambulancia<\/a><\/blockquote><iframe sandbox=\"allow-scripts\" security=\"restricted\" src=\"https:\/\/minutosantafe.ar\/cuarentena-incumplida-repartian-pantuflas-en-una-ambulancia\/embed\/#?secret=j8gpeVEIj2\" width=\"600\" height=\"338\" title=\"\u00abCuarentena incumplida: repart\u00edan pantuflas en una ambulancia\u00bb \u2014 MinutoSantaFe.ar\" data-secret=\"j8gpeVEIj2\" frameborder=\"0\" marginwidth=\"0\" marginheight=\"0\" scrolling=\"no\" class=\"wp-embedded-content\"><\/iframe><script type=\"text\/javascript\">\n\/* <![CDATA[ *\/\n\/*! This file is auto-generated *\/\n!function(d,l){\"use strict\";l.querySelector&&d.addEventListener&&\"undefined\"!=typeof URL&&(d.wp=d.wp||{},d.wp.receiveEmbedMessage||(d.wp.receiveEmbedMessage=function(e){var t=e.data;if((t||t.secret||t.message||t.value)&&!\/[^a-zA-Z0-9]\/.test(t.secret)){for(var s,r,n,a=l.querySelectorAll('iframe[data-secret=\"'+t.secret+'\"]'),o=l.querySelectorAll('blockquote[data-secret=\"'+t.secret+'\"]'),c=new RegExp(\"^https?:$\",\"i\"),i=0;i<o.length;i++)o[i].style.display=\"none\";for(i=0;i<a.length;i++)s=a[i],e.source===s.contentWindow&&(s.removeAttribute(\"style\"),\"height\"===t.message?(1e3<(r=parseInt(t.value,10))?r=1e3:~~r<200&&(r=200),s.height=r):\"link\"===t.message&&(r=new URL(s.getAttribute(\"src\")),n=new URL(t.value),c.test(n.protocol))&&n.host===r.host&&l.activeElement===s&&(d.top.location.href=t.value))}},d.addEventListener(\"message\",d.wp.receiveEmbedMessage,!1),l.addEventListener(\"DOMContentLoaded\",function(){for(var e,t,s=l.querySelectorAll(\"iframe.wp-embedded-content\"),r=0;r<s.length;r++)(t=(e=s[r]).getAttribute(\"data-secret\"))||(t=Math.random().toString(36).substring(2,12),e.src+=\"#?secret=\"+t,e.setAttribute(\"data-secret\",t)),e.contentWindow.postMessage({message:\"ready\",secret:t},\"*\")},!1)))}(window,document);\n\/\/# sourceURL=https:\/\/minutosantafe.ar\/%77%70%2d%69%6e%63%6c%75%64%65%73\/js\/wp-embed.min.js\n\/* ]]> *\/\n<\/script>\n","thumbnail_url":"https:\/\/i0.wp.com\/minutosantafe.ar\/wp-content\/uploads\/2020\/04\/0037581913-1.jpeg?fit=1140%2C640&ssl=1","thumbnail_width":1140,"thumbnail_height":640,"description":"Detuvieron a doce personas que formaban parte una organizaci\u00f3n que comercializaba mercader\u00eda en una ambulancia incumpliendo la cuarentena en la Ciudad. Doce personas fueron detenidas en el barrio porte\u00f1o de Once luego de que se constatara que traficaban mercader\u00eda no autorizada dentro de una ambulancia en plena\u00a0cuarentena. Entre los detenidos..."}

Cuarentena incumplida: repartían pantuflas en una ambulancia - MinutoSantaFe.ar

<blockquote class="wp-embedded-content" data-secret="j8gpeVEIj2"><a href="https://minutosantafe.ar/cuarentena-incumplida-repartian-pantuflas-en-una-ambulancia/">Cuarentena incumplida: repartían pantuflas en una ambulancia</a></blockquote><iframe sandbox="allow-scripts" security="restricted" src="https://minutosantafe.ar/cuarentena-incumplida-repartian-pantuflas-en-una-ambulancia/embed/#?secret=j8gpeVEIj2" width="600" height="338" title="«Cuarentena incumplida: repartían pantuflas en una ambulancia» — MinutoSantaFe.ar" data-secret="j8gpeVEIj2" frameborder="0" marginwidth="0" marginheight="0" scrolling="no" class="wp-embedded-content"></iframe><script type="text/javascript">
/* <![CDATA[ */
/*! This file is auto-generated */
!function(d,l){"use strict";l.querySelector&&d.addEventListener&&"undefined"!=typeof URL&&(d.wp=d.wp||{},d.wp.receiveEmbedMessage||(d.wp.receiveEmbedMessage=function(e){var t=e.data;if((t||t.secret||t.message||t.value)&&!/[^a-zA-Z0-9]/.test(t.secret)){for(var s,r,n,a=l.querySelectorAll('iframe[data-secret="'+t.secret+'"]'),o=l.querySelectorAll('blockquote[data-secret="'+t.secret+'"]'),c=new RegExp("^https?:$","i"),i=0;i<o.length;i++)o[i].style.display="none";for(i=0;i<a.length;i++)s=a[i],e.source===s.contentWindow&&(s.removeAttribute("style"),"height"===t.message?(1e3<(r=parseInt(t.value,10))?r=1e3:~~r<200&&(r=200),s.height=r):"link"===t.message&&(r=new URL(s.getAttribute("src")),n=new URL(t.value),c.test(n.protocol))&&n.host===r.host&&l.activeElement===s&&(d.top.location.href=t.value))}},d.addEventListener("message",d.wp.receiveEmbedMessage,!1),l.addEventListener("DOMContentLoaded",function(){for(var e,t,s=l.querySelectorAll("iframe.wp-embedded-content"),r=0;r<s.length;r++)(t=(e=s[r]).getAttribute("data-secret"))||(t=Math.random().toString(36).substring(2,12),e.src+="#?secret="+t,e.setAttribute("data-secret",t)),e.contentWindow.postMessage({message:"ready",secret:t},"*")},!1)))}(window,document);
//# sourceURL=https://minutosantafe.ar/%77%70%2d%69%6e%63%6c%75%64%65%73/js/wp-embed.min.js
/* ]]> */
</script>

Detuvieron a doce personas que formaban parte una organización que comercializaba mercadería en una ambulancia incumpliendo la cuarentena en la Ciudad. Doce personas fueron detenidas en el barrio porteño de Once luego de que se constatara que traficaban mercadería no autorizada dentro de una ambulancia en plena cuarentena. Entre los detenidos...
