{"version":"1.0","provider_name":"MinutoSantaFe.ar","provider_url":"https:\/\/minutosantafe.ar","author_name":"Editor","author_url":"https:\/\/minutosantafe.ar\/author\/editor\/","title":"Cuestionan la demora para finalizar las obras del aeropuerto - MinutoSantaFe.ar","type":"rich","width":600,"height":338,"html":"<blockquote class=\"wp-embedded-content\" data-secret=\"lSUslK9I2U\"><a href=\"https:\/\/minutosantafe.ar\/cuestionan-la-demora-para-finalizar-las-obras-del-aeropuerto\/\">Cuestionan la demora para finalizar las obras del aeropuerto<\/a><\/blockquote><iframe sandbox=\"allow-scripts\" security=\"restricted\" src=\"https:\/\/minutosantafe.ar\/cuestionan-la-demora-para-finalizar-las-obras-del-aeropuerto\/embed\/#?secret=lSUslK9I2U\" width=\"600\" height=\"338\" title=\"\u00abCuestionan la demora para finalizar las obras del aeropuerto\u00bb \u2014 MinutoSantaFe.ar\" data-secret=\"lSUslK9I2U\" frameborder=\"0\" marginwidth=\"0\" marginheight=\"0\" scrolling=\"no\" class=\"wp-embedded-content\"><\/iframe><script>\n\/*! This file is auto-generated *\/\n!function(d,l){\"use strict\";l.querySelector&&d.addEventListener&&\"undefined\"!=typeof URL&&(d.wp=d.wp||{},d.wp.receiveEmbedMessage||(d.wp.receiveEmbedMessage=function(e){var t=e.data;if((t||t.secret||t.message||t.value)&&!\/[^a-zA-Z0-9]\/.test(t.secret)){for(var s,r,n,a=l.querySelectorAll('iframe[data-secret=\"'+t.secret+'\"]'),o=l.querySelectorAll('blockquote[data-secret=\"'+t.secret+'\"]'),c=new RegExp(\"^https?:$\",\"i\"),i=0;i<o.length;i++)o[i].style.display=\"none\";for(i=0;i<a.length;i++)s=a[i],e.source===s.contentWindow&&(s.removeAttribute(\"style\"),\"height\"===t.message?(1e3<(r=parseInt(t.value,10))?r=1e3:~~r<200&&(r=200),s.height=r):\"link\"===t.message&&(r=new URL(s.getAttribute(\"src\")),n=new URL(t.value),c.test(n.protocol))&&n.host===r.host&&l.activeElement===s&&(d.top.location.href=t.value))}},d.addEventListener(\"message\",d.wp.receiveEmbedMessage,!1),l.addEventListener(\"DOMContentLoaded\",function(){for(var e,t,s=l.querySelectorAll(\"iframe.wp-embedded-content\"),r=0;r<s.length;r++)(t=(e=s[r]).getAttribute(\"data-secret\"))||(t=Math.random().toString(36).substring(2,12),e.src+=\"#?secret=\"+t,e.setAttribute(\"data-secret\",t)),e.contentWindow.postMessage({message:\"ready\",secret:t},\"*\")},!1)))}(window,document);\n\/\/# sourceURL=https:\/\/minutosantafe.ar\/%77%70%2d%69%6e%63%6c%75%64%65%73\/js\/wp-embed.min.js\n<\/script>\n","thumbnail_url":"https:\/\/i0.wp.com\/minutosantafe.ar\/wp-content\/uploads\/2018\/07\/0023966712.jpg?fit=642%2C361&ssl=1","thumbnail_width":642,"thumbnail_height":361,"description":"El diputado Lucas Incicco critic\u00f3 la extensi\u00f3n de los plazos de la ampliaci\u00f3n de la plataforma y que a\u00fan no est\u00e9 terminado el cerco perimetral. El diputado nacional de Cambiemos, Lucas Incicco, critic\u00f3 las demoras en la ejecuci\u00f3n de los trabajos de renovaci\u00f3n de la plataforma en el aeropuerto Inernacional..."}

El diputado Lucas Incicco criticó la extensión de los plazos de la ampliación de la plataforma y que aún no esté terminado el cerco perimetral. El diputado nacional de Cambiemos, Lucas Incicco, criticó las demoras en la ejecución de los trabajos de renovación de la plataforma en el aeropuerto Inernacional...
