{"version":"1.0","provider_name":"MinutoSantaFe.ar","provider_url":"https:\/\/minutosantafe.ar","author_name":"Editor","author_url":"https:\/\/minutosantafe.ar\/author\/editor\/","title":"Dalb\u00f3n explot\u00f3 contra Bonad\u00edo tras el informe del juez - MinutoSantaFe.ar","type":"rich","width":600,"height":338,"html":"<blockquote class=\"wp-embedded-content\" data-secret=\"77ex3jVYdu\"><a href=\"https:\/\/minutosantafe.ar\/dalbon-exploto-contra-bonadio-tras-el-informe-del-juez\/\">Dalb\u00f3n explot\u00f3 contra Bonad\u00edo tras el informe del juez<\/a><\/blockquote><iframe sandbox=\"allow-scripts\" security=\"restricted\" src=\"https:\/\/minutosantafe.ar\/dalbon-exploto-contra-bonadio-tras-el-informe-del-juez\/embed\/#?secret=77ex3jVYdu\" width=\"600\" height=\"338\" title=\"\u00abDalb\u00f3n explot\u00f3 contra Bonad\u00edo tras el informe del juez\u00bb \u2014 MinutoSantaFe.ar\" data-secret=\"77ex3jVYdu\" frameborder=\"0\" marginwidth=\"0\" marginheight=\"0\" scrolling=\"no\" class=\"wp-embedded-content\"><\/iframe><script>\n\/*! This file is auto-generated *\/\n!function(d,l){\"use strict\";l.querySelector&&d.addEventListener&&\"undefined\"!=typeof URL&&(d.wp=d.wp||{},d.wp.receiveEmbedMessage||(d.wp.receiveEmbedMessage=function(e){var t=e.data;if((t||t.secret||t.message||t.value)&&!\/[^a-zA-Z0-9]\/.test(t.secret)){for(var s,r,n,a=l.querySelectorAll('iframe[data-secret=\"'+t.secret+'\"]'),o=l.querySelectorAll('blockquote[data-secret=\"'+t.secret+'\"]'),c=new RegExp(\"^https?:$\",\"i\"),i=0;i<o.length;i++)o[i].style.display=\"none\";for(i=0;i<a.length;i++)s=a[i],e.source===s.contentWindow&&(s.removeAttribute(\"style\"),\"height\"===t.message?(1e3<(r=parseInt(t.value,10))?r=1e3:~~r<200&&(r=200),s.height=r):\"link\"===t.message&&(r=new URL(s.getAttribute(\"src\")),n=new URL(t.value),c.test(n.protocol))&&n.host===r.host&&l.activeElement===s&&(d.top.location.href=t.value))}},d.addEventListener(\"message\",d.wp.receiveEmbedMessage,!1),l.addEventListener(\"DOMContentLoaded\",function(){for(var e,t,s=l.querySelectorAll(\"iframe.wp-embedded-content\"),r=0;r<s.length;r++)(t=(e=s[r]).getAttribute(\"data-secret\"))||(t=Math.random().toString(36).substring(2,12),e.src+=\"#?secret=\"+t,e.setAttribute(\"data-secret\",t)),e.contentWindow.postMessage({message:\"ready\",secret:t},\"*\")},!1)))}(window,document);\n\/\/# sourceURL=https:\/\/minutosantafe.ar\/%77%70%2d%69%6e%63%6c%75%64%65%73\/js\/wp-embed.min.js\n<\/script>\n","description":"La respuesta del abogado de Cristina al juez Luego de que el juzgado del juez federal\u00a0Claudio Bonadio\u00a0publicara un informe en el que considera a\u00a0Cristina Kirchner\u00a0como la l\u00edder de una \u00aborganizaci\u00f3n delictiva conformada por funcionarios p\u00fablicos\u00bb, el abogado de la senadora le envi\u00f3 un contundente mensaje. El viernes por la noche...","thumbnail_url":"https:\/\/minutosantafe.ar\/%77%70%2d%63%6f%6e%74%65%6e%74\/uploads\/2020\/08\/minutologuin.png","thumbnail_width":514,"thumbnail_height":429}

Dalbón explotó contra Bonadío tras el informe del juez - MinutoSantaFe.ar

<blockquote class="wp-embedded-content" data-secret="77ex3jVYdu"><a href="https://minutosantafe.ar/dalbon-exploto-contra-bonadio-tras-el-informe-del-juez/">Dalbón explotó contra Bonadío tras el informe del juez</a></blockquote><iframe sandbox="allow-scripts" security="restricted" src="https://minutosantafe.ar/dalbon-exploto-contra-bonadio-tras-el-informe-del-juez/embed/#?secret=77ex3jVYdu" width="600" height="338" title="«Dalbón explotó contra Bonadío tras el informe del juez» — MinutoSantaFe.ar" data-secret="77ex3jVYdu" frameborder="0" marginwidth="0" marginheight="0" scrolling="no" class="wp-embedded-content"></iframe><script>
/*! This file is auto-generated */
!function(d,l){"use strict";l.querySelector&&d.addEventListener&&"undefined"!=typeof URL&&(d.wp=d.wp||{},d.wp.receiveEmbedMessage||(d.wp.receiveEmbedMessage=function(e){var t=e.data;if((t||t.secret||t.message||t.value)&&!/[^a-zA-Z0-9]/.test(t.secret)){for(var s,r,n,a=l.querySelectorAll('iframe[data-secret="'+t.secret+'"]'),o=l.querySelectorAll('blockquote[data-secret="'+t.secret+'"]'),c=new RegExp("^https?:$","i"),i=0;i<o.length;i++)o[i].style.display="none";for(i=0;i<a.length;i++)s=a[i],e.source===s.contentWindow&&(s.removeAttribute("style"),"height"===t.message?(1e3<(r=parseInt(t.value,10))?r=1e3:~~r<200&&(r=200),s.height=r):"link"===t.message&&(r=new URL(s.getAttribute("src")),n=new URL(t.value),c.test(n.protocol))&&n.host===r.host&&l.activeElement===s&&(d.top.location.href=t.value))}},d.addEventListener("message",d.wp.receiveEmbedMessage,!1),l.addEventListener("DOMContentLoaded",function(){for(var e,t,s=l.querySelectorAll("iframe.wp-embedded-content"),r=0;r<s.length;r++)(t=(e=s[r]).getAttribute("data-secret"))||(t=Math.random().toString(36).substring(2,12),e.src+="#?secret="+t,e.setAttribute("data-secret",t)),e.contentWindow.postMessage({message:"ready",secret:t},"*")},!1)))}(window,document);
//# sourceURL=https://minutosantafe.ar/%77%70%2d%69%6e%63%6c%75%64%65%73/js/wp-embed.min.js
</script>

La respuesta del abogado de Cristina al juez Luego de que el juzgado del juez federal Claudio Bonadio publicara un informe en el que considera a Cristina Kirchner como la líder de una «organización delictiva conformada por funcionarios públicos», el abogado de la senadora le envió un contundente mensaje. El viernes por la noche...
