{"version":"1.0","provider_name":"MinutoSantaFe.ar","provider_url":"https:\/\/minutosantafe.ar","author_name":"Editor","author_url":"https:\/\/minutosantafe.ar\/author\/editor\/","title":"Despedida a tres bandas - MinutoSantaFe.ar","type":"rich","width":600,"height":338,"html":"<blockquote class=\"wp-embedded-content\" data-secret=\"URA5XCxJ8P\"><a href=\"https:\/\/minutosantafe.ar\/despedida-a-tres-bandas\/\">Despedida a tres bandas<\/a><\/blockquote><iframe sandbox=\"allow-scripts\" security=\"restricted\" src=\"https:\/\/minutosantafe.ar\/despedida-a-tres-bandas\/embed\/#?secret=URA5XCxJ8P\" width=\"600\" height=\"338\" title=\"\u00abDespedida a tres bandas\u00bb \u2014 MinutoSantaFe.ar\" data-secret=\"URA5XCxJ8P\" frameborder=\"0\" marginwidth=\"0\" marginheight=\"0\" scrolling=\"no\" class=\"wp-embedded-content\"><\/iframe><script>\n\/*! This file is auto-generated *\/\n!function(d,l){\"use strict\";l.querySelector&&d.addEventListener&&\"undefined\"!=typeof URL&&(d.wp=d.wp||{},d.wp.receiveEmbedMessage||(d.wp.receiveEmbedMessage=function(e){var t=e.data;if((t||t.secret||t.message||t.value)&&!\/[^a-zA-Z0-9]\/.test(t.secret)){for(var s,r,n,a=l.querySelectorAll('iframe[data-secret=\"'+t.secret+'\"]'),o=l.querySelectorAll('blockquote[data-secret=\"'+t.secret+'\"]'),c=new RegExp(\"^https?:$\",\"i\"),i=0;i<o.length;i++)o[i].style.display=\"none\";for(i=0;i<a.length;i++)s=a[i],e.source===s.contentWindow&&(s.removeAttribute(\"style\"),\"height\"===t.message?(1e3<(r=parseInt(t.value,10))?r=1e3:~~r<200&&(r=200),s.height=r):\"link\"===t.message&&(r=new URL(s.getAttribute(\"src\")),n=new URL(t.value),c.test(n.protocol))&&n.host===r.host&&l.activeElement===s&&(d.top.location.href=t.value))}},d.addEventListener(\"message\",d.wp.receiveEmbedMessage,!1),l.addEventListener(\"DOMContentLoaded\",function(){for(var e,t,s=l.querySelectorAll(\"iframe.wp-embedded-content\"),r=0;r<s.length;r++)(t=(e=s[r]).getAttribute(\"data-secret\"))||(t=Math.random().toString(36).substring(2,12),e.src+=\"#?secret=\"+t,e.setAttribute(\"data-secret\",t)),e.contentWindow.postMessage({message:\"ready\",secret:t},\"*\")},!1)))}(window,document);\n\/\/# sourceURL=https:\/\/minutosantafe.ar\/%77%70%2d%69%6e%63%6c%75%64%65%73\/js\/wp-embed.min.js\n<\/script>\n","thumbnail_url":"https:\/\/i0.wp.com\/minutosantafe.ar\/wp-content\/uploads\/2023\/02\/20230205-Titi-Fernandez-besando-la-Copa-Qatar-2022-Captura-de-TV-767x511-1.jpg?fit=767%2C511&ssl=1","thumbnail_width":767,"thumbnail_height":511,"description":"Faltan ya menos de tres a\u00f1os y medio para que en tres pa\u00edses de Am\u00e9rica del Norte se inicie el Mundial de f\u00fatbol 2026. Puede ocurrir \u2013eso s\u00ed que ser\u00eda una malsana casualidad\u2013 que para esa fecha tres emblemas \u00fanicos no asistan a la cita. Lionel Messi disput\u00f3 ya cinco..."}

Faltan ya menos de tres años y medio para que en tres países de América del Norte se inicie el Mundial de fútbol 2026. Puede ocurrir –eso sí que sería una malsana casualidad– que para esa fecha tres emblemas únicos no asistan a la cita. Lionel Messi disputó ya cinco...
