{"version":"1.0","provider_name":"MinutoSantaFe.ar","provider_url":"https:\/\/minutosantafe.ar","author_name":"Editor","author_url":"https:\/\/minutosantafe.ar\/author\/editor\/","title":"Despu\u00e9s del cierre in\u00e9dito y los insultos de Milei - MinutoSantaFe.ar","type":"rich","width":600,"height":338,"html":"<blockquote class=\"wp-embedded-content\" data-secret=\"A47w6qk1Fa\"><a href=\"https:\/\/minutosantafe.ar\/despues-del-cierre-inedito-y-los-insultos-de-milei\/\">Despu\u00e9s del cierre in\u00e9dito y los insultos de Milei<\/a><\/blockquote><iframe sandbox=\"allow-scripts\" security=\"restricted\" src=\"https:\/\/minutosantafe.ar\/despues-del-cierre-inedito-y-los-insultos-de-milei\/embed\/#?secret=A47w6qk1Fa\" width=\"600\" height=\"338\" title=\"\u00abDespu\u00e9s del cierre in\u00e9dito y los insultos de Milei\u00bb \u2014 MinutoSantaFe.ar\" data-secret=\"A47w6qk1Fa\" frameborder=\"0\" marginwidth=\"0\" marginheight=\"0\" scrolling=\"no\" class=\"wp-embedded-content\"><\/iframe><script type=\"text\/javascript\">\n\/* <![CDATA[ *\/\n\/*! This file is auto-generated *\/\n!function(d,l){\"use strict\";l.querySelector&&d.addEventListener&&\"undefined\"!=typeof URL&&(d.wp=d.wp||{},d.wp.receiveEmbedMessage||(d.wp.receiveEmbedMessage=function(e){var t=e.data;if((t||t.secret||t.message||t.value)&&!\/[^a-zA-Z0-9]\/.test(t.secret)){for(var s,r,n,a=l.querySelectorAll('iframe[data-secret=\"'+t.secret+'\"]'),o=l.querySelectorAll('blockquote[data-secret=\"'+t.secret+'\"]'),c=new RegExp(\"^https?:$\",\"i\"),i=0;i<o.length;i++)o[i].style.display=\"none\";for(i=0;i<a.length;i++)s=a[i],e.source===s.contentWindow&&(s.removeAttribute(\"style\"),\"height\"===t.message?(1e3<(r=parseInt(t.value,10))?r=1e3:~~r<200&&(r=200),s.height=r):\"link\"===t.message&&(r=new URL(s.getAttribute(\"src\")),n=new URL(t.value),c.test(n.protocol))&&n.host===r.host&&l.activeElement===s&&(d.top.location.href=t.value))}},d.addEventListener(\"message\",d.wp.receiveEmbedMessage,!1),l.addEventListener(\"DOMContentLoaded\",function(){for(var e,t,s=l.querySelectorAll(\"iframe.wp-embedded-content\"),r=0;r<s.length;r++)(t=(e=s[r]).getAttribute(\"data-secret\"))||(t=Math.random().toString(36).substring(2,12),e.src+=\"#?secret=\"+t,e.setAttribute(\"data-secret\",t)),e.contentWindow.postMessage({message:\"ready\",secret:t},\"*\")},!1)))}(window,document);\n\/\/# sourceURL=https:\/\/minutosantafe.ar\/%77%70%2d%69%6e%63%6c%75%64%65%73\/js\/wp-embed.min.js\n\/* ]]> *\/\n<\/script>\n","thumbnail_url":"https:\/\/minutosantafe.ar\/%77%70%2d%63%6f%6e%74%65%6e%74\/uploads\/2026\/04\/images-1-37.jpg","thumbnail_width":201,"thumbnail_height":251,"description":"El Gobierno reabrir\u00e1 la sala de periodistas en Casa Rosada y Adorni brindar\u00e1 una conferencia Horas despu\u00e9s de que los diputados de la oposici\u00f3n se reunieran en comisi\u00f3n para denunciar los embates oficiales contra la libertad de expresi\u00f3n, el Ejecutivo confirm\u00f3 que habilitar\u00e1 nuevamente el ingreso a trabajadores de prensa...."}

Después del cierre inédito y los insultos de Milei - MinutoSantaFe.ar

<blockquote class="wp-embedded-content" data-secret="A47w6qk1Fa"><a href="https://minutosantafe.ar/despues-del-cierre-inedito-y-los-insultos-de-milei/">Después del cierre inédito y los insultos de Milei</a></blockquote><iframe sandbox="allow-scripts" security="restricted" src="https://minutosantafe.ar/despues-del-cierre-inedito-y-los-insultos-de-milei/embed/#?secret=A47w6qk1Fa" width="600" height="338" title="«Después del cierre inédito y los insultos de Milei» — MinutoSantaFe.ar" data-secret="A47w6qk1Fa" frameborder="0" marginwidth="0" marginheight="0" scrolling="no" class="wp-embedded-content"></iframe><script type="text/javascript">
/* <![CDATA[ */
/*! This file is auto-generated */
!function(d,l){"use strict";l.querySelector&&d.addEventListener&&"undefined"!=typeof URL&&(d.wp=d.wp||{},d.wp.receiveEmbedMessage||(d.wp.receiveEmbedMessage=function(e){var t=e.data;if((t||t.secret||t.message||t.value)&&!/[^a-zA-Z0-9]/.test(t.secret)){for(var s,r,n,a=l.querySelectorAll('iframe[data-secret="'+t.secret+'"]'),o=l.querySelectorAll('blockquote[data-secret="'+t.secret+'"]'),c=new RegExp("^https?:$","i"),i=0;i<o.length;i++)o[i].style.display="none";for(i=0;i<a.length;i++)s=a[i],e.source===s.contentWindow&&(s.removeAttribute("style"),"height"===t.message?(1e3<(r=parseInt(t.value,10))?r=1e3:~~r<200&&(r=200),s.height=r):"link"===t.message&&(r=new URL(s.getAttribute("src")),n=new URL(t.value),c.test(n.protocol))&&n.host===r.host&&l.activeElement===s&&(d.top.location.href=t.value))}},d.addEventListener("message",d.wp.receiveEmbedMessage,!1),l.addEventListener("DOMContentLoaded",function(){for(var e,t,s=l.querySelectorAll("iframe.wp-embedded-content"),r=0;r<s.length;r++)(t=(e=s[r]).getAttribute("data-secret"))||(t=Math.random().toString(36).substring(2,12),e.src+="#?secret="+t,e.setAttribute("data-secret",t)),e.contentWindow.postMessage({message:"ready",secret:t},"*")},!1)))}(window,document);
//# sourceURL=https://minutosantafe.ar/%77%70%2d%69%6e%63%6c%75%64%65%73/js/wp-embed.min.js
/* ]]> */
</script>

El Gobierno reabrirá la sala de periodistas en Casa Rosada y Adorni brindará una conferencia Horas después de que los diputados de la oposición se reunieran en comisión para denunciar los embates oficiales contra la libertad de expresión, el Ejecutivo confirmó que habilitará nuevamente el ingreso a trabajadores de prensa....
