{"version":"1.0","provider_name":"MinutoSantaFe.ar","provider_url":"https:\/\/minutosantafe.ar","author_name":"Editor","author_url":"https:\/\/minutosantafe.ar\/author\/editor\/","title":"Diputados solicitar\u00e1n una \"sesi\u00f3n especial\" de la C\u00e1mara - MinutoSantaFe.ar","type":"rich","width":600,"height":338,"html":"<blockquote class=\"wp-embedded-content\" data-secret=\"KeOLR7gMu7\"><a href=\"https:\/\/minutosantafe.ar\/diputados-solicitaran-una-sesion-especial-de-la-camara\/\">Diputados solicitar\u00e1n una \u00absesi\u00f3n especial\u00bb de la C\u00e1mara<\/a><\/blockquote><iframe sandbox=\"allow-scripts\" security=\"restricted\" src=\"https:\/\/minutosantafe.ar\/diputados-solicitaran-una-sesion-especial-de-la-camara\/embed\/#?secret=KeOLR7gMu7\" width=\"600\" height=\"338\" title=\"\u00abDiputados solicitar\u00e1n una \u00absesi\u00f3n especial\u00bb de la C\u00e1mara\u00bb \u2014 MinutoSantaFe.ar\" data-secret=\"KeOLR7gMu7\" frameborder=\"0\" marginwidth=\"0\" marginheight=\"0\" scrolling=\"no\" class=\"wp-embedded-content\"><\/iframe><script>\n\/*! This file is auto-generated *\/\n!function(d,l){\"use strict\";l.querySelector&&d.addEventListener&&\"undefined\"!=typeof URL&&(d.wp=d.wp||{},d.wp.receiveEmbedMessage||(d.wp.receiveEmbedMessage=function(e){var t=e.data;if((t||t.secret||t.message||t.value)&&!\/[^a-zA-Z0-9]\/.test(t.secret)){for(var s,r,n,a=l.querySelectorAll('iframe[data-secret=\"'+t.secret+'\"]'),o=l.querySelectorAll('blockquote[data-secret=\"'+t.secret+'\"]'),c=new RegExp(\"^https?:$\",\"i\"),i=0;i<o.length;i++)o[i].style.display=\"none\";for(i=0;i<a.length;i++)s=a[i],e.source===s.contentWindow&&(s.removeAttribute(\"style\"),\"height\"===t.message?(1e3<(r=parseInt(t.value,10))?r=1e3:~~r<200&&(r=200),s.height=r):\"link\"===t.message&&(r=new URL(s.getAttribute(\"src\")),n=new URL(t.value),c.test(n.protocol))&&n.host===r.host&&l.activeElement===s&&(d.top.location.href=t.value))}},d.addEventListener(\"message\",d.wp.receiveEmbedMessage,!1),l.addEventListener(\"DOMContentLoaded\",function(){for(var e,t,s=l.querySelectorAll(\"iframe.wp-embedded-content\"),r=0;r<s.length;r++)(t=(e=s[r]).getAttribute(\"data-secret\"))||(t=Math.random().toString(36).substring(2,12),e.src+=\"#?secret=\"+t,e.setAttribute(\"data-secret\",t)),e.contentWindow.postMessage({message:\"ready\",secret:t},\"*\")},!1)))}(window,document);\n\/\/# sourceURL=https:\/\/minutosantafe.ar\/%77%70%2d%69%6e%63%6c%75%64%65%73\/js\/wp-embed.min.js\n<\/script>\n","thumbnail_url":"https:\/\/i0.wp.com\/minutosantafe.ar\/wp-content\/uploads\/2019\/10\/03a-web-13.jpg?fit=960%2C640&ssl=1","thumbnail_width":960,"thumbnail_height":640,"description":"La reforma en la agenda de los legisladores La idea es avanzar esta semana en un acuerdo pol\u00edtico que habilite la reforma constitucional, para lo cual es necesaria una mayor\u00eda calificada de 34 votos. Diputados del PJ y la UCR le pedir\u00e1n al presidente de la C\u00e1mara, Antonio Bonfatti, que..."}

Diputados solicitarán una "sesión especial" de la Cámara - MinutoSantaFe.ar

<blockquote class="wp-embedded-content" data-secret="KeOLR7gMu7"><a href="https://minutosantafe.ar/diputados-solicitaran-una-sesion-especial-de-la-camara/">Diputados solicitarán una «sesión especial» de la Cámara</a></blockquote><iframe sandbox="allow-scripts" security="restricted" src="https://minutosantafe.ar/diputados-solicitaran-una-sesion-especial-de-la-camara/embed/#?secret=KeOLR7gMu7" width="600" height="338" title="«Diputados solicitarán una «sesión especial» de la Cámara» — MinutoSantaFe.ar" data-secret="KeOLR7gMu7" frameborder="0" marginwidth="0" marginheight="0" scrolling="no" class="wp-embedded-content"></iframe><script>
/*! This file is auto-generated */
!function(d,l){"use strict";l.querySelector&&d.addEventListener&&"undefined"!=typeof URL&&(d.wp=d.wp||{},d.wp.receiveEmbedMessage||(d.wp.receiveEmbedMessage=function(e){var t=e.data;if((t||t.secret||t.message||t.value)&&!/[^a-zA-Z0-9]/.test(t.secret)){for(var s,r,n,a=l.querySelectorAll('iframe[data-secret="'+t.secret+'"]'),o=l.querySelectorAll('blockquote[data-secret="'+t.secret+'"]'),c=new RegExp("^https?:$","i"),i=0;i<o.length;i++)o[i].style.display="none";for(i=0;i<a.length;i++)s=a[i],e.source===s.contentWindow&&(s.removeAttribute("style"),"height"===t.message?(1e3<(r=parseInt(t.value,10))?r=1e3:~~r<200&&(r=200),s.height=r):"link"===t.message&&(r=new URL(s.getAttribute("src")),n=new URL(t.value),c.test(n.protocol))&&n.host===r.host&&l.activeElement===s&&(d.top.location.href=t.value))}},d.addEventListener("message",d.wp.receiveEmbedMessage,!1),l.addEventListener("DOMContentLoaded",function(){for(var e,t,s=l.querySelectorAll("iframe.wp-embedded-content"),r=0;r<s.length;r++)(t=(e=s[r]).getAttribute("data-secret"))||(t=Math.random().toString(36).substring(2,12),e.src+="#?secret="+t,e.setAttribute("data-secret",t)),e.contentWindow.postMessage({message:"ready",secret:t},"*")},!1)))}(window,document);
//# sourceURL=https://minutosantafe.ar/%77%70%2d%69%6e%63%6c%75%64%65%73/js/wp-embed.min.js
</script>

La reforma en la agenda de los legisladores La idea es avanzar esta semana en un acuerdo político que habilite la reforma constitucional, para lo cual es necesaria una mayoría calificada de 34 votos. Diputados del PJ y la UCR le pedirán al presidente de la Cámara, Antonio Bonfatti, que...
