{"version":"1.0","provider_name":"MinutoSantaFe.ar","provider_url":"https:\/\/minutosantafe.ar","author_name":"Editor","author_url":"https:\/\/minutosantafe.ar\/author\/editor\/","title":"Docentes porte\u00f1os contin\u00faan con el paro en la Ciudad - MinutoSantaFe.ar","type":"rich","width":600,"height":338,"html":"<blockquote class=\"wp-embedded-content\" data-secret=\"ewCuU6ye4R\"><a href=\"https:\/\/minutosantafe.ar\/docentes-portenos-continuan-con-el-paro-en-la-ciudad\/\">Docentes porte\u00f1os contin\u00faan con el paro en la Ciudad<\/a><\/blockquote><iframe sandbox=\"allow-scripts\" security=\"restricted\" src=\"https:\/\/minutosantafe.ar\/docentes-portenos-continuan-con-el-paro-en-la-ciudad\/embed\/#?secret=ewCuU6ye4R\" width=\"600\" height=\"338\" title=\"\u00abDocentes porte\u00f1os contin\u00faan con el paro en la Ciudad\u00bb \u2014 MinutoSantaFe.ar\" data-secret=\"ewCuU6ye4R\" frameborder=\"0\" marginwidth=\"0\" marginheight=\"0\" scrolling=\"no\" class=\"wp-embedded-content\"><\/iframe><script>\n\/*! This file is auto-generated *\/\n!function(d,l){\"use strict\";l.querySelector&&d.addEventListener&&\"undefined\"!=typeof URL&&(d.wp=d.wp||{},d.wp.receiveEmbedMessage||(d.wp.receiveEmbedMessage=function(e){var t=e.data;if((t||t.secret||t.message||t.value)&&!\/[^a-zA-Z0-9]\/.test(t.secret)){for(var s,r,n,a=l.querySelectorAll('iframe[data-secret=\"'+t.secret+'\"]'),o=l.querySelectorAll('blockquote[data-secret=\"'+t.secret+'\"]'),c=new RegExp(\"^https?:$\",\"i\"),i=0;i<o.length;i++)o[i].style.display=\"none\";for(i=0;i<a.length;i++)s=a[i],e.source===s.contentWindow&&(s.removeAttribute(\"style\"),\"height\"===t.message?(1e3<(r=parseInt(t.value,10))?r=1e3:~~r<200&&(r=200),s.height=r):\"link\"===t.message&&(r=new URL(s.getAttribute(\"src\")),n=new URL(t.value),c.test(n.protocol))&&n.host===r.host&&l.activeElement===s&&(d.top.location.href=t.value))}},d.addEventListener(\"message\",d.wp.receiveEmbedMessage,!1),l.addEventListener(\"DOMContentLoaded\",function(){for(var e,t,s=l.querySelectorAll(\"iframe.wp-embedded-content\"),r=0;r<s.length;r++)(t=(e=s[r]).getAttribute(\"data-secret\"))||(t=Math.random().toString(36).substring(2,12),e.src+=\"#?secret=\"+t,e.setAttribute(\"data-secret\",t)),e.contentWindow.postMessage({message:\"ready\",secret:t},\"*\")},!1)))}(window,document);\n\/\/# sourceURL=https:\/\/minutosantafe.ar\/%77%70%2d%69%6e%63%6c%75%64%65%73\/js\/wp-embed.min.js\n<\/script>\n","thumbnail_url":"https:\/\/i0.wp.com\/minutosantafe.ar\/wp-content\/uploads\/2021\/04\/6061dc8a47fe7_1004x564.jpg?fit=1004%2C564&ssl=1","thumbnail_width":1004,"thumbnail_height":564,"description":"La medida es en rechazo de la decisi\u00f3n del gobierno porte\u00f1o de retomar la presencialidad en las escuelas pese al decreto presidencial que suspendi\u00f3 esa modalidad por 15 d\u00edas en virtud de la crisis sanitaria por la pandemia del coronavirus. Los gremios docentes UTE y Ademys contin\u00faan este mi\u00e9rcoles con..."}

Docentes porteños continúan con el paro en la Ciudad - MinutoSantaFe.ar

<blockquote class="wp-embedded-content" data-secret="ewCuU6ye4R"><a href="https://minutosantafe.ar/docentes-portenos-continuan-con-el-paro-en-la-ciudad/">Docentes porteños continúan con el paro en la Ciudad</a></blockquote><iframe sandbox="allow-scripts" security="restricted" src="https://minutosantafe.ar/docentes-portenos-continuan-con-el-paro-en-la-ciudad/embed/#?secret=ewCuU6ye4R" width="600" height="338" title="«Docentes porteños continúan con el paro en la Ciudad» — MinutoSantaFe.ar" data-secret="ewCuU6ye4R" frameborder="0" marginwidth="0" marginheight="0" scrolling="no" class="wp-embedded-content"></iframe><script>
/*! This file is auto-generated */
!function(d,l){"use strict";l.querySelector&&d.addEventListener&&"undefined"!=typeof URL&&(d.wp=d.wp||{},d.wp.receiveEmbedMessage||(d.wp.receiveEmbedMessage=function(e){var t=e.data;if((t||t.secret||t.message||t.value)&&!/[^a-zA-Z0-9]/.test(t.secret)){for(var s,r,n,a=l.querySelectorAll('iframe[data-secret="'+t.secret+'"]'),o=l.querySelectorAll('blockquote[data-secret="'+t.secret+'"]'),c=new RegExp("^https?:$","i"),i=0;i<o.length;i++)o[i].style.display="none";for(i=0;i<a.length;i++)s=a[i],e.source===s.contentWindow&&(s.removeAttribute("style"),"height"===t.message?(1e3<(r=parseInt(t.value,10))?r=1e3:~~r<200&&(r=200),s.height=r):"link"===t.message&&(r=new URL(s.getAttribute("src")),n=new URL(t.value),c.test(n.protocol))&&n.host===r.host&&l.activeElement===s&&(d.top.location.href=t.value))}},d.addEventListener("message",d.wp.receiveEmbedMessage,!1),l.addEventListener("DOMContentLoaded",function(){for(var e,t,s=l.querySelectorAll("iframe.wp-embedded-content"),r=0;r<s.length;r++)(t=(e=s[r]).getAttribute("data-secret"))||(t=Math.random().toString(36).substring(2,12),e.src+="#?secret="+t,e.setAttribute("data-secret",t)),e.contentWindow.postMessage({message:"ready",secret:t},"*")},!1)))}(window,document);
//# sourceURL=https://minutosantafe.ar/%77%70%2d%69%6e%63%6c%75%64%65%73/js/wp-embed.min.js
</script>

La medida es en rechazo de la decisión del gobierno porteño de retomar la presencialidad en las escuelas pese al decreto presidencial que suspendió esa modalidad por 15 días en virtud de la crisis sanitaria por la pandemia del coronavirus. Los gremios docentes UTE y Ademys continúan este miércoles con...
