{"version":"1.0","provider_name":"MinutoSantaFe.ar","provider_url":"https:\/\/minutosantafe.ar","author_name":"Editor","author_url":"https:\/\/minutosantafe.ar\/author\/editor\/","title":"El destino de las vacunas donadas - MinutoSantaFe.ar","type":"rich","width":600,"height":338,"html":"<blockquote class=\"wp-embedded-content\" data-secret=\"tnolEZTyLz\"><a href=\"https:\/\/minutosantafe.ar\/el-destino-de-las-vacunas-donadas\/\">El destino de las vacunas donadas<\/a><\/blockquote><iframe sandbox=\"allow-scripts\" security=\"restricted\" src=\"https:\/\/minutosantafe.ar\/el-destino-de-las-vacunas-donadas\/embed\/#?secret=tnolEZTyLz\" width=\"600\" height=\"338\" title=\"\u00abEl destino de las vacunas donadas\u00bb \u2014 MinutoSantaFe.ar\" data-secret=\"tnolEZTyLz\" frameborder=\"0\" marginwidth=\"0\" marginheight=\"0\" scrolling=\"no\" class=\"wp-embedded-content\"><\/iframe><script type=\"text\/javascript\">\n\/* <![CDATA[ *\/\n\/*! This file is auto-generated *\/\n!function(d,l){\"use strict\";l.querySelector&&d.addEventListener&&\"undefined\"!=typeof URL&&(d.wp=d.wp||{},d.wp.receiveEmbedMessage||(d.wp.receiveEmbedMessage=function(e){var t=e.data;if((t||t.secret||t.message||t.value)&&!\/[^a-zA-Z0-9]\/.test(t.secret)){for(var s,r,n,a=l.querySelectorAll('iframe[data-secret=\"'+t.secret+'\"]'),o=l.querySelectorAll('blockquote[data-secret=\"'+t.secret+'\"]'),c=new RegExp(\"^https?:$\",\"i\"),i=0;i<o.length;i++)o[i].style.display=\"none\";for(i=0;i<a.length;i++)s=a[i],e.source===s.contentWindow&&(s.removeAttribute(\"style\"),\"height\"===t.message?(1e3<(r=parseInt(t.value,10))?r=1e3:~~r<200&&(r=200),s.height=r):\"link\"===t.message&&(r=new URL(s.getAttribute(\"src\")),n=new URL(t.value),c.test(n.protocol))&&n.host===r.host&&l.activeElement===s&&(d.top.location.href=t.value))}},d.addEventListener(\"message\",d.wp.receiveEmbedMessage,!1),l.addEventListener(\"DOMContentLoaded\",function(){for(var e,t,s=l.querySelectorAll(\"iframe.wp-embedded-content\"),r=0;r<s.length;r++)(t=(e=s[r]).getAttribute(\"data-secret\"))||(t=Math.random().toString(36).substring(2,12),e.src+=\"#?secret=\"+t,e.setAttribute(\"data-secret\",t)),e.contentWindow.postMessage({message:\"ready\",secret:t},\"*\")},!1)))}(window,document);\n\/\/# sourceURL=https:\/\/minutosantafe.ar\/%77%70%2d%69%6e%63%6c%75%64%65%73\/js\/wp-embed.min.js\n\/* ]]> *\/\n<\/script>\n","thumbnail_url":"https:\/\/i0.wp.com\/minutosantafe.ar\/wp-content\/uploads\/2021\/06\/169310-whatsapp-20image-202021-06-10-20at-2019-36-08.jpeg?fit=960%2C640&ssl=1","thumbnail_width":960,"thumbnail_height":640,"description":"Patricia Bullrich us\u00f3 a Joe Biden para seguir con sus fake news sobre Pfizer &nbsp; Minti\u00f3 con la acusaci\u00f3n de \u201cretornos\u201d en la compra de vacunas, minti\u00f3 con la efectividad de Sinopharm, minti\u00f3 difundiendo\u00a0fotos viejas\u00a0de \u00edntimos de Alberto Fern\u00e1ndez amontonados como si fueran durante la pandemia y ahora la titular..."}

Patricia Bullrich usó a Joe Biden para seguir con sus fake news sobre Pfizer &nbsp; Mintió con la acusación de “retornos” en la compra de vacunas, mintió con la efectividad de Sinopharm, mintió difundiendo fotos viejas de íntimos de Alberto Fernández amontonados como si fueran durante la pandemia y ahora la titular...
