{"version":"1.0","provider_name":"MinutoSantaFe.ar","provider_url":"https:\/\/minutosantafe.ar","author_name":"Editor","author_url":"https:\/\/minutosantafe.ar\/author\/editor\/","title":"El extitular de Andis no descarta convertirse en \"arrepentido\" - MinutoSantaFe.ar","type":"rich","width":600,"height":338,"html":"<blockquote class=\"wp-embedded-content\" data-secret=\"Fv1uNKlljr\"><a href=\"https:\/\/minutosantafe.ar\/el-extitular-de-andis-no-descarta-convertirse-en-arrepentido\/\">El extitular de Andis no descarta convertirse en \u00abarrepentido\u00bb<\/a><\/blockquote><iframe sandbox=\"allow-scripts\" security=\"restricted\" src=\"https:\/\/minutosantafe.ar\/el-extitular-de-andis-no-descarta-convertirse-en-arrepentido\/embed\/#?secret=Fv1uNKlljr\" width=\"600\" height=\"338\" title=\"\u00abEl extitular de Andis no descarta convertirse en \u00abarrepentido\u00bb\u00bb \u2014 MinutoSantaFe.ar\" data-secret=\"Fv1uNKlljr\" frameborder=\"0\" marginwidth=\"0\" marginheight=\"0\" scrolling=\"no\" class=\"wp-embedded-content\"><\/iframe><script type=\"text\/javascript\">\n\/* <![CDATA[ *\/\n\/*! This file is auto-generated *\/\n!function(d,l){\"use strict\";l.querySelector&&d.addEventListener&&\"undefined\"!=typeof URL&&(d.wp=d.wp||{},d.wp.receiveEmbedMessage||(d.wp.receiveEmbedMessage=function(e){var t=e.data;if((t||t.secret||t.message||t.value)&&!\/[^a-zA-Z0-9]\/.test(t.secret)){for(var s,r,n,a=l.querySelectorAll('iframe[data-secret=\"'+t.secret+'\"]'),o=l.querySelectorAll('blockquote[data-secret=\"'+t.secret+'\"]'),c=new RegExp(\"^https?:$\",\"i\"),i=0;i<o.length;i++)o[i].style.display=\"none\";for(i=0;i<a.length;i++)s=a[i],e.source===s.contentWindow&&(s.removeAttribute(\"style\"),\"height\"===t.message?(1e3<(r=parseInt(t.value,10))?r=1e3:~~r<200&&(r=200),s.height=r):\"link\"===t.message&&(r=new URL(s.getAttribute(\"src\")),n=new URL(t.value),c.test(n.protocol))&&n.host===r.host&&l.activeElement===s&&(d.top.location.href=t.value))}},d.addEventListener(\"message\",d.wp.receiveEmbedMessage,!1),l.addEventListener(\"DOMContentLoaded\",function(){for(var e,t,s=l.querySelectorAll(\"iframe.wp-embedded-content\"),r=0;r<s.length;r++)(t=(e=s[r]).getAttribute(\"data-secret\"))||(t=Math.random().toString(36).substring(2,12),e.src+=\"#?secret=\"+t,e.setAttribute(\"data-secret\",t)),e.contentWindow.postMessage({message:\"ready\",secret:t},\"*\")},!1)))}(window,document);\n\/\/# sourceURL=https:\/\/minutosantafe.ar\/%77%70%2d%69%6e%63%6c%75%64%65%73\/js\/wp-embed.min.js\n\/* ]]> *\/\n<\/script>\n","thumbnail_url":"https:\/\/minutosantafe.ar\/wp-content\/uploads\/2025\/09\/970676-5-a-2.jpg","thumbnail_width":700,"thumbnail_height":467,"description":"La jugada de Spagnuolo tiene en vilo al Gobierno Se diferenci\u00f3 de la estrategia de los hermanos Kovalivker, due\u00f1os de droguer\u00eda, que pidieron cerrar el expediente con el argumento de \u00abcosa juzgada\u00bb. Las alternativas. Por\u00a0Irina Hauser La Justicia abri\u00f3 el celular de Spagnuolo pero no encontr\u00f3 pr\u00e1cticamente nada.. Imagen: Gentileza..."}

La jugada de Spagnuolo tiene en vilo al Gobierno Se diferenció de la estrategia de los hermanos Kovalivker, dueños de droguería, que pidieron cerrar el expediente con el argumento de «cosa juzgada». Las alternativas. Por Irina Hauser La Justicia abrió el celular de Spagnuolo pero no encontró prácticamente nada.. Imagen: Gentileza...
