{"version":"1.0","provider_name":"MinutoSantaFe.ar","provider_url":"https:\/\/minutosantafe.ar","author_name":"Editor","author_url":"https:\/\/minutosantafe.ar\/author\/editor\/","title":"El malestar laboral une gremios estatales contra el gobierno - MinutoSantaFe.ar","type":"rich","width":600,"height":338,"html":"<blockquote class=\"wp-embedded-content\" data-secret=\"fOqjXqvnAJ\"><a href=\"https:\/\/minutosantafe.ar\/el-malestar-laboral-une-gremios-estatales-contra-el-gobierno\/\">El malestar laboral une gremios estatales contra el gobierno<\/a><\/blockquote><iframe sandbox=\"allow-scripts\" security=\"restricted\" src=\"https:\/\/minutosantafe.ar\/el-malestar-laboral-une-gremios-estatales-contra-el-gobierno\/embed\/#?secret=fOqjXqvnAJ\" width=\"600\" height=\"338\" title=\"\u00abEl malestar laboral une gremios estatales contra el gobierno\u00bb \u2014 MinutoSantaFe.ar\" data-secret=\"fOqjXqvnAJ\" frameborder=\"0\" marginwidth=\"0\" marginheight=\"0\" scrolling=\"no\" class=\"wp-embedded-content\"><\/iframe><script>\n\/*! This file is auto-generated *\/\n!function(d,l){\"use strict\";l.querySelector&&d.addEventListener&&\"undefined\"!=typeof URL&&(d.wp=d.wp||{},d.wp.receiveEmbedMessage||(d.wp.receiveEmbedMessage=function(e){var t=e.data;if((t||t.secret||t.message||t.value)&&!\/[^a-zA-Z0-9]\/.test(t.secret)){for(var s,r,n,a=l.querySelectorAll('iframe[data-secret=\"'+t.secret+'\"]'),o=l.querySelectorAll('blockquote[data-secret=\"'+t.secret+'\"]'),c=new RegExp(\"^https?:$\",\"i\"),i=0;i<o.length;i++)o[i].style.display=\"none\";for(i=0;i<a.length;i++)s=a[i],e.source===s.contentWindow&&(s.removeAttribute(\"style\"),\"height\"===t.message?(1e3<(r=parseInt(t.value,10))?r=1e3:~~r<200&&(r=200),s.height=r):\"link\"===t.message&&(r=new URL(s.getAttribute(\"src\")),n=new URL(t.value),c.test(n.protocol))&&n.host===r.host&&l.activeElement===s&&(d.top.location.href=t.value))}},d.addEventListener(\"message\",d.wp.receiveEmbedMessage,!1),l.addEventListener(\"DOMContentLoaded\",function(){for(var e,t,s=l.querySelectorAll(\"iframe.wp-embedded-content\"),r=0;r<s.length;r++)(t=(e=s[r]).getAttribute(\"data-secret\"))||(t=Math.random().toString(36).substring(2,12),e.src+=\"#?secret=\"+t,e.setAttribute(\"data-secret\",t)),e.contentWindow.postMessage({message:\"ready\",secret:t},\"*\")},!1)))}(window,document);\n\/\/# sourceURL=https:\/\/minutosantafe.ar\/%77%70%2d%69%6e%63%6c%75%64%65%73\/js\/wp-embed.min.js\n<\/script>\n","description":"Los trabajadores estatales del sistema de salud se plantaron en protesta este martes frente al edificio de Gobernaci\u00f3n, en plaza San Mart\u00edn, en reclamo de mejores condiciones laborales en el marco de la dif\u00edcil misi\u00f3n que les toca afrontar en la pandemia del coronavirus. Fue la participaci\u00f3n local de la...","thumbnail_url":"https:\/\/rosarioplus-assets.tadevel.xyz\/5faac2a284ad1b55539b0c90\/720.jpeg"}

Los trabajadores estatales del sistema de salud se plantaron en protesta este martes frente al edificio de Gobernación, en plaza San Martín, en reclamo de mejores condiciones laborales en el marco de la difícil misión que les toca afrontar en la pandemia del coronavirus. Fue la participación local de la...
