{"version":"1.0","provider_name":"MinutoSantaFe.ar","provider_url":"https:\/\/minutosantafe.ar","author_name":"Editor","author_url":"https:\/\/minutosantafe.ar\/author\/editor\/","title":"El raid medi\u00e1tico de Vidal mostr\u00f3 menos eficacia - MinutoSantaFe.ar","type":"rich","width":600,"height":338,"html":"<blockquote class=\"wp-embedded-content\" data-secret=\"fz7usbDjlu\"><a href=\"https:\/\/minutosantafe.ar\/el-raid-mediatico-de-vidal-mostro-menos-eficacia\/\">El raid medi\u00e1tico de Vidal mostr\u00f3 menos eficacia<\/a><\/blockquote><iframe sandbox=\"allow-scripts\" security=\"restricted\" src=\"https:\/\/minutosantafe.ar\/el-raid-mediatico-de-vidal-mostro-menos-eficacia\/embed\/#?secret=fz7usbDjlu\" width=\"600\" height=\"338\" title=\"\u00abEl raid medi\u00e1tico de Vidal mostr\u00f3 menos eficacia\u00bb \u2014 MinutoSantaFe.ar\" data-secret=\"fz7usbDjlu\" frameborder=\"0\" marginwidth=\"0\" marginheight=\"0\" scrolling=\"no\" class=\"wp-embedded-content\"><\/iframe><script>\n\/*! This file is auto-generated *\/\n!function(d,l){\"use strict\";l.querySelector&&d.addEventListener&&\"undefined\"!=typeof URL&&(d.wp=d.wp||{},d.wp.receiveEmbedMessage||(d.wp.receiveEmbedMessage=function(e){var t=e.data;if((t||t.secret||t.message||t.value)&&!\/[^a-zA-Z0-9]\/.test(t.secret)){for(var s,r,n,a=l.querySelectorAll('iframe[data-secret=\"'+t.secret+'\"]'),o=l.querySelectorAll('blockquote[data-secret=\"'+t.secret+'\"]'),c=new RegExp(\"^https?:$\",\"i\"),i=0;i<o.length;i++)o[i].style.display=\"none\";for(i=0;i<a.length;i++)s=a[i],e.source===s.contentWindow&&(s.removeAttribute(\"style\"),\"height\"===t.message?(1e3<(r=parseInt(t.value,10))?r=1e3:~~r<200&&(r=200),s.height=r):\"link\"===t.message&&(r=new URL(s.getAttribute(\"src\")),n=new URL(t.value),c.test(n.protocol))&&n.host===r.host&&l.activeElement===s&&(d.top.location.href=t.value))}},d.addEventListener(\"message\",d.wp.receiveEmbedMessage,!1),l.addEventListener(\"DOMContentLoaded\",function(){for(var e,t,s=l.querySelectorAll(\"iframe.wp-embedded-content\"),r=0;r<s.length;r++)(t=(e=s[r]).getAttribute(\"data-secret\"))||(t=Math.random().toString(36).substring(2,12),e.src+=\"#?secret=\"+t,e.setAttribute(\"data-secret\",t)),e.contentWindow.postMessage({message:\"ready\",secret:t},\"*\")},!1)))}(window,document);\n\/\/# sourceURL=https:\/\/minutosantafe.ar\/%77%70%2d%69%6e%63%6c%75%64%65%73\/js\/wp-embed.min.js\n<\/script>\n","thumbnail_url":"https:\/\/i0.wp.com\/minutosantafe.ar\/wp-content\/uploads\/2019\/07\/vidal-y-el-abuelito-de-heidi.jpg?fit=1455%2C1600&ssl=1","thumbnail_width":1455,"thumbnail_height":1600,"description":"La repregunta hiere el coucheo amarillo La gobernadora bonaerense recorri\u00f3 los sets y dej\u00f3 expuesta la inconsistencia del discurso armado ante los datos de la realidad. Con Alejandro Fantino, la gobernadora Vidal comparti\u00f3 una charla televisada.\u00a0 El \u201cPlan V\u201d se hizo realidad en los medios. En los \u00faltimos d\u00edas, Mar\u00eda..."}

El raid mediático de Vidal mostró menos eficacia - MinutoSantaFe.ar

<blockquote class="wp-embedded-content" data-secret="fz7usbDjlu"><a href="https://minutosantafe.ar/el-raid-mediatico-de-vidal-mostro-menos-eficacia/">El raid mediático de Vidal mostró menos eficacia</a></blockquote><iframe sandbox="allow-scripts" security="restricted" src="https://minutosantafe.ar/el-raid-mediatico-de-vidal-mostro-menos-eficacia/embed/#?secret=fz7usbDjlu" width="600" height="338" title="«El raid mediático de Vidal mostró menos eficacia» — MinutoSantaFe.ar" data-secret="fz7usbDjlu" frameborder="0" marginwidth="0" marginheight="0" scrolling="no" class="wp-embedded-content"></iframe><script>
/*! This file is auto-generated */
!function(d,l){"use strict";l.querySelector&&d.addEventListener&&"undefined"!=typeof URL&&(d.wp=d.wp||{},d.wp.receiveEmbedMessage||(d.wp.receiveEmbedMessage=function(e){var t=e.data;if((t||t.secret||t.message||t.value)&&!/[^a-zA-Z0-9]/.test(t.secret)){for(var s,r,n,a=l.querySelectorAll('iframe[data-secret="'+t.secret+'"]'),o=l.querySelectorAll('blockquote[data-secret="'+t.secret+'"]'),c=new RegExp("^https?:$","i"),i=0;i<o.length;i++)o[i].style.display="none";for(i=0;i<a.length;i++)s=a[i],e.source===s.contentWindow&&(s.removeAttribute("style"),"height"===t.message?(1e3<(r=parseInt(t.value,10))?r=1e3:~~r<200&&(r=200),s.height=r):"link"===t.message&&(r=new URL(s.getAttribute("src")),n=new URL(t.value),c.test(n.protocol))&&n.host===r.host&&l.activeElement===s&&(d.top.location.href=t.value))}},d.addEventListener("message",d.wp.receiveEmbedMessage,!1),l.addEventListener("DOMContentLoaded",function(){for(var e,t,s=l.querySelectorAll("iframe.wp-embedded-content"),r=0;r<s.length;r++)(t=(e=s[r]).getAttribute("data-secret"))||(t=Math.random().toString(36).substring(2,12),e.src+="#?secret="+t,e.setAttribute("data-secret",t)),e.contentWindow.postMessage({message:"ready",secret:t},"*")},!1)))}(window,document);
//# sourceURL=https://minutosantafe.ar/%77%70%2d%69%6e%63%6c%75%64%65%73/js/wp-embed.min.js
</script>

La repregunta hiere el coucheo amarillo La gobernadora bonaerense recorrió los sets y dejó expuesta la inconsistencia del discurso armado ante los datos de la realidad. Con Alejandro Fantino, la gobernadora Vidal compartió una charla televisada.  El “Plan V” se hizo realidad en los medios. En los últimos días, María...
