{"version":"1.0","provider_name":"MinutoSantaFe.ar","provider_url":"https:\/\/minutosantafe.ar","author_name":"Editor","author_url":"https:\/\/minutosantafe.ar\/author\/editor\/","title":"\u00bfEl retorno de lo pol\u00edtico? - MinutoSantaFe.ar","type":"rich","width":600,"height":338,"html":"<blockquote class=\"wp-embedded-content\" data-secret=\"Kps7PfBD45\"><a href=\"https:\/\/minutosantafe.ar\/el-retorno-de-lo-politico\/\">\u00bfEl retorno de lo pol\u00edtico?<\/a><\/blockquote><iframe sandbox=\"allow-scripts\" security=\"restricted\" src=\"https:\/\/minutosantafe.ar\/el-retorno-de-lo-politico\/embed\/#?secret=Kps7PfBD45\" width=\"600\" height=\"338\" title=\"\u00ab\u00bfEl retorno de lo pol\u00edtico?\u00bb \u2014 MinutoSantaFe.ar\" data-secret=\"Kps7PfBD45\" frameborder=\"0\" marginwidth=\"0\" marginheight=\"0\" scrolling=\"no\" class=\"wp-embedded-content\"><\/iframe><script>\n\/*! This file is auto-generated *\/\n!function(d,l){\"use strict\";l.querySelector&&d.addEventListener&&\"undefined\"!=typeof URL&&(d.wp=d.wp||{},d.wp.receiveEmbedMessage||(d.wp.receiveEmbedMessage=function(e){var t=e.data;if((t||t.secret||t.message||t.value)&&!\/[^a-zA-Z0-9]\/.test(t.secret)){for(var s,r,n,a=l.querySelectorAll('iframe[data-secret=\"'+t.secret+'\"]'),o=l.querySelectorAll('blockquote[data-secret=\"'+t.secret+'\"]'),c=new RegExp(\"^https?:$\",\"i\"),i=0;i<o.length;i++)o[i].style.display=\"none\";for(i=0;i<a.length;i++)s=a[i],e.source===s.contentWindow&&(s.removeAttribute(\"style\"),\"height\"===t.message?(1e3<(r=parseInt(t.value,10))?r=1e3:~~r<200&&(r=200),s.height=r):\"link\"===t.message&&(r=new URL(s.getAttribute(\"src\")),n=new URL(t.value),c.test(n.protocol))&&n.host===r.host&&l.activeElement===s&&(d.top.location.href=t.value))}},d.addEventListener(\"message\",d.wp.receiveEmbedMessage,!1),l.addEventListener(\"DOMContentLoaded\",function(){for(var e,t,s=l.querySelectorAll(\"iframe.wp-embedded-content\"),r=0;r<s.length;r++)(t=(e=s[r]).getAttribute(\"data-secret\"))||(t=Math.random().toString(36).substring(2,12),e.src+=\"#?secret=\"+t,e.setAttribute(\"data-secret\",t)),e.contentWindow.postMessage({message:\"ready\",secret:t},\"*\")},!1)))}(window,document);\n\/\/# sourceURL=https:\/\/minutosantafe.ar\/%77%70%2d%69%6e%63%6c%75%64%65%73\/js\/wp-embed.min.js\n<\/script>\n","thumbnail_url":"https:\/\/i0.wp.com\/minutosantafe.ar\/wp-content\/uploads\/2019\/09\/1568747950007.jpg?fit=1500%2C1010&ssl=1","thumbnail_width":1500,"thumbnail_height":1010,"description":"\u00bfDespu\u00e9s de los resultados de agosto, ya no tiene sentido seguir\u00a0pensando la pol\u00edtica en t\u00e9rminos de marketing y espectacularizaci\u00f3n, como lo hac\u00edamos hace solo\u00a0dos meses? \u00bfNos cierra como hip\u00f3tesis explicativa solamente el que la crisis econ\u00f3mica finalmente\u00a0venci\u00f3 al marketing? Despu\u00e9s de las elecciones de agosto, se ha disparado entre otros..."}

¿El retorno de lo político? - MinutoSantaFe.ar

<blockquote class="wp-embedded-content" data-secret="Kps7PfBD45"><a href="https://minutosantafe.ar/el-retorno-de-lo-politico/">¿El retorno de lo político?</a></blockquote><iframe sandbox="allow-scripts" security="restricted" src="https://minutosantafe.ar/el-retorno-de-lo-politico/embed/#?secret=Kps7PfBD45" width="600" height="338" title="«¿El retorno de lo político?» — MinutoSantaFe.ar" data-secret="Kps7PfBD45" frameborder="0" marginwidth="0" marginheight="0" scrolling="no" class="wp-embedded-content"></iframe><script>
/*! This file is auto-generated */
!function(d,l){"use strict";l.querySelector&&d.addEventListener&&"undefined"!=typeof URL&&(d.wp=d.wp||{},d.wp.receiveEmbedMessage||(d.wp.receiveEmbedMessage=function(e){var t=e.data;if((t||t.secret||t.message||t.value)&&!/[^a-zA-Z0-9]/.test(t.secret)){for(var s,r,n,a=l.querySelectorAll('iframe[data-secret="'+t.secret+'"]'),o=l.querySelectorAll('blockquote[data-secret="'+t.secret+'"]'),c=new RegExp("^https?:$","i"),i=0;i<o.length;i++)o[i].style.display="none";for(i=0;i<a.length;i++)s=a[i],e.source===s.contentWindow&&(s.removeAttribute("style"),"height"===t.message?(1e3<(r=parseInt(t.value,10))?r=1e3:~~r<200&&(r=200),s.height=r):"link"===t.message&&(r=new URL(s.getAttribute("src")),n=new URL(t.value),c.test(n.protocol))&&n.host===r.host&&l.activeElement===s&&(d.top.location.href=t.value))}},d.addEventListener("message",d.wp.receiveEmbedMessage,!1),l.addEventListener("DOMContentLoaded",function(){for(var e,t,s=l.querySelectorAll("iframe.wp-embedded-content"),r=0;r<s.length;r++)(t=(e=s[r]).getAttribute("data-secret"))||(t=Math.random().toString(36).substring(2,12),e.src+="#?secret="+t,e.setAttribute("data-secret",t)),e.contentWindow.postMessage({message:"ready",secret:t},"*")},!1)))}(window,document);
//# sourceURL=https://minutosantafe.ar/%77%70%2d%69%6e%63%6c%75%64%65%73/js/wp-embed.min.js
</script>

¿Después de los resultados de agosto, ya no tiene sentido seguir pensando la política en términos de marketing y espectacularización, como lo hacíamos hace solo dos meses? ¿Nos cierra como hipótesis explicativa solamente el que la crisis económica finalmente venció al marketing? Después de las elecciones de agosto, se ha disparado entre otros...
