{"version":"1.0","provider_name":"MinutoSantaFe.ar","provider_url":"https:\/\/minutosantafe.ar","author_name":"Editor","author_url":"https:\/\/minutosantafe.ar\/author\/editor\/","title":"El turno de los adultos mayores - MinutoSantaFe.ar","type":"rich","width":600,"height":338,"html":"<blockquote class=\"wp-embedded-content\" data-secret=\"0ePYzrsCES\"><a href=\"https:\/\/minutosantafe.ar\/el-turno-de-los-adultos-mayores\/\">El turno de los adultos mayores<\/a><\/blockquote><iframe sandbox=\"allow-scripts\" security=\"restricted\" src=\"https:\/\/minutosantafe.ar\/el-turno-de-los-adultos-mayores\/embed\/#?secret=0ePYzrsCES\" width=\"600\" height=\"338\" title=\"\u00abEl turno de los adultos mayores\u00bb \u2014 MinutoSantaFe.ar\" data-secret=\"0ePYzrsCES\" frameborder=\"0\" marginwidth=\"0\" marginheight=\"0\" scrolling=\"no\" class=\"wp-embedded-content\"><\/iframe><script>\n\/*! This file is auto-generated *\/\n!function(d,l){\"use strict\";l.querySelector&&d.addEventListener&&\"undefined\"!=typeof URL&&(d.wp=d.wp||{},d.wp.receiveEmbedMessage||(d.wp.receiveEmbedMessage=function(e){var t=e.data;if((t||t.secret||t.message||t.value)&&!\/[^a-zA-Z0-9]\/.test(t.secret)){for(var s,r,n,a=l.querySelectorAll('iframe[data-secret=\"'+t.secret+'\"]'),o=l.querySelectorAll('blockquote[data-secret=\"'+t.secret+'\"]'),c=new RegExp(\"^https?:$\",\"i\"),i=0;i<o.length;i++)o[i].style.display=\"none\";for(i=0;i<a.length;i++)s=a[i],e.source===s.contentWindow&&(s.removeAttribute(\"style\"),\"height\"===t.message?(1e3<(r=parseInt(t.value,10))?r=1e3:~~r<200&&(r=200),s.height=r):\"link\"===t.message&&(r=new URL(s.getAttribute(\"src\")),n=new URL(t.value),c.test(n.protocol))&&n.host===r.host&&l.activeElement===s&&(d.top.location.href=t.value))}},d.addEventListener(\"message\",d.wp.receiveEmbedMessage,!1),l.addEventListener(\"DOMContentLoaded\",function(){for(var e,t,s=l.querySelectorAll(\"iframe.wp-embedded-content\"),r=0;r<s.length;r++)(t=(e=s[r]).getAttribute(\"data-secret\"))||(t=Math.random().toString(36).substring(2,12),e.src+=\"#?secret=\"+t,e.setAttribute(\"data-secret\",t)),e.contentWindow.postMessage({message:\"ready\",secret:t},\"*\")},!1)))}(window,document);\n\/\/# sourceURL=https:\/\/minutosantafe.ar\/%77%70%2d%69%6e%63%6c%75%64%65%73\/js\/wp-embed.min.js\n<\/script>\n","thumbnail_url":"https:\/\/i0.wp.com\/minutosantafe.ar\/wp-content\/uploads\/2021\/02\/141552-ro03fo0117web.jpg?fit=1200%2C1050&ssl=1","thumbnail_width":1200,"thumbnail_height":1050,"description":"M\u00e1s all\u00e1 de lamentar el incidente que deriv\u00f3 en la renuncia del ministro de Salud Gin\u00e9s Gonz\u00e1lez Garc\u00eda, el gobierno de Santa Fe contin\u00faa con su programa de vacunaci\u00f3n previsto, ya que a partir de ma\u00f1ana habilitar\u00e1 un link en el que la ciudadan\u00eda podr\u00e1 inscribirse para solicitar un turno...."}

Más allá de lamentar el incidente que derivó en la renuncia del ministro de Salud Ginés González García, el gobierno de Santa Fe continúa con su programa de vacunación previsto, ya que a partir de mañana habilitará un link en el que la ciudadanía podrá inscribirse para solicitar un turno....
