{"version":"1.0","provider_name":"MinutoSantaFe.ar","provider_url":"https:\/\/minutosantafe.ar","author_name":"Editor","author_url":"https:\/\/minutosantafe.ar\/author\/editor\/","title":"Elecciones en agosto o setiembre 2023 en Santa Fe - MinutoSantaFe.ar","type":"rich","width":600,"height":338,"html":"<blockquote class=\"wp-embedded-content\" data-secret=\"NFZudHIWK7\"><a href=\"https:\/\/minutosantafe.ar\/elecciones-en-agosto-o-setiembre-2023-en-santa-fe\/\">Elecciones en agosto o setiembre 2023 en Santa Fe<\/a><\/blockquote><iframe sandbox=\"allow-scripts\" security=\"restricted\" src=\"https:\/\/minutosantafe.ar\/elecciones-en-agosto-o-setiembre-2023-en-santa-fe\/embed\/#?secret=NFZudHIWK7\" width=\"600\" height=\"338\" title=\"\u00abElecciones en agosto o setiembre 2023 en Santa Fe\u00bb \u2014 MinutoSantaFe.ar\" data-secret=\"NFZudHIWK7\" frameborder=\"0\" marginwidth=\"0\" marginheight=\"0\" scrolling=\"no\" class=\"wp-embedded-content\"><\/iframe><script>\n\/*! This file is auto-generated *\/\n!function(d,l){\"use strict\";l.querySelector&&d.addEventListener&&\"undefined\"!=typeof URL&&(d.wp=d.wp||{},d.wp.receiveEmbedMessage||(d.wp.receiveEmbedMessage=function(e){var t=e.data;if((t||t.secret||t.message||t.value)&&!\/[^a-zA-Z0-9]\/.test(t.secret)){for(var s,r,n,a=l.querySelectorAll('iframe[data-secret=\"'+t.secret+'\"]'),o=l.querySelectorAll('blockquote[data-secret=\"'+t.secret+'\"]'),c=new RegExp(\"^https?:$\",\"i\"),i=0;i<o.length;i++)o[i].style.display=\"none\";for(i=0;i<a.length;i++)s=a[i],e.source===s.contentWindow&&(s.removeAttribute(\"style\"),\"height\"===t.message?(1e3<(r=parseInt(t.value,10))?r=1e3:~~r<200&&(r=200),s.height=r):\"link\"===t.message&&(r=new URL(s.getAttribute(\"src\")),n=new URL(t.value),c.test(n.protocol))&&n.host===r.host&&l.activeElement===s&&(d.top.location.href=t.value))}},d.addEventListener(\"message\",d.wp.receiveEmbedMessage,!1),l.addEventListener(\"DOMContentLoaded\",function(){for(var e,t,s=l.querySelectorAll(\"iframe.wp-embedded-content\"),r=0;r<s.length;r++)(t=(e=s[r]).getAttribute(\"data-secret\"))||(t=Math.random().toString(36).substring(2,12),e.src+=\"#?secret=\"+t,e.setAttribute(\"data-secret\",t)),e.contentWindow.postMessage({message:\"ready\",secret:t},\"*\")},!1)))}(window,document);\n\/\/# sourceURL=https:\/\/minutosantafe.ar\/%77%70%2d%69%6e%63%6c%75%64%65%73\/js\/wp-embed.min.js\n<\/script>\n","thumbnail_url":"https:\/\/i0.wp.com\/minutosantafe.ar\/wp-content\/uploads\/2022\/12\/682123-ro02fo0122web-prensa-20gobernacion.jpg?fit=960%2C640&ssl=1","thumbnail_width":960,"thumbnail_height":640,"description":"Tres fechas posibles para votar Domingos 27 de agosto, 3 y 10 de setiembre son las opciones del gobierno. El lunes reuni\u00f3n con dirigentes de partidos pol\u00edticos. La ministra de Gobierno Celia Arena anticip\u00f3 las fechas.\u00a0 Desde Santa Fe La ministra de Gobierno Celia Arena confirm\u00f3 ayer que las elecciones..."}

Tres fechas posibles para votar Domingos 27 de agosto, 3 y 10 de setiembre son las opciones del gobierno. El lunes reunión con dirigentes de partidos políticos. La ministra de Gobierno Celia Arena anticipó las fechas.  Desde Santa Fe La ministra de Gobierno Celia Arena confirmó ayer que las elecciones...
