{"version":"1.0","provider_name":"MinutoSantaFe.ar","provider_url":"https:\/\/minutosantafe.ar","author_name":"Editor","author_url":"https:\/\/minutosantafe.ar\/author\/editor\/","title":"Elecciones en el gremio Encargados de Edificios - MinutoSantaFe.ar","type":"rich","width":600,"height":338,"html":"<blockquote class=\"wp-embedded-content\" data-secret=\"DixTYKm4QC\"><a href=\"https:\/\/minutosantafe.ar\/elecciones-en-el-gremio-encargados-de-edificios\/\">Elecciones en el gremio Encargados de Edificios<\/a><\/blockquote><iframe sandbox=\"allow-scripts\" security=\"restricted\" src=\"https:\/\/minutosantafe.ar\/elecciones-en-el-gremio-encargados-de-edificios\/embed\/#?secret=DixTYKm4QC\" width=\"600\" height=\"338\" title=\"\u00abElecciones en el gremio Encargados de Edificios\u00bb \u2014 MinutoSantaFe.ar\" data-secret=\"DixTYKm4QC\" frameborder=\"0\" marginwidth=\"0\" marginheight=\"0\" scrolling=\"no\" class=\"wp-embedded-content\"><\/iframe><script>\n\/*! This file is auto-generated *\/\n!function(d,l){\"use strict\";l.querySelector&&d.addEventListener&&\"undefined\"!=typeof URL&&(d.wp=d.wp||{},d.wp.receiveEmbedMessage||(d.wp.receiveEmbedMessage=function(e){var t=e.data;if((t||t.secret||t.message||t.value)&&!\/[^a-zA-Z0-9]\/.test(t.secret)){for(var s,r,n,a=l.querySelectorAll('iframe[data-secret=\"'+t.secret+'\"]'),o=l.querySelectorAll('blockquote[data-secret=\"'+t.secret+'\"]'),c=new RegExp(\"^https?:$\",\"i\"),i=0;i<o.length;i++)o[i].style.display=\"none\";for(i=0;i<a.length;i++)s=a[i],e.source===s.contentWindow&&(s.removeAttribute(\"style\"),\"height\"===t.message?(1e3<(r=parseInt(t.value,10))?r=1e3:~~r<200&&(r=200),s.height=r):\"link\"===t.message&&(r=new URL(s.getAttribute(\"src\")),n=new URL(t.value),c.test(n.protocol))&&n.host===r.host&&l.activeElement===s&&(d.top.location.href=t.value))}},d.addEventListener(\"message\",d.wp.receiveEmbedMessage,!1),l.addEventListener(\"DOMContentLoaded\",function(){for(var e,t,s=l.querySelectorAll(\"iframe.wp-embedded-content\"),r=0;r<s.length;r++)(t=(e=s[r]).getAttribute(\"data-secret\"))||(t=Math.random().toString(36).substring(2,12),e.src+=\"#?secret=\"+t,e.setAttribute(\"data-secret\",t)),e.contentWindow.postMessage({message:\"ready\",secret:t},\"*\")},!1)))}(window,document);\n\/\/# sourceURL=https:\/\/minutosantafe.ar\/%77%70%2d%69%6e%63%6c%75%64%65%73\/js\/wp-embed.min.js\n<\/script>\n","thumbnail_url":"https:\/\/minutosantafe.ar\/wp-content\/uploads\/2025\/09\/971936-ro04fo0215-0.jpg","thumbnail_width":700,"thumbnail_height":467,"description":"Humberto Garc\u00eda ya celebra la reelecci\u00f3n . Imagen: Gentileza El gremio de Encargados de Edificios (SUERYH) \u2013 seccional Santa Fe \u2013renovar\u00e1 autoridades gremiales el pr\u00f3ximo 10 de octubre. La \u00fanica propuesta electoral que se pone en juego para la elecci\u00f3n de los trabajadores afiliados del sector es la lista blancaA..."}

Humberto García ya celebra la reelección . Imagen: Gentileza El gremio de Encargados de Edificios (SUERYH) – seccional Santa Fe –renovará autoridades gremiales el próximo 10 de octubre. La única propuesta electoral que se pone en juego para la elección de los trabajadores afiliados del sector es la lista blancaA...
