{"version":"1.0","provider_name":"MinutoSantaFe.ar","provider_url":"https:\/\/minutosantafe.ar","author_name":"Editor","author_url":"https:\/\/minutosantafe.ar\/author\/editor\/","title":"En dos d\u00edas incautaron 39 armas de fuego - MinutoSantaFe.ar","type":"rich","width":600,"height":338,"html":"<blockquote class=\"wp-embedded-content\" data-secret=\"M4PW1K7lPh\"><a href=\"https:\/\/minutosantafe.ar\/en-dos-dias-incautaron-39-armas-de-fuego\/\">En dos d\u00edas incautaron 39 armas de fuego<\/a><\/blockquote><iframe sandbox=\"allow-scripts\" security=\"restricted\" src=\"https:\/\/minutosantafe.ar\/en-dos-dias-incautaron-39-armas-de-fuego\/embed\/#?secret=M4PW1K7lPh\" width=\"600\" height=\"338\" title=\"\u00abEn dos d\u00edas incautaron 39 armas de fuego\u00bb \u2014 MinutoSantaFe.ar\" data-secret=\"M4PW1K7lPh\" frameborder=\"0\" marginwidth=\"0\" marginheight=\"0\" scrolling=\"no\" class=\"wp-embedded-content\"><\/iframe><script>\n\/*! This file is auto-generated *\/\n!function(d,l){\"use strict\";l.querySelector&&d.addEventListener&&\"undefined\"!=typeof URL&&(d.wp=d.wp||{},d.wp.receiveEmbedMessage||(d.wp.receiveEmbedMessage=function(e){var t=e.data;if((t||t.secret||t.message||t.value)&&!\/[^a-zA-Z0-9]\/.test(t.secret)){for(var s,r,n,a=l.querySelectorAll('iframe[data-secret=\"'+t.secret+'\"]'),o=l.querySelectorAll('blockquote[data-secret=\"'+t.secret+'\"]'),c=new RegExp(\"^https?:$\",\"i\"),i=0;i<o.length;i++)o[i].style.display=\"none\";for(i=0;i<a.length;i++)s=a[i],e.source===s.contentWindow&&(s.removeAttribute(\"style\"),\"height\"===t.message?(1e3<(r=parseInt(t.value,10))?r=1e3:~~r<200&&(r=200),s.height=r):\"link\"===t.message&&(r=new URL(s.getAttribute(\"src\")),n=new URL(t.value),c.test(n.protocol))&&n.host===r.host&&l.activeElement===s&&(d.top.location.href=t.value))}},d.addEventListener(\"message\",d.wp.receiveEmbedMessage,!1),l.addEventListener(\"DOMContentLoaded\",function(){for(var e,t,s=l.querySelectorAll(\"iframe.wp-embedded-content\"),r=0;r<s.length;r++)(t=(e=s[r]).getAttribute(\"data-secret\"))||(t=Math.random().toString(36).substring(2,12),e.src+=\"#?secret=\"+t,e.setAttribute(\"data-secret\",t)),e.contentWindow.postMessage({message:\"ready\",secret:t},\"*\")},!1)))}(window,document);\n\/\/# sourceURL=https:\/\/minutosantafe.ar\/%77%70%2d%69%6e%63%6c%75%64%65%73\/js\/wp-embed.min.js\n<\/script>\n","thumbnail_url":"https:\/\/minutosantafe.ar\/wp-content\/uploads\/2023\/10\/780503-armas_0.jpeg","thumbnail_width":960,"thumbnail_height":640,"description":"Van a dep\u00f3sito judicial El ministro Brilloni mostrandos las armas. El ministro de Seguridad, Claudio Brilloni, brind\u00f3 detalles sobre armas incautadas en operativos policiales que, por pedido del Poder Judicial, ser\u00e1n trasladadas al Centro de Justicia Penal de Rosario. El ministro explic\u00f3: \u201cHoy, como lo hacemos tres veces por semana,..."}

En dos días incautaron 39 armas de fuego - MinutoSantaFe.ar

<blockquote class="wp-embedded-content" data-secret="M4PW1K7lPh"><a href="https://minutosantafe.ar/en-dos-dias-incautaron-39-armas-de-fuego/">En dos días incautaron 39 armas de fuego</a></blockquote><iframe sandbox="allow-scripts" security="restricted" src="https://minutosantafe.ar/en-dos-dias-incautaron-39-armas-de-fuego/embed/#?secret=M4PW1K7lPh" width="600" height="338" title="«En dos días incautaron 39 armas de fuego» — MinutoSantaFe.ar" data-secret="M4PW1K7lPh" frameborder="0" marginwidth="0" marginheight="0" scrolling="no" class="wp-embedded-content"></iframe><script>
/*! This file is auto-generated */
!function(d,l){"use strict";l.querySelector&&d.addEventListener&&"undefined"!=typeof URL&&(d.wp=d.wp||{},d.wp.receiveEmbedMessage||(d.wp.receiveEmbedMessage=function(e){var t=e.data;if((t||t.secret||t.message||t.value)&&!/[^a-zA-Z0-9]/.test(t.secret)){for(var s,r,n,a=l.querySelectorAll('iframe[data-secret="'+t.secret+'"]'),o=l.querySelectorAll('blockquote[data-secret="'+t.secret+'"]'),c=new RegExp("^https?:$","i"),i=0;i<o.length;i++)o[i].style.display="none";for(i=0;i<a.length;i++)s=a[i],e.source===s.contentWindow&&(s.removeAttribute("style"),"height"===t.message?(1e3<(r=parseInt(t.value,10))?r=1e3:~~r<200&&(r=200),s.height=r):"link"===t.message&&(r=new URL(s.getAttribute("src")),n=new URL(t.value),c.test(n.protocol))&&n.host===r.host&&l.activeElement===s&&(d.top.location.href=t.value))}},d.addEventListener("message",d.wp.receiveEmbedMessage,!1),l.addEventListener("DOMContentLoaded",function(){for(var e,t,s=l.querySelectorAll("iframe.wp-embedded-content"),r=0;r<s.length;r++)(t=(e=s[r]).getAttribute("data-secret"))||(t=Math.random().toString(36).substring(2,12),e.src+="#?secret="+t,e.setAttribute("data-secret",t)),e.contentWindow.postMessage({message:"ready",secret:t},"*")},!1)))}(window,document);
//# sourceURL=https://minutosantafe.ar/%77%70%2d%69%6e%63%6c%75%64%65%73/js/wp-embed.min.js
</script>

Van a depósito judicial El ministro Brilloni mostrandos las armas. El ministro de Seguridad, Claudio Brilloni, brindó detalles sobre armas incautadas en operativos policiales que, por pedido del Poder Judicial, serán trasladadas al Centro de Justicia Penal de Rosario. El ministro explicó: “Hoy, como lo hacemos tres veces por semana,...
