{"version":"1.0","provider_name":"MinutoSantaFe.ar","provider_url":"https:\/\/minutosantafe.ar","author_name":"Editor","author_url":"https:\/\/minutosantafe.ar\/author\/editor\/","title":"EN LA CUERDA FLOJA - MinutoSantaFe.ar","type":"rich","width":600,"height":338,"html":"<blockquote class=\"wp-embedded-content\" data-secret=\"QavsL36AQo\"><a href=\"https:\/\/minutosantafe.ar\/en-la-cuerda-floja\/\">EN LA CUERDA FLOJA<\/a><\/blockquote><iframe sandbox=\"allow-scripts\" security=\"restricted\" src=\"https:\/\/minutosantafe.ar\/en-la-cuerda-floja\/embed\/#?secret=QavsL36AQo\" width=\"600\" height=\"338\" title=\"\u00abEN LA CUERDA FLOJA\u00bb \u2014 MinutoSantaFe.ar\" data-secret=\"QavsL36AQo\" frameborder=\"0\" marginwidth=\"0\" marginheight=\"0\" scrolling=\"no\" class=\"wp-embedded-content\"><\/iframe><script>\n\/*! This file is auto-generated *\/\n!function(d,l){\"use strict\";l.querySelector&&d.addEventListener&&\"undefined\"!=typeof URL&&(d.wp=d.wp||{},d.wp.receiveEmbedMessage||(d.wp.receiveEmbedMessage=function(e){var t=e.data;if((t||t.secret||t.message||t.value)&&!\/[^a-zA-Z0-9]\/.test(t.secret)){for(var s,r,n,a=l.querySelectorAll('iframe[data-secret=\"'+t.secret+'\"]'),o=l.querySelectorAll('blockquote[data-secret=\"'+t.secret+'\"]'),c=new RegExp(\"^https?:$\",\"i\"),i=0;i<o.length;i++)o[i].style.display=\"none\";for(i=0;i<a.length;i++)s=a[i],e.source===s.contentWindow&&(s.removeAttribute(\"style\"),\"height\"===t.message?(1e3<(r=parseInt(t.value,10))?r=1e3:~~r<200&&(r=200),s.height=r):\"link\"===t.message&&(r=new URL(s.getAttribute(\"src\")),n=new URL(t.value),c.test(n.protocol))&&n.host===r.host&&l.activeElement===s&&(d.top.location.href=t.value))}},d.addEventListener(\"message\",d.wp.receiveEmbedMessage,!1),l.addEventListener(\"DOMContentLoaded\",function(){for(var e,t,s=l.querySelectorAll(\"iframe.wp-embedded-content\"),r=0;r<s.length;r++)(t=(e=s[r]).getAttribute(\"data-secret\"))||(t=Math.random().toString(36).substring(2,12),e.src+=\"#?secret=\"+t,e.setAttribute(\"data-secret\",t)),e.contentWindow.postMessage({message:\"ready\",secret:t},\"*\")},!1)))}(window,document);\n\/\/# sourceURL=https:\/\/minutosantafe.ar\/%77%70%2d%69%6e%63%6c%75%64%65%73\/js\/wp-embed.min.js\n<\/script>\n","thumbnail_url":"https:\/\/minutosantafe.ar\/wp-content\/uploads\/2025\/02\/vicentin.webp","thumbnail_width":900,"thumbnail_height":675,"description":"Vicentin: Un conflicto que se extender\u00eda a todo el pa\u00eds Vicentin puso en duda el pago de los salarios de febrero. De ser as\u00ed, aceiteros amenazan con paralizar todas las plantas del pa\u00eds. Por\u00a0AGOSTINA CA\u00d1ETE SANTA FE.\u00a0La crisis en\u00a0Vicentin\u00a0suma un nuevo cap\u00edtulo de incertidumbre. Las autoridades de la empresa comunicaron..."}

Vicentin: Un conflicto que se extendería a todo el país Vicentin puso en duda el pago de los salarios de febrero. De ser así, aceiteros amenazan con paralizar todas las plantas del país. Por AGOSTINA CAÑETE SANTA FE. La crisis en Vicentin suma un nuevo capítulo de incertidumbre. Las autoridades de la empresa comunicaron...
