{"version":"1.0","provider_name":"MinutoSantaFe.ar","provider_url":"https:\/\/minutosantafe.ar","author_name":"Editor","author_url":"https:\/\/minutosantafe.ar\/author\/editor\/","title":"En las letras de Claver - MinutoSantaFe.ar","type":"rich","width":600,"height":338,"html":"<blockquote class=\"wp-embedded-content\" data-secret=\"Yj3sZFXvjr\"><a href=\"https:\/\/minutosantafe.ar\/en-las-letras-de-claver\/\">En las letras de Claver<\/a><\/blockquote><iframe sandbox=\"allow-scripts\" security=\"restricted\" src=\"https:\/\/minutosantafe.ar\/en-las-letras-de-claver\/embed\/#?secret=Yj3sZFXvjr\" width=\"600\" height=\"338\" title=\"\u00abEn las letras de Claver\u00bb \u2014 MinutoSantaFe.ar\" data-secret=\"Yj3sZFXvjr\" frameborder=\"0\" marginwidth=\"0\" marginheight=\"0\" scrolling=\"no\" class=\"wp-embedded-content\"><\/iframe><script type=\"text\/javascript\">\n\/* <![CDATA[ *\/\n\/*! This file is auto-generated *\/\n!function(d,l){\"use strict\";l.querySelector&&d.addEventListener&&\"undefined\"!=typeof URL&&(d.wp=d.wp||{},d.wp.receiveEmbedMessage||(d.wp.receiveEmbedMessage=function(e){var t=e.data;if((t||t.secret||t.message||t.value)&&!\/[^a-zA-Z0-9]\/.test(t.secret)){for(var s,r,n,a=l.querySelectorAll('iframe[data-secret=\"'+t.secret+'\"]'),o=l.querySelectorAll('blockquote[data-secret=\"'+t.secret+'\"]'),c=new RegExp(\"^https?:$\",\"i\"),i=0;i<o.length;i++)o[i].style.display=\"none\";for(i=0;i<a.length;i++)s=a[i],e.source===s.contentWindow&&(s.removeAttribute(\"style\"),\"height\"===t.message?(1e3<(r=parseInt(t.value,10))?r=1e3:~~r<200&&(r=200),s.height=r):\"link\"===t.message&&(r=new URL(s.getAttribute(\"src\")),n=new URL(t.value),c.test(n.protocol))&&n.host===r.host&&l.activeElement===s&&(d.top.location.href=t.value))}},d.addEventListener(\"message\",d.wp.receiveEmbedMessage,!1),l.addEventListener(\"DOMContentLoaded\",function(){for(var e,t,s=l.querySelectorAll(\"iframe.wp-embedded-content\"),r=0;r<s.length;r++)(t=(e=s[r]).getAttribute(\"data-secret\"))||(t=Math.random().toString(36).substring(2,12),e.src+=\"#?secret=\"+t,e.setAttribute(\"data-secret\",t)),e.contentWindow.postMessage({message:\"ready\",secret:t},\"*\")},!1)))}(window,document);\n\/\/# sourceURL=https:\/\/minutosantafe.ar\/%77%70%2d%69%6e%63%6c%75%64%65%73\/js\/wp-embed.min.js\n\/* ]]> *\/\n<\/script>\n","thumbnail_url":"https:\/\/minutosantafe.ar\/wp-content\/uploads\/2024\/12\/Claver-Gif.gif","thumbnail_width":960,"thumbnail_height":476,"description":"En una imposible reescritura del\u00a0Golem,\u00a0Borges podr\u00eda decir que como\u00a0el nombre es arquetipo de la cosa, en las letras de Claver est\u00e1 la clave. El gobierno de los Hermanos Milei qued\u00f3 estupefacto cuando la Casa Blanca anunci\u00f3 que Mauricio Claver-Carone representar\u00e1 a su gobierno ante Latinoam\u00e9rica. Trump afirm\u00f3 que \u00abconoce la..."}

En una imposible reescritura del Golem, Borges podría decir que como el nombre es arquetipo de la cosa, en las letras de Claver está la clave. El gobierno de los Hermanos Milei quedó estupefacto cuando la Casa Blanca anunció que Mauricio Claver-Carone representará a su gobierno ante Latinoamérica. Trump afirmó que «conoce la...
