{"version":"1.0","provider_name":"MinutoSantaFe.ar","provider_url":"https:\/\/minutosantafe.ar","author_name":"Editor","author_url":"https:\/\/minutosantafe.ar\/author\/editor\/","title":"En medio del conflicto, Metrov\u00edas suspendi\u00f3 a 150 trabajadores - MinutoSantaFe.ar","type":"rich","width":600,"height":338,"html":"<blockquote class=\"wp-embedded-content\" data-secret=\"mU2pbLxWc5\"><a href=\"https:\/\/minutosantafe.ar\/en-medio-del-conflicto-metrovias-suspendio-a-150-trabajadores\/\">En medio del conflicto, Metrov\u00edas suspendi\u00f3 a 150 trabajadores<\/a><\/blockquote><iframe sandbox=\"allow-scripts\" security=\"restricted\" src=\"https:\/\/minutosantafe.ar\/en-medio-del-conflicto-metrovias-suspendio-a-150-trabajadores\/embed\/#?secret=mU2pbLxWc5\" width=\"600\" height=\"338\" title=\"\u00abEn medio del conflicto, Metrov\u00edas suspendi\u00f3 a 150 trabajadores\u00bb \u2014 MinutoSantaFe.ar\" data-secret=\"mU2pbLxWc5\" frameborder=\"0\" marginwidth=\"0\" marginheight=\"0\" scrolling=\"no\" class=\"wp-embedded-content\"><\/iframe><script>\n\/*! This file is auto-generated *\/\n!function(d,l){\"use strict\";l.querySelector&&d.addEventListener&&\"undefined\"!=typeof URL&&(d.wp=d.wp||{},d.wp.receiveEmbedMessage||(d.wp.receiveEmbedMessage=function(e){var t=e.data;if((t||t.secret||t.message||t.value)&&!\/[^a-zA-Z0-9]\/.test(t.secret)){for(var s,r,n,a=l.querySelectorAll('iframe[data-secret=\"'+t.secret+'\"]'),o=l.querySelectorAll('blockquote[data-secret=\"'+t.secret+'\"]'),c=new RegExp(\"^https?:$\",\"i\"),i=0;i<o.length;i++)o[i].style.display=\"none\";for(i=0;i<a.length;i++)s=a[i],e.source===s.contentWindow&&(s.removeAttribute(\"style\"),\"height\"===t.message?(1e3<(r=parseInt(t.value,10))?r=1e3:~~r<200&&(r=200),s.height=r):\"link\"===t.message&&(r=new URL(s.getAttribute(\"src\")),n=new URL(t.value),c.test(n.protocol))&&n.host===r.host&&l.activeElement===s&&(d.top.location.href=t.value))}},d.addEventListener(\"message\",d.wp.receiveEmbedMessage,!1),l.addEventListener(\"DOMContentLoaded\",function(){for(var e,t,s=l.querySelectorAll(\"iframe.wp-embedded-content\"),r=0;r<s.length;r++)(t=(e=s[r]).getAttribute(\"data-secret\"))||(t=Math.random().toString(36).substring(2,12),e.src+=\"#?secret=\"+t,e.setAttribute(\"data-secret\",t)),e.contentWindow.postMessage({message:\"ready\",secret:t},\"*\")},!1)))}(window,document);\n\/\/# sourceURL=https:\/\/minutosantafe.ar\/%77%70%2d%69%6e%63%6c%75%64%65%73\/js\/wp-embed.min.js\n<\/script>\n","thumbnail_url":"https:\/\/minutosantafe.ar\/%77%70%2d%63%6f%6e%74%65%6e%74\/uploads\/2020\/08\/minutologuin.png","thumbnail_width":514,"thumbnail_height":429,"description":"La empresa se aleja cada vez m\u00e1s del di\u00e1logo y castiga a los metrodelegados. M\u00e1s le\u00f1a al fuego por parte de Metrov\u00edas. Lejos de calmar los \u00e1nimos en el conflicto con los metrodelegados,\u00a0la empresa emiti\u00f3 un comunicado en el que anunci\u00f3 la suspensi\u00f3n de 150 trabajadoresluego del conflicto que termin\u00f3..."}

En medio del conflicto, Metrovías suspendió a 150 trabajadores - MinutoSantaFe.ar

<blockquote class="wp-embedded-content" data-secret="mU2pbLxWc5"><a href="https://minutosantafe.ar/en-medio-del-conflicto-metrovias-suspendio-a-150-trabajadores/">En medio del conflicto, Metrovías suspendió a 150 trabajadores</a></blockquote><iframe sandbox="allow-scripts" security="restricted" src="https://minutosantafe.ar/en-medio-del-conflicto-metrovias-suspendio-a-150-trabajadores/embed/#?secret=mU2pbLxWc5" width="600" height="338" title="«En medio del conflicto, Metrovías suspendió a 150 trabajadores» — MinutoSantaFe.ar" data-secret="mU2pbLxWc5" frameborder="0" marginwidth="0" marginheight="0" scrolling="no" class="wp-embedded-content"></iframe><script>
/*! This file is auto-generated */
!function(d,l){"use strict";l.querySelector&&d.addEventListener&&"undefined"!=typeof URL&&(d.wp=d.wp||{},d.wp.receiveEmbedMessage||(d.wp.receiveEmbedMessage=function(e){var t=e.data;if((t||t.secret||t.message||t.value)&&!/[^a-zA-Z0-9]/.test(t.secret)){for(var s,r,n,a=l.querySelectorAll('iframe[data-secret="'+t.secret+'"]'),o=l.querySelectorAll('blockquote[data-secret="'+t.secret+'"]'),c=new RegExp("^https?:$","i"),i=0;i<o.length;i++)o[i].style.display="none";for(i=0;i<a.length;i++)s=a[i],e.source===s.contentWindow&&(s.removeAttribute("style"),"height"===t.message?(1e3<(r=parseInt(t.value,10))?r=1e3:~~r<200&&(r=200),s.height=r):"link"===t.message&&(r=new URL(s.getAttribute("src")),n=new URL(t.value),c.test(n.protocol))&&n.host===r.host&&l.activeElement===s&&(d.top.location.href=t.value))}},d.addEventListener("message",d.wp.receiveEmbedMessage,!1),l.addEventListener("DOMContentLoaded",function(){for(var e,t,s=l.querySelectorAll("iframe.wp-embedded-content"),r=0;r<s.length;r++)(t=(e=s[r]).getAttribute("data-secret"))||(t=Math.random().toString(36).substring(2,12),e.src+="#?secret="+t,e.setAttribute("data-secret",t)),e.contentWindow.postMessage({message:"ready",secret:t},"*")},!1)))}(window,document);
//# sourceURL=https://minutosantafe.ar/%77%70%2d%69%6e%63%6c%75%64%65%73/js/wp-embed.min.js
</script>

La empresa se aleja cada vez más del diálogo y castiga a los metrodelegados. Más leña al fuego por parte de Metrovías. Lejos de calmar los ánimos en el conflicto con los metrodelegados, la empresa emitió un comunicado en el que anunció la suspensión de 150 trabajadoresluego del conflicto que terminó...
