{"version":"1.0","provider_name":"MinutoSantaFe.ar","provider_url":"https:\/\/minutosantafe.ar","author_name":"Editor","author_url":"https:\/\/minutosantafe.ar\/author\/editor\/","title":"En medio del terror narco en Rosario - MinutoSantaFe.ar","type":"rich","width":600,"height":338,"html":"<blockquote class=\"wp-embedded-content\" data-secret=\"CuD4hXiUNo\"><a href=\"https:\/\/minutosantafe.ar\/en-medio-del-terror-narco-en-rosario\/\">En medio del terror narco en Rosario<\/a><\/blockquote><iframe sandbox=\"allow-scripts\" security=\"restricted\" src=\"https:\/\/minutosantafe.ar\/en-medio-del-terror-narco-en-rosario\/embed\/#?secret=CuD4hXiUNo\" width=\"600\" height=\"338\" title=\"\u00abEn medio del terror narco en Rosario\u00bb \u2014 MinutoSantaFe.ar\" data-secret=\"CuD4hXiUNo\" frameborder=\"0\" marginwidth=\"0\" marginheight=\"0\" scrolling=\"no\" class=\"wp-embedded-content\"><\/iframe><script>\n\/*! This file is auto-generated *\/\n!function(d,l){\"use strict\";l.querySelector&&d.addEventListener&&\"undefined\"!=typeof URL&&(d.wp=d.wp||{},d.wp.receiveEmbedMessage||(d.wp.receiveEmbedMessage=function(e){var t=e.data;if((t||t.secret||t.message||t.value)&&!\/[^a-zA-Z0-9]\/.test(t.secret)){for(var s,r,n,a=l.querySelectorAll('iframe[data-secret=\"'+t.secret+'\"]'),o=l.querySelectorAll('blockquote[data-secret=\"'+t.secret+'\"]'),c=new RegExp(\"^https?:$\",\"i\"),i=0;i<o.length;i++)o[i].style.display=\"none\";for(i=0;i<a.length;i++)s=a[i],e.source===s.contentWindow&&(s.removeAttribute(\"style\"),\"height\"===t.message?(1e3<(r=parseInt(t.value,10))?r=1e3:~~r<200&&(r=200),s.height=r):\"link\"===t.message&&(r=new URL(s.getAttribute(\"src\")),n=new URL(t.value),c.test(n.protocol))&&n.host===r.host&&l.activeElement===s&&(d.top.location.href=t.value))}},d.addEventListener(\"message\",d.wp.receiveEmbedMessage,!1),l.addEventListener(\"DOMContentLoaded\",function(){for(var e,t,s=l.querySelectorAll(\"iframe.wp-embedded-content\"),r=0;r<s.length;r++)(t=(e=s[r]).getAttribute(\"data-secret\"))||(t=Math.random().toString(36).substring(2,12),e.src+=\"#?secret=\"+t,e.setAttribute(\"data-secret\",t)),e.contentWindow.postMessage({message:\"ready\",secret:t},\"*\")},!1)))}(window,document);\n\/\/# sourceURL=https:\/\/minutosantafe.ar\/%77%70%2d%69%6e%63%6c%75%64%65%73\/js\/wp-embed.min.js\n<\/script>\n","thumbnail_url":"https:\/\/minutosantafe.ar\/wp-content\/uploads\/2024\/03\/822514-b02e37ed-e4de-48b8-a342-654aa134f4d9_0.jpeg","thumbnail_width":960,"thumbnail_height":640,"description":"Patricia Bullrich orden\u00f3 cambiar a la c\u00fapula del Servicio Penitenciario Federal &nbsp; . Imagen: NA En medio de la crisis desatada en los \u00faltimos d\u00edas por los narcos en Rosario, la ministra de Seguridad, Patricia Bullrich, orden\u00f3 este lunes\u00a0descabezar la c\u00fapula del Servicio Penitenciario Federal.\u00a0 De este modo, dejan sus..."}

Patricia Bullrich ordenó cambiar a la cúpula del Servicio Penitenciario Federal &nbsp; . Imagen: NA En medio de la crisis desatada en los últimos días por los narcos en Rosario, la ministra de Seguridad, Patricia Bullrich, ordenó este lunes descabezar la cúpula del Servicio Penitenciario Federal.  De este modo, dejan sus...
