{"version":"1.0","provider_name":"MinutoSantaFe.ar","provider_url":"https:\/\/minutosantafe.ar","author_name":"Editor","author_url":"https:\/\/minutosantafe.ar\/author\/editor\/","title":"En Mercedes - MinutoSantaFe.ar","type":"rich","width":600,"height":338,"html":"<blockquote class=\"wp-embedded-content\" data-secret=\"Iyvw7KHhCh\"><a href=\"https:\/\/minutosantafe.ar\/en-mercedes\/\">En Mercedes<\/a><\/blockquote><iframe sandbox=\"allow-scripts\" security=\"restricted\" src=\"https:\/\/minutosantafe.ar\/en-mercedes\/embed\/#?secret=Iyvw7KHhCh\" width=\"600\" height=\"338\" title=\"\u00abEn Mercedes\u00bb \u2014 MinutoSantaFe.ar\" data-secret=\"Iyvw7KHhCh\" frameborder=\"0\" marginwidth=\"0\" marginheight=\"0\" scrolling=\"no\" class=\"wp-embedded-content\"><\/iframe><script>\n\/*! This file is auto-generated *\/\n!function(d,l){\"use strict\";l.querySelector&&d.addEventListener&&\"undefined\"!=typeof URL&&(d.wp=d.wp||{},d.wp.receiveEmbedMessage||(d.wp.receiveEmbedMessage=function(e){var t=e.data;if((t||t.secret||t.message||t.value)&&!\/[^a-zA-Z0-9]\/.test(t.secret)){for(var s,r,n,a=l.querySelectorAll('iframe[data-secret=\"'+t.secret+'\"]'),o=l.querySelectorAll('blockquote[data-secret=\"'+t.secret+'\"]'),c=new RegExp(\"^https?:$\",\"i\"),i=0;i<o.length;i++)o[i].style.display=\"none\";for(i=0;i<a.length;i++)s=a[i],e.source===s.contentWindow&&(s.removeAttribute(\"style\"),\"height\"===t.message?(1e3<(r=parseInt(t.value,10))?r=1e3:~~r<200&&(r=200),s.height=r):\"link\"===t.message&&(r=new URL(s.getAttribute(\"src\")),n=new URL(t.value),c.test(n.protocol))&&n.host===r.host&&l.activeElement===s&&(d.top.location.href=t.value))}},d.addEventListener(\"message\",d.wp.receiveEmbedMessage,!1),l.addEventListener(\"DOMContentLoaded\",function(){for(var e,t,s=l.querySelectorAll(\"iframe.wp-embedded-content\"),r=0;r<s.length;r++)(t=(e=s[r]).getAttribute(\"data-secret\"))||(t=Math.random().toString(36).substring(2,12),e.src+=\"#?secret=\"+t,e.setAttribute(\"data-secret\",t)),e.contentWindow.postMessage({message:\"ready\",secret:t},\"*\")},!1)))}(window,document);\n\/\/# sourceURL=https:\/\/minutosantafe.ar\/%77%70%2d%69%6e%63%6c%75%64%65%73\/js\/wp-embed.min.js\n<\/script>\n","thumbnail_url":"https:\/\/i0.wp.com\/minutosantafe.ar\/wp-content\/uploads\/2021\/12\/296785-whatsapp-20image-202021-12-11-20at-2017-45-54.jpeg?fit=960%2C640&ssl=1","thumbnail_width":960,"thumbnail_height":640,"description":"Cristina Kirchner se encontr\u00f3 con Lula da Silva despu\u00e9s del acto del D\u00eda de la Democracia Tras\u00a0el multitudinario acto que protagonizaron en Plaza de Mayo\u00a0junto al presidente Alberto Fern\u00e1ndez,\u00a0Cristina Kirchner y\u00a0Lula Da Silva\u00a0se encontraron este s\u00e1bado en Mercedes. La vicepresidenta public\u00f3 una foto del momento que compartieron en sus redes..."}

Cristina Kirchner se encontró con Lula da Silva después del acto del Día de la Democracia Tras el multitudinario acto que protagonizaron en Plaza de Mayo junto al presidente Alberto Fernández, Cristina Kirchner y Lula Da Silva se encontraron este sábado en Mercedes. La vicepresidenta publicó una foto del momento que compartieron en sus redes...
