{"version":"1.0","provider_name":"MinutoSantaFe.ar","provider_url":"https:\/\/minutosantafe.ar","author_name":"Editor","author_url":"https:\/\/minutosantafe.ar\/author\/editor\/","title":"En pleno debate por el Presupuesto 2026 - MinutoSantaFe.ar","type":"rich","width":600,"height":338,"html":"<blockquote class=\"wp-embedded-content\" data-secret=\"vr4g26il9K\"><a href=\"https:\/\/minutosantafe.ar\/en-pleno-debate-por-el-presupuesto-2026\/\">En pleno debate por el Presupuesto 2026<\/a><\/blockquote><iframe sandbox=\"allow-scripts\" security=\"restricted\" src=\"https:\/\/minutosantafe.ar\/en-pleno-debate-por-el-presupuesto-2026\/embed\/#?secret=vr4g26il9K\" width=\"600\" height=\"338\" title=\"\u00abEn pleno debate por el Presupuesto 2026\u00bb \u2014 MinutoSantaFe.ar\" data-secret=\"vr4g26il9K\" frameborder=\"0\" marginwidth=\"0\" marginheight=\"0\" scrolling=\"no\" class=\"wp-embedded-content\"><\/iframe><script>\n\/*! This file is auto-generated *\/\n!function(d,l){\"use strict\";l.querySelector&&d.addEventListener&&\"undefined\"!=typeof URL&&(d.wp=d.wp||{},d.wp.receiveEmbedMessage||(d.wp.receiveEmbedMessage=function(e){var t=e.data;if((t||t.secret||t.message||t.value)&&!\/[^a-zA-Z0-9]\/.test(t.secret)){for(var s,r,n,a=l.querySelectorAll('iframe[data-secret=\"'+t.secret+'\"]'),o=l.querySelectorAll('blockquote[data-secret=\"'+t.secret+'\"]'),c=new RegExp(\"^https?:$\",\"i\"),i=0;i<o.length;i++)o[i].style.display=\"none\";for(i=0;i<a.length;i++)s=a[i],e.source===s.contentWindow&&(s.removeAttribute(\"style\"),\"height\"===t.message?(1e3<(r=parseInt(t.value,10))?r=1e3:~~r<200&&(r=200),s.height=r):\"link\"===t.message&&(r=new URL(s.getAttribute(\"src\")),n=new URL(t.value),c.test(n.protocol))&&n.host===r.host&&l.activeElement===s&&(d.top.location.href=t.value))}},d.addEventListener(\"message\",d.wp.receiveEmbedMessage,!1),l.addEventListener(\"DOMContentLoaded\",function(){for(var e,t,s=l.querySelectorAll(\"iframe.wp-embedded-content\"),r=0;r<s.length;r++)(t=(e=s[r]).getAttribute(\"data-secret\"))||(t=Math.random().toString(36).substring(2,12),e.src+=\"#?secret=\"+t,e.setAttribute(\"data-secret\",t)),e.contentWindow.postMessage({message:\"ready\",secret:t},\"*\")},!1)))}(window,document);\n\/\/# sourceURL=https:\/\/minutosantafe.ar\/%77%70%2d%69%6e%63%6c%75%64%65%73\/js\/wp-embed.min.js\n<\/script>\n","thumbnail_url":"https:\/\/minutosantafe.ar\/wp-content\/uploads\/2025\/12\/cristina-lopez.webp","thumbnail_width":1080,"thumbnail_height":771,"description":"\u201cReina el autoritarismo\u201d: una senadora fueguina cruz\u00f3 a Victoria Villarruel La senadora Cristina L\u00f3pez acus\u00f3 a la presidenta del Senado de tomar represalias contra ella por haber jurado \u201cpor los 30 mil desaparecidos\u201d. Cristina L\u00f3pez\u00a0(Capturas de Video) En el inicio del debate del Presupuesto 2026 en el Senado, la\u00a0legisladora por..."}

“Reina el autoritarismo”: una senadora fueguina cruzó a Victoria Villarruel La senadora Cristina López acusó a la presidenta del Senado de tomar represalias contra ella por haber jurado “por los 30 mil desaparecidos”. Cristina López (Capturas de Video) En el inicio del debate del Presupuesto 2026 en el Senado, la legisladora por...
