{"version":"1.0","provider_name":"MinutoSantaFe.ar","provider_url":"https:\/\/minutosantafe.ar","author_name":"Editor","author_url":"https:\/\/minutosantafe.ar\/author\/editor\/","title":"Encuestas | Un 51,3% votar\u00e1 a un opositor como presidente en 2019 - MinutoSantaFe.ar","type":"rich","width":600,"height":338,"html":"<blockquote class=\"wp-embedded-content\" data-secret=\"iMvdJyiNeA\"><a href=\"https:\/\/minutosantafe.ar\/encuestas-513-votara-opositor-presidente-2019\/\">Encuestas | Un 51,3% votar\u00e1 a un opositor como presidente en 2019<\/a><\/blockquote><iframe sandbox=\"allow-scripts\" security=\"restricted\" src=\"https:\/\/minutosantafe.ar\/encuestas-513-votara-opositor-presidente-2019\/embed\/#?secret=iMvdJyiNeA\" width=\"600\" height=\"338\" title=\"\u00abEncuestas | Un 51,3% votar\u00e1 a un opositor como presidente en 2019\u00bb \u2014 MinutoSantaFe.ar\" data-secret=\"iMvdJyiNeA\" frameborder=\"0\" marginwidth=\"0\" marginheight=\"0\" scrolling=\"no\" class=\"wp-embedded-content\"><\/iframe><script>\n\/*! This file is auto-generated *\/\n!function(d,l){\"use strict\";l.querySelector&&d.addEventListener&&\"undefined\"!=typeof URL&&(d.wp=d.wp||{},d.wp.receiveEmbedMessage||(d.wp.receiveEmbedMessage=function(e){var t=e.data;if((t||t.secret||t.message||t.value)&&!\/[^a-zA-Z0-9]\/.test(t.secret)){for(var s,r,n,a=l.querySelectorAll('iframe[data-secret=\"'+t.secret+'\"]'),o=l.querySelectorAll('blockquote[data-secret=\"'+t.secret+'\"]'),c=new RegExp(\"^https?:$\",\"i\"),i=0;i<o.length;i++)o[i].style.display=\"none\";for(i=0;i<a.length;i++)s=a[i],e.source===s.contentWindow&&(s.removeAttribute(\"style\"),\"height\"===t.message?(1e3<(r=parseInt(t.value,10))?r=1e3:~~r<200&&(r=200),s.height=r):\"link\"===t.message&&(r=new URL(s.getAttribute(\"src\")),n=new URL(t.value),c.test(n.protocol))&&n.host===r.host&&l.activeElement===s&&(d.top.location.href=t.value))}},d.addEventListener(\"message\",d.wp.receiveEmbedMessage,!1),l.addEventListener(\"DOMContentLoaded\",function(){for(var e,t,s=l.querySelectorAll(\"iframe.wp-embedded-content\"),r=0;r<s.length;r++)(t=(e=s[r]).getAttribute(\"data-secret\"))||(t=Math.random().toString(36).substring(2,12),e.src+=\"#?secret=\"+t,e.setAttribute(\"data-secret\",t)),e.contentWindow.postMessage({message:\"ready\",secret:t},\"*\")},!1)))}(window,document);\n\/\/# sourceURL=https:\/\/minutosantafe.ar\/%77%70%2d%69%6e%63%6c%75%64%65%73\/js\/wp-embed.min.js\n<\/script>\n","thumbnail_url":"https:\/\/minutosantafe.ar\/%77%70%2d%63%6f%6e%74%65%6e%74\/uploads\/2020\/08\/minutologuin.png","thumbnail_width":514,"thumbnail_height":429,"description":"Es una encuesta que pidi\u00f3 la Casa Rosada y difundi\u00f3 el diario Clar\u00edn. Una encuesta pone en peligro el sue\u00f1o de reelecci\u00f3n que tiene Mauricio Macri para las\u00a0eleccionesdel a\u00f1o pr\u00f3ximo. Es del\u00a0Grupo de Opini\u00f3n P\u00fablica (GOP), que hace un informe mensual que suele ser observado con atenci\u00f3n en la\u00a0Casa Rosaday..."}

Encuestas | Un 51,3% votará a un opositor como presidente en 2019 - MinutoSantaFe.ar

<blockquote class="wp-embedded-content" data-secret="iMvdJyiNeA"><a href="https://minutosantafe.ar/encuestas-513-votara-opositor-presidente-2019/">Encuestas | Un 51,3% votará a un opositor como presidente en 2019</a></blockquote><iframe sandbox="allow-scripts" security="restricted" src="https://minutosantafe.ar/encuestas-513-votara-opositor-presidente-2019/embed/#?secret=iMvdJyiNeA" width="600" height="338" title="«Encuestas | Un 51,3% votará a un opositor como presidente en 2019» — MinutoSantaFe.ar" data-secret="iMvdJyiNeA" frameborder="0" marginwidth="0" marginheight="0" scrolling="no" class="wp-embedded-content"></iframe><script>
/*! This file is auto-generated */
!function(d,l){"use strict";l.querySelector&&d.addEventListener&&"undefined"!=typeof URL&&(d.wp=d.wp||{},d.wp.receiveEmbedMessage||(d.wp.receiveEmbedMessage=function(e){var t=e.data;if((t||t.secret||t.message||t.value)&&!/[^a-zA-Z0-9]/.test(t.secret)){for(var s,r,n,a=l.querySelectorAll('iframe[data-secret="'+t.secret+'"]'),o=l.querySelectorAll('blockquote[data-secret="'+t.secret+'"]'),c=new RegExp("^https?:$","i"),i=0;i<o.length;i++)o[i].style.display="none";for(i=0;i<a.length;i++)s=a[i],e.source===s.contentWindow&&(s.removeAttribute("style"),"height"===t.message?(1e3<(r=parseInt(t.value,10))?r=1e3:~~r<200&&(r=200),s.height=r):"link"===t.message&&(r=new URL(s.getAttribute("src")),n=new URL(t.value),c.test(n.protocol))&&n.host===r.host&&l.activeElement===s&&(d.top.location.href=t.value))}},d.addEventListener("message",d.wp.receiveEmbedMessage,!1),l.addEventListener("DOMContentLoaded",function(){for(var e,t,s=l.querySelectorAll("iframe.wp-embedded-content"),r=0;r<s.length;r++)(t=(e=s[r]).getAttribute("data-secret"))||(t=Math.random().toString(36).substring(2,12),e.src+="#?secret="+t,e.setAttribute("data-secret",t)),e.contentWindow.postMessage({message:"ready",secret:t},"*")},!1)))}(window,document);
//# sourceURL=https://minutosantafe.ar/%77%70%2d%69%6e%63%6c%75%64%65%73/js/wp-embed.min.js
</script>

Es una encuesta que pidió la Casa Rosada y difundió el diario Clarín. Una encuesta pone en peligro el sueño de reelección que tiene Mauricio Macri para las eleccionesdel año próximo. Es del Grupo de Opinión Pública (GOP), que hace un informe mensual que suele ser observado con atención en la Casa Rosaday...
