{"version":"1.0","provider_name":"MinutoSantaFe.ar","provider_url":"https:\/\/minutosantafe.ar","author_name":"Editor","author_url":"https:\/\/minutosantafe.ar\/author\/editor\/","title":"Esc\u00e1ndalo institucional en Paraguay con Pamela David - MinutoSantaFe.ar","type":"rich","width":600,"height":338,"html":"<blockquote class=\"wp-embedded-content\" data-secret=\"QU8V2gI7n0\"><a href=\"https:\/\/minutosantafe.ar\/escandalo-institucional-en-paraguay-con-pamela-david\/\">Esc\u00e1ndalo institucional en Paraguay con Pamela David<\/a><\/blockquote><iframe sandbox=\"allow-scripts\" security=\"restricted\" src=\"https:\/\/minutosantafe.ar\/escandalo-institucional-en-paraguay-con-pamela-david\/embed\/#?secret=QU8V2gI7n0\" width=\"600\" height=\"338\" title=\"\u00abEsc\u00e1ndalo institucional en Paraguay con Pamela David\u00bb \u2014 MinutoSantaFe.ar\" data-secret=\"QU8V2gI7n0\" frameborder=\"0\" marginwidth=\"0\" marginheight=\"0\" scrolling=\"no\" class=\"wp-embedded-content\"><\/iframe><script>\n\/*! This file is auto-generated *\/\n!function(d,l){\"use strict\";l.querySelector&&d.addEventListener&&\"undefined\"!=typeof URL&&(d.wp=d.wp||{},d.wp.receiveEmbedMessage||(d.wp.receiveEmbedMessage=function(e){var t=e.data;if((t||t.secret||t.message||t.value)&&!\/[^a-zA-Z0-9]\/.test(t.secret)){for(var s,r,n,a=l.querySelectorAll('iframe[data-secret=\"'+t.secret+'\"]'),o=l.querySelectorAll('blockquote[data-secret=\"'+t.secret+'\"]'),c=new RegExp(\"^https?:$\",\"i\"),i=0;i<o.length;i++)o[i].style.display=\"none\";for(i=0;i<a.length;i++)s=a[i],e.source===s.contentWindow&&(s.removeAttribute(\"style\"),\"height\"===t.message?(1e3<(r=parseInt(t.value,10))?r=1e3:~~r<200&&(r=200),s.height=r):\"link\"===t.message&&(r=new URL(s.getAttribute(\"src\")),n=new URL(t.value),c.test(n.protocol))&&n.host===r.host&&l.activeElement===s&&(d.top.location.href=t.value))}},d.addEventListener(\"message\",d.wp.receiveEmbedMessage,!1),l.addEventListener(\"DOMContentLoaded\",function(){for(var e,t,s=l.querySelectorAll(\"iframe.wp-embedded-content\"),r=0;r<s.length;r++)(t=(e=s[r]).getAttribute(\"data-secret\"))||(t=Math.random().toString(36).substring(2,12),e.src+=\"#?secret=\"+t,e.setAttribute(\"data-secret\",t)),e.contentWindow.postMessage({message:\"ready\",secret:t},\"*\")},!1)))}(window,document);\n\/\/# sourceURL=https:\/\/minutosantafe.ar\/%77%70%2d%69%6e%63%6c%75%64%65%73\/js\/wp-embed.min.js\n<\/script>\n","thumbnail_url":"https:\/\/i0.wp.com\/minutosantafe.ar\/wp-content\/uploads\/2019\/10\/1570826031385.jpg?fit=964%2C542&ssl=1","thumbnail_width":964,"thumbnail_height":542,"description":"La conductora recibi\u00f3 una distinci\u00f3n en el Congreso del pa\u00eds vecino, pero un grupo de legisladores calific\u00f3 su reconocimiento como \u00ablamentable\u00bb. Pamela David se encontr\u00f3 envuelta en\u00a0un esc\u00e1ndalo internacional tras recibir en Paraguay\u00a0un reconocimiento por parte del Director de Cultura, Enrique Castro Rodr\u00edguez. Los\u00a0legisladores paraguayos se enteraron de la noticia..."}

Escándalo institucional en Paraguay con Pamela David - MinutoSantaFe.ar

<blockquote class="wp-embedded-content" data-secret="QU8V2gI7n0"><a href="https://minutosantafe.ar/escandalo-institucional-en-paraguay-con-pamela-david/">Escándalo institucional en Paraguay con Pamela David</a></blockquote><iframe sandbox="allow-scripts" security="restricted" src="https://minutosantafe.ar/escandalo-institucional-en-paraguay-con-pamela-david/embed/#?secret=QU8V2gI7n0" width="600" height="338" title="«Escándalo institucional en Paraguay con Pamela David» — MinutoSantaFe.ar" data-secret="QU8V2gI7n0" frameborder="0" marginwidth="0" marginheight="0" scrolling="no" class="wp-embedded-content"></iframe><script>
/*! This file is auto-generated */
!function(d,l){"use strict";l.querySelector&&d.addEventListener&&"undefined"!=typeof URL&&(d.wp=d.wp||{},d.wp.receiveEmbedMessage||(d.wp.receiveEmbedMessage=function(e){var t=e.data;if((t||t.secret||t.message||t.value)&&!/[^a-zA-Z0-9]/.test(t.secret)){for(var s,r,n,a=l.querySelectorAll('iframe[data-secret="'+t.secret+'"]'),o=l.querySelectorAll('blockquote[data-secret="'+t.secret+'"]'),c=new RegExp("^https?:$","i"),i=0;i<o.length;i++)o[i].style.display="none";for(i=0;i<a.length;i++)s=a[i],e.source===s.contentWindow&&(s.removeAttribute("style"),"height"===t.message?(1e3<(r=parseInt(t.value,10))?r=1e3:~~r<200&&(r=200),s.height=r):"link"===t.message&&(r=new URL(s.getAttribute("src")),n=new URL(t.value),c.test(n.protocol))&&n.host===r.host&&l.activeElement===s&&(d.top.location.href=t.value))}},d.addEventListener("message",d.wp.receiveEmbedMessage,!1),l.addEventListener("DOMContentLoaded",function(){for(var e,t,s=l.querySelectorAll("iframe.wp-embedded-content"),r=0;r<s.length;r++)(t=(e=s[r]).getAttribute("data-secret"))||(t=Math.random().toString(36).substring(2,12),e.src+="#?secret="+t,e.setAttribute("data-secret",t)),e.contentWindow.postMessage({message:"ready",secret:t},"*")},!1)))}(window,document);
//# sourceURL=https://minutosantafe.ar/%77%70%2d%69%6e%63%6c%75%64%65%73/js/wp-embed.min.js
</script>

La conductora recibió una distinción en el Congreso del país vecino, pero un grupo de legisladores calificó su reconocimiento como «lamentable». Pamela David se encontró envuelta en un escándalo internacional tras recibir en Paraguay un reconocimiento por parte del Director de Cultura, Enrique Castro Rodríguez. Los legisladores paraguayos se enteraron de la noticia...
