{"version":"1.0","provider_name":"MinutoSantaFe.ar","provider_url":"https:\/\/minutosantafe.ar","author_name":"Editor","author_url":"https:\/\/minutosantafe.ar\/author\/editor\/","title":"Escap\u00f3 del barco y pidi\u00f3 asilo pol\u00edtico - MinutoSantaFe.ar","type":"rich","width":600,"height":338,"html":"<blockquote class=\"wp-embedded-content\" data-secret=\"Bbd6cvznab\"><a href=\"https:\/\/minutosantafe.ar\/escapo-del-barco-y-pidio-asilo-politico\/\">Escap\u00f3 del barco y pidi\u00f3 asilo pol\u00edtico<\/a><\/blockquote><iframe sandbox=\"allow-scripts\" security=\"restricted\" src=\"https:\/\/minutosantafe.ar\/escapo-del-barco-y-pidio-asilo-politico\/embed\/#?secret=Bbd6cvznab\" width=\"600\" height=\"338\" title=\"\u00abEscap\u00f3 del barco y pidi\u00f3 asilo pol\u00edtico\u00bb \u2014 MinutoSantaFe.ar\" data-secret=\"Bbd6cvznab\" frameborder=\"0\" marginwidth=\"0\" marginheight=\"0\" scrolling=\"no\" class=\"wp-embedded-content\"><\/iframe><script type=\"text\/javascript\">\n\/* <![CDATA[ *\/\n\/*! This file is auto-generated *\/\n!function(d,l){\"use strict\";l.querySelector&&d.addEventListener&&\"undefined\"!=typeof URL&&(d.wp=d.wp||{},d.wp.receiveEmbedMessage||(d.wp.receiveEmbedMessage=function(e){var t=e.data;if((t||t.secret||t.message||t.value)&&!\/[^a-zA-Z0-9]\/.test(t.secret)){for(var s,r,n,a=l.querySelectorAll('iframe[data-secret=\"'+t.secret+'\"]'),o=l.querySelectorAll('blockquote[data-secret=\"'+t.secret+'\"]'),c=new RegExp(\"^https?:$\",\"i\"),i=0;i<o.length;i++)o[i].style.display=\"none\";for(i=0;i<a.length;i++)s=a[i],e.source===s.contentWindow&&(s.removeAttribute(\"style\"),\"height\"===t.message?(1e3<(r=parseInt(t.value,10))?r=1e3:~~r<200&&(r=200),s.height=r):\"link\"===t.message&&(r=new URL(s.getAttribute(\"src\")),n=new URL(t.value),c.test(n.protocol))&&n.host===r.host&&l.activeElement===s&&(d.top.location.href=t.value))}},d.addEventListener(\"message\",d.wp.receiveEmbedMessage,!1),l.addEventListener(\"DOMContentLoaded\",function(){for(var e,t,s=l.querySelectorAll(\"iframe.wp-embedded-content\"),r=0;r<s.length;r++)(t=(e=s[r]).getAttribute(\"data-secret\"))||(t=Math.random().toString(36).substring(2,12),e.src+=\"#?secret=\"+t,e.setAttribute(\"data-secret\",t)),e.contentWindow.postMessage({message:\"ready\",secret:t},\"*\")},!1)))}(window,document);\n\/\/# sourceURL=https:\/\/minutosantafe.ar\/%77%70%2d%69%6e%63%6c%75%64%65%73\/js\/wp-embed.min.js\n\/* ]]> *\/\n<\/script>\n","thumbnail_url":"https:\/\/minutosantafe.ar\/wp-content\/uploads\/2025\/05\/939339-emilio-jaton_0.jpg","thumbnail_width":700,"thumbnail_height":467,"description":"Un marinero refugiado El secretario de Derechos Humanos de Santa Fe, Emilio Jat\u00f3n, habl\u00f3 con el refugiado.. Imagen: Imagen web Wassan Ali, el marinero sirio de 36 a\u00f1os, que se ausent\u00f3 la \u00faltima semana del barco donde trabajaba en Puerto San Mart\u00edn, apareci\u00f3 en la ciudad de Santa Fe donde..."}

Escapó del barco y pidió asilo político - MinutoSantaFe.ar

<blockquote class="wp-embedded-content" data-secret="Bbd6cvznab"><a href="https://minutosantafe.ar/escapo-del-barco-y-pidio-asilo-politico/">Escapó del barco y pidió asilo político</a></blockquote><iframe sandbox="allow-scripts" security="restricted" src="https://minutosantafe.ar/escapo-del-barco-y-pidio-asilo-politico/embed/#?secret=Bbd6cvznab" width="600" height="338" title="«Escapó del barco y pidió asilo político» — MinutoSantaFe.ar" data-secret="Bbd6cvznab" frameborder="0" marginwidth="0" marginheight="0" scrolling="no" class="wp-embedded-content"></iframe><script type="text/javascript">
/* <![CDATA[ */
/*! This file is auto-generated */
!function(d,l){"use strict";l.querySelector&&d.addEventListener&&"undefined"!=typeof URL&&(d.wp=d.wp||{},d.wp.receiveEmbedMessage||(d.wp.receiveEmbedMessage=function(e){var t=e.data;if((t||t.secret||t.message||t.value)&&!/[^a-zA-Z0-9]/.test(t.secret)){for(var s,r,n,a=l.querySelectorAll('iframe[data-secret="'+t.secret+'"]'),o=l.querySelectorAll('blockquote[data-secret="'+t.secret+'"]'),c=new RegExp("^https?:$","i"),i=0;i<o.length;i++)o[i].style.display="none";for(i=0;i<a.length;i++)s=a[i],e.source===s.contentWindow&&(s.removeAttribute("style"),"height"===t.message?(1e3<(r=parseInt(t.value,10))?r=1e3:~~r<200&&(r=200),s.height=r):"link"===t.message&&(r=new URL(s.getAttribute("src")),n=new URL(t.value),c.test(n.protocol))&&n.host===r.host&&l.activeElement===s&&(d.top.location.href=t.value))}},d.addEventListener("message",d.wp.receiveEmbedMessage,!1),l.addEventListener("DOMContentLoaded",function(){for(var e,t,s=l.querySelectorAll("iframe.wp-embedded-content"),r=0;r<s.length;r++)(t=(e=s[r]).getAttribute("data-secret"))||(t=Math.random().toString(36).substring(2,12),e.src+="#?secret="+t,e.setAttribute("data-secret",t)),e.contentWindow.postMessage({message:"ready",secret:t},"*")},!1)))}(window,document);
//# sourceURL=https://minutosantafe.ar/%77%70%2d%69%6e%63%6c%75%64%65%73/js/wp-embed.min.js
/* ]]> */
</script>

Un marinero refugiado El secretario de Derechos Humanos de Santa Fe, Emilio Jatón, habló con el refugiado.. Imagen: Imagen web Wassan Ali, el marinero sirio de 36 años, que se ausentó la última semana del barco donde trabajaba en Puerto San Martín, apareció en la ciudad de Santa Fe donde...
