{"version":"1.0","provider_name":"MinutoSantaFe.ar","provider_url":"https:\/\/minutosantafe.ar","author_name":"Editor","author_url":"https:\/\/minutosantafe.ar\/author\/editor\/","title":"Espionaje ilegal: los di\u00e1logos que comprometen a Mauricio Macri - MinutoSantaFe.ar","type":"rich","width":600,"height":338,"html":"<blockquote class=\"wp-embedded-content\" data-secret=\"SKH0SbLQZv\"><a href=\"https:\/\/minutosantafe.ar\/espionaje-ilegal-los-dialogos-que-comprometen-a-mauricio-macri\/\">Espionaje ilegal: los di\u00e1logos que comprometen a Mauricio Macri<\/a><\/blockquote><iframe sandbox=\"allow-scripts\" security=\"restricted\" src=\"https:\/\/minutosantafe.ar\/espionaje-ilegal-los-dialogos-que-comprometen-a-mauricio-macri\/embed\/#?secret=SKH0SbLQZv\" width=\"600\" height=\"338\" title=\"\u00abEspionaje ilegal: los di\u00e1logos que comprometen a Mauricio Macri\u00bb \u2014 MinutoSantaFe.ar\" data-secret=\"SKH0SbLQZv\" frameborder=\"0\" marginwidth=\"0\" marginheight=\"0\" scrolling=\"no\" class=\"wp-embedded-content\"><\/iframe><script>\n\/*! This file is auto-generated *\/\n!function(d,l){\"use strict\";l.querySelector&&d.addEventListener&&\"undefined\"!=typeof URL&&(d.wp=d.wp||{},d.wp.receiveEmbedMessage||(d.wp.receiveEmbedMessage=function(e){var t=e.data;if((t||t.secret||t.message||t.value)&&!\/[^a-zA-Z0-9]\/.test(t.secret)){for(var s,r,n,a=l.querySelectorAll('iframe[data-secret=\"'+t.secret+'\"]'),o=l.querySelectorAll('blockquote[data-secret=\"'+t.secret+'\"]'),c=new RegExp(\"^https?:$\",\"i\"),i=0;i<o.length;i++)o[i].style.display=\"none\";for(i=0;i<a.length;i++)s=a[i],e.source===s.contentWindow&&(s.removeAttribute(\"style\"),\"height\"===t.message?(1e3<(r=parseInt(t.value,10))?r=1e3:~~r<200&&(r=200),s.height=r):\"link\"===t.message&&(r=new URL(s.getAttribute(\"src\")),n=new URL(t.value),c.test(n.protocol))&&n.host===r.host&&l.activeElement===s&&(d.top.location.href=t.value))}},d.addEventListener(\"message\",d.wp.receiveEmbedMessage,!1),l.addEventListener(\"DOMContentLoaded\",function(){for(var e,t,s=l.querySelectorAll(\"iframe.wp-embedded-content\"),r=0;r<s.length;r++)(t=(e=s[r]).getAttribute(\"data-secret\"))||(t=Math.random().toString(36).substring(2,12),e.src+=\"#?secret=\"+t,e.setAttribute(\"data-secret\",t)),e.contentWindow.postMessage({message:\"ready\",secret:t},\"*\")},!1)))}(window,document);\n\/\/# sourceURL=https:\/\/minutosantafe.ar\/%77%70%2d%69%6e%63%6c%75%64%65%73\/js\/wp-embed.min.js\n<\/script>\n","thumbnail_url":"https:\/\/i0.wp.com\/minutosantafe.ar\/wp-content\/uploads\/2020\/06\/whatsapp-20image-202020-06-26-20at-209-33-40-20am.jpeg?fit=960%2C640&ssl=1","thumbnail_width":960,"thumbnail_height":640,"description":"En la causa que tramita el juez Federico Villena hay registros de charlas en las cuales la exfuncionaria Susana Martinengo le dice al esp\u00eda Jorge Saez que ella le entrega los informes de los seguimientos clandestinos a Dar\u00edo Nieto, el secretario privado del exmandatario. &nbsp; -Dale, dale, si vos ten\u00e9s..."}

Espionaje ilegal: los diálogos que comprometen a Mauricio Macri - MinutoSantaFe.ar

<blockquote class="wp-embedded-content" data-secret="SKH0SbLQZv"><a href="https://minutosantafe.ar/espionaje-ilegal-los-dialogos-que-comprometen-a-mauricio-macri/">Espionaje ilegal: los diálogos que comprometen a Mauricio Macri</a></blockquote><iframe sandbox="allow-scripts" security="restricted" src="https://minutosantafe.ar/espionaje-ilegal-los-dialogos-que-comprometen-a-mauricio-macri/embed/#?secret=SKH0SbLQZv" width="600" height="338" title="«Espionaje ilegal: los diálogos que comprometen a Mauricio Macri» — MinutoSantaFe.ar" data-secret="SKH0SbLQZv" frameborder="0" marginwidth="0" marginheight="0" scrolling="no" class="wp-embedded-content"></iframe><script>
/*! This file is auto-generated */
!function(d,l){"use strict";l.querySelector&&d.addEventListener&&"undefined"!=typeof URL&&(d.wp=d.wp||{},d.wp.receiveEmbedMessage||(d.wp.receiveEmbedMessage=function(e){var t=e.data;if((t||t.secret||t.message||t.value)&&!/[^a-zA-Z0-9]/.test(t.secret)){for(var s,r,n,a=l.querySelectorAll('iframe[data-secret="'+t.secret+'"]'),o=l.querySelectorAll('blockquote[data-secret="'+t.secret+'"]'),c=new RegExp("^https?:$","i"),i=0;i<o.length;i++)o[i].style.display="none";for(i=0;i<a.length;i++)s=a[i],e.source===s.contentWindow&&(s.removeAttribute("style"),"height"===t.message?(1e3<(r=parseInt(t.value,10))?r=1e3:~~r<200&&(r=200),s.height=r):"link"===t.message&&(r=new URL(s.getAttribute("src")),n=new URL(t.value),c.test(n.protocol))&&n.host===r.host&&l.activeElement===s&&(d.top.location.href=t.value))}},d.addEventListener("message",d.wp.receiveEmbedMessage,!1),l.addEventListener("DOMContentLoaded",function(){for(var e,t,s=l.querySelectorAll("iframe.wp-embedded-content"),r=0;r<s.length;r++)(t=(e=s[r]).getAttribute("data-secret"))||(t=Math.random().toString(36).substring(2,12),e.src+="#?secret="+t,e.setAttribute("data-secret",t)),e.contentWindow.postMessage({message:"ready",secret:t},"*")},!1)))}(window,document);
//# sourceURL=https://minutosantafe.ar/%77%70%2d%69%6e%63%6c%75%64%65%73/js/wp-embed.min.js
</script>

En la causa que tramita el juez Federico Villena hay registros de charlas en las cuales la exfuncionaria Susana Martinengo le dice al espía Jorge Saez que ella le entrega los informes de los seguimientos clandestinos a Darío Nieto, el secretario privado del exmandatario. &nbsp; -Dale, dale, si vos tenés...
