{"version":"1.0","provider_name":"MinutoSantaFe.ar","provider_url":"https:\/\/minutosantafe.ar","author_name":"Editor","author_url":"https:\/\/minutosantafe.ar\/author\/editor\/","title":"Esta noche a las 21 - MinutoSantaFe.ar","type":"rich","width":600,"height":338,"html":"<blockquote class=\"wp-embedded-content\" data-secret=\"i19G69EUiI\"><a href=\"https:\/\/minutosantafe.ar\/esta-noche-a-las-21\/\">Esta noche a las 21<\/a><\/blockquote><iframe sandbox=\"allow-scripts\" security=\"restricted\" src=\"https:\/\/minutosantafe.ar\/esta-noche-a-las-21\/embed\/#?secret=i19G69EUiI\" width=\"600\" height=\"338\" title=\"\u00abEsta noche a las 21\u00bb \u2014 MinutoSantaFe.ar\" data-secret=\"i19G69EUiI\" frameborder=\"0\" marginwidth=\"0\" marginheight=\"0\" scrolling=\"no\" class=\"wp-embedded-content\"><\/iframe><script>\n\/*! This file is auto-generated *\/\n!function(d,l){\"use strict\";l.querySelector&&d.addEventListener&&\"undefined\"!=typeof URL&&(d.wp=d.wp||{},d.wp.receiveEmbedMessage||(d.wp.receiveEmbedMessage=function(e){var t=e.data;if((t||t.secret||t.message||t.value)&&!\/[^a-zA-Z0-9]\/.test(t.secret)){for(var s,r,n,a=l.querySelectorAll('iframe[data-secret=\"'+t.secret+'\"]'),o=l.querySelectorAll('blockquote[data-secret=\"'+t.secret+'\"]'),c=new RegExp(\"^https?:$\",\"i\"),i=0;i<o.length;i++)o[i].style.display=\"none\";for(i=0;i<a.length;i++)s=a[i],e.source===s.contentWindow&&(s.removeAttribute(\"style\"),\"height\"===t.message?(1e3<(r=parseInt(t.value,10))?r=1e3:~~r<200&&(r=200),s.height=r):\"link\"===t.message&&(r=new URL(s.getAttribute(\"src\")),n=new URL(t.value),c.test(n.protocol))&&n.host===r.host&&l.activeElement===s&&(d.top.location.href=t.value))}},d.addEventListener(\"message\",d.wp.receiveEmbedMessage,!1),l.addEventListener(\"DOMContentLoaded\",function(){for(var e,t,s=l.querySelectorAll(\"iframe.wp-embedded-content\"),r=0;r<s.length;r++)(t=(e=s[r]).getAttribute(\"data-secret\"))||(t=Math.random().toString(36).substring(2,12),e.src+=\"#?secret=\"+t,e.setAttribute(\"data-secret\",t)),e.contentWindow.postMessage({message:\"ready\",secret:t},\"*\")},!1)))}(window,document);\n\/\/# sourceURL=https:\/\/minutosantafe.ar\/%77%70%2d%69%6e%63%6c%75%64%65%73\/js\/wp-embed.min.js\n<\/script>\n","thumbnail_url":"https:\/\/minutosantafe.ar\/%77%70%2d%63%6f%6e%74%65%6e%74\/uploads\/2025\/12\/lali-esposito-hablo-de-su-situacion-economica-e-onh4xsrwjnh47cpabj7cwbtbxu-1.webp","thumbnail_width":1140,"thumbnail_height":760,"description":"Lali Esp\u00f3sito cierra 2025 en V\u00e9lez: cifras y r\u00e9cords de una de las protagonistas del a\u00f1o La artista ser\u00e1 la \u00fanica en agotar 5 recitales este a\u00f1o. Por\u00a0Jorgelina Rocca miranda lali esposito\u00a0FOTO ALEJANDRO LEIVA recital miranda lali esposito ferro\u00a0(ALEJANDRO LEIVA) El Estadio Amalfitani ser\u00e1 sede, nuevamente, de la gira\u00a0No vayas..."}

Lali Espósito cierra 2025 en Vélez: cifras y récords de una de las protagonistas del año La artista será la única en agotar 5 recitales este año. Por Jorgelina Rocca miranda lali esposito FOTO ALEJANDRO LEIVA recital miranda lali esposito ferro (ALEJANDRO LEIVA) El Estadio Amalfitani será sede, nuevamente, de la gira No vayas...
