{"version":"1.0","provider_name":"MinutoSantaFe.ar","provider_url":"https:\/\/minutosantafe.ar","author_name":"Editor","author_url":"https:\/\/minutosantafe.ar\/author\/editor\/","title":"Evacuan periodistas por el aumento de violencia en Bolivia - MinutoSantaFe.ar","type":"rich","width":600,"height":338,"html":"<blockquote class=\"wp-embedded-content\" data-secret=\"XLOS4D8qGL\"><a href=\"https:\/\/minutosantafe.ar\/evacuan-periodistas-por-el-aumento-de-violencia-en-bolivia\/\">Evacuan periodistas por el aumento de violencia en Bolivia<\/a><\/blockquote><iframe sandbox=\"allow-scripts\" security=\"restricted\" src=\"https:\/\/minutosantafe.ar\/evacuan-periodistas-por-el-aumento-de-violencia-en-bolivia\/embed\/#?secret=XLOS4D8qGL\" width=\"600\" height=\"338\" title=\"\u00abEvacuan periodistas por el aumento de violencia en Bolivia\u00bb \u2014 MinutoSantaFe.ar\" data-secret=\"XLOS4D8qGL\" frameborder=\"0\" marginwidth=\"0\" marginheight=\"0\" scrolling=\"no\" class=\"wp-embedded-content\"><\/iframe><script>\n\/*! This file is auto-generated *\/\n!function(d,l){\"use strict\";l.querySelector&&d.addEventListener&&\"undefined\"!=typeof URL&&(d.wp=d.wp||{},d.wp.receiveEmbedMessage||(d.wp.receiveEmbedMessage=function(e){var t=e.data;if((t||t.secret||t.message||t.value)&&!\/[^a-zA-Z0-9]\/.test(t.secret)){for(var s,r,n,a=l.querySelectorAll('iframe[data-secret=\"'+t.secret+'\"]'),o=l.querySelectorAll('blockquote[data-secret=\"'+t.secret+'\"]'),c=new RegExp(\"^https?:$\",\"i\"),i=0;i<o.length;i++)o[i].style.display=\"none\";for(i=0;i<a.length;i++)s=a[i],e.source===s.contentWindow&&(s.removeAttribute(\"style\"),\"height\"===t.message?(1e3<(r=parseInt(t.value,10))?r=1e3:~~r<200&&(r=200),s.height=r):\"link\"===t.message&&(r=new URL(s.getAttribute(\"src\")),n=new URL(t.value),c.test(n.protocol))&&n.host===r.host&&l.activeElement===s&&(d.top.location.href=t.value))}},d.addEventListener(\"message\",d.wp.receiveEmbedMessage,!1),l.addEventListener(\"DOMContentLoaded\",function(){for(var e,t,s=l.querySelectorAll(\"iframe.wp-embedded-content\"),r=0;r<s.length;r++)(t=(e=s[r]).getAttribute(\"data-secret\"))||(t=Math.random().toString(36).substring(2,12),e.src+=\"#?secret=\"+t,e.setAttribute(\"data-secret\",t)),e.contentWindow.postMessage({message:\"ready\",secret:t},\"*\")},!1)))}(window,document);\n\/\/# sourceURL=https:\/\/minutosantafe.ar\/%77%70%2d%69%6e%63%6c%75%64%65%73\/js\/wp-embed.min.js\n<\/script>\n","thumbnail_url":"https:\/\/i0.wp.com\/minutosantafe.ar\/wp-content\/uploads\/2019\/11\/1573502877396.jpeg?fit=790%2C444&ssl=1","thumbnail_width":790,"thumbnail_height":444,"description":"Un camar\u00f3grafo de Telef\u00e9 relat\u00f3 c\u00f3mo fueron evacuados de La Paz a El Alto, ante el recrudecimiento de la represi\u00f3n. La tensi\u00f3n en Bolivia no cesa y los periodistas, enviados especiales, debieron ser evacuados de la ciudad de La Paz ante el recrudecimiento de la violencia. As\u00ed lo relat\u00f3 un..."}

Un camarógrafo de Telefé relató cómo fueron evacuados de La Paz a El Alto, ante el recrudecimiento de la represión. La tensión en Bolivia no cesa y los periodistas, enviados especiales, debieron ser evacuados de la ciudad de La Paz ante el recrudecimiento de la violencia. Así lo relató un...
